-- Table structure for table `microeye_country`
--

CREATE TABLE `microeye_country` (
  `C_ID` int(11) NOT NULL AUTO_INCREMENT,
  `COUNTRY_NAME` varchar(45) DEFAULT NULL,
  `CREATED` timestamp NULL DEFAULT CURRENT_TIMESTAMP,
  PRIMARY KEY (`C_ID`)
) ENGINE=InnoDB AUTO_INCREMENT=2 DEFAULT CHARSET=utf8;

--
-- Dumping data for table `microeye_country`
--

INSERT INTO `microeye_country` VALUES (1,'Pakistan','2018-05-14 08:05:34');

--
-- Table structure for table `microeye_district`
--

CREATE TABLE `microeye_district` (
  `D_ID` int(11) NOT NULL AUTO_INCREMENT,
  `DISTRICT_NAME` varchar(45) DEFAULT NULL,
  `CREATED` timestamp NULL DEFAULT CURRENT_TIMESTAMP,
  `P_ID` int(11) NOT NULL,
  PRIMARY KEY (`D_ID`),
  KEY `P_ID_idx` (`P_ID`),
  CONSTRAINT `P_ID` FOREIGN KEY (`P_ID`) REFERENCES `microeye_province` (`P_ID`) ON DELETE NO ACTION ON UPDATE NO ACTION
) ENGINE=InnoDB AUTO_INCREMENT=92 DEFAULT CHARSET=utf8;

--
-- Dumping data for table `microeye_district`
--

INSERT INTO `microeye_district` VALUES (1,'Lahore','2018-05-14 11:52:14',2),(2,'Rawalpindi','2018-05-14 13:58:04',2),(3,'Vehari','2018-05-15 13:22:02',2),(4,'Rajanpur','2018-05-15 13:22:12',2),(5,'Muzaffargarh','2018-05-15 13:22:22',2),(6,'Karachi','2018-05-15 15:05:33',3),(7,'Hyderabad','2018-05-15 15:05:40',3),(8,'Attock','2018-05-15 15:32:49',2),(9,'Bahawalnagar','2018-05-15 15:34:06',2),(10,'Chakwal','2018-05-15 15:34:16',2),(11,'Chiniot','2018-05-15 15:34:42',2),(13,'Bahawalpur','2018-05-15 15:35:04',2),(14,'Faisalabad','2018-05-15 15:35:16',2),(15,'Jhang','2018-05-15 15:35:27',2),(16,'Gujranwala','2018-05-15 15:35:36',2),(17,'Shaikhupura','2018-05-15 15:36:00',2),(18,'Gujrat','2018-05-15 15:36:26',2),(19,'Hafizabad','2018-05-15 15:36:40',2),(20,'Jhelum','2018-05-15 15:36:50',2),(21,'Kasur','2018-05-15 15:36:59',2),(22,'Khanewal','2018-05-15 15:37:08',2),(23,'Mandi Bahauddin','2018-05-15 15:37:36',2),(24,'Manshera','2018-05-15 15:37:52',13),(25,'D. G. Khan','2018-05-15 15:38:07',2),(26,'Multan','2018-05-15 15:38:19',2),(27,'Nankana Sahib','2018-05-15 15:53:20',2),(28,'Nowshera','2018-05-15 15:53:37',13),(29,'Okara','2018-05-15 15:53:50',2),(30,'Pakpattan','2018-05-15 15:54:09',2),(31,'Peshawar','2018-05-15 15:54:22',13),(32,'Ghizar','2018-05-15 15:58:38',5),(33,'Abbottabad','2018-05-15 15:58:57',13),(34,'Gilgit','2018-05-15 16:00:18',5),(35,'Sahiwal','2018-05-15 16:00:52',2),(36,'Sukkur','2018-05-15 16:01:09',3),(37,'sargodha','2018-05-15 16:01:23',2),(38,'Sialkot','2018-05-15 16:03:07',2),(39,'Toba Tek Singh','2018-05-15 16:03:30',2),(40,'mardan','2018-05-15 16:04:26',13),(41,'Malakand','2018-05-15 16:04:33',13),(42,'Mirpur','2018-05-15 16:04:41',7),(43,'Astore','2018-05-15 16:04:49',5),(44,'Hunza','2018-05-15 16:04:55',5),(45,'Narowal','2018-05-15 16:07:12',2),(46,'Khushab','2018-05-15 16:07:44',2),(47,'Mianwali','2018-05-15 16:07:59',2),(48,'Bhakkar','2018-05-15 16:08:07',2),(49,'Hari pur','2018-05-15 16:08:42',13),(50,'Swat','2018-05-15 16:08:54',13),(51,'Sawabi','2018-05-15 16:09:04',13),(52,'Quetta','2018-05-15 16:09:17',4),(53,'Layyah','2018-05-15 16:10:12',2),(54,'Rahim Yar Khan','2018-05-15 16:10:22',2),(55,'Khairpur','2018-05-15 16:10:39',3),(56,'Islamabad','2018-05-15 16:12:38',8),(57,'Diamer','2018-05-15 16:13:22',5),(58,'Jacobabad','2018-05-15 16:14:09',3),(59,'Skardu','2018-05-15 16:14:21',5),(60,'Shigar','2018-05-15 16:14:42',5),(61,'Charsadda','2018-05-15 16:15:11',13),(62,'Kohat','2018-05-15 16:15:33',13),(63,'Lodhran','2018-05-15 16:15:49',2),(64,'Tharparkar','2018-05-15 16:15:58',3),(65,'Luky Marwat','2018-05-15 16:16:44',13),(66,'Bannu','2018-05-15 16:16:52',13),(67,'Muzaffarabad','2018-05-15 16:17:29',7),(68,'Ghanchei','2018-05-15 16:18:00',5),(69,'Mirpur Khas','2018-05-15 16:18:57',3),(70,'Thatha','2018-05-15 16:19:34',3),(71,'Bajaur Agency','2018-05-15 16:20:03',6),(72,'Khyber Agency','2018-05-15 16:20:12',6),(73,'Mohmand Agency','2018-05-15 16:20:21',6),(74,'Kurram Agency','2018-05-15 16:20:30',6),(75,'Orakzai Agency','2018-05-15 16:20:41',6),(76,'Tando Allahyar','2018-05-15 16:23:52',3),(77,'Batgram','2018-05-15 16:24:06',13),(78,'North Waziristan Agency','2018-05-15 16:24:27',13),(79,'Tank','2018-05-15 16:24:56',6),(80,'D.I. Khan','2018-05-15 16:26:46',13),(81,'Shakargharh','2018-05-15 16:28:55',2),(82,'Muredkay','2018-05-15 16:29:11',2),(83,'Sibi','2018-05-15 16:30:40',4),(84,'Kharmang','2018-05-15 16:31:18',5),(85,'Nagar','2018-05-15 16:31:31',5),(86,'Badin','2018-05-18 06:04:01',3),(87,'Ghotki','2018-05-18 09:58:11',3),(89,'Jamshoro','2018-05-18 10:20:45',3),(90,'Larkana','2018-05-18 11:11:11',3),(91,'Matiari','2018-05-18 11:13:03',3);

--
-- Table structure for table `microeye_file_details`
--

CREATE TABLE `microeye_file_details` (
  `FILE_ID` int(11) NOT NULL,
  `FILE_NAME` varchar(100) NOT NULL,
  `PATH` varchar(200) DEFAULT NULL,
  `TOTAL_LINES` int(11) DEFAULT NULL,
  `SIZE_BYTE` varchar(50) DEFAULT NULL,
  `CREATED` timestamp NOT NULL DEFAULT CURRENT_TIMESTAMP,
  `CREATED_BY` varchar(50) DEFAULT NULL,
  `STATUS` int(11) DEFAULT '0',
  `LAST_UPDATED` timestamp NULL DEFAULT NULL,
  `ORG_NAME` varchar(250) NOT NULL,
  `YEAR` varchar(15) NOT NULL,
  PRIMARY KEY (`FILE_ID`)
) ENGINE=InnoDB DEFAULT CHARSET=utf8;

--
-- Dumping data for table `microeye_file_details`
--

INSERT INTO `microeye_file_details` VALUES (1,'AGAHE_2017.xls','D:/MicroeyeFiles/OrgArchives/2017/AGAHE_2017.xls',1000,'69120','2018-05-17 06:10:19','admin',0,NULL,'AGAHE','2017'),(3,'Akhuwat_2017.xls','D:/MicroeyeFiles/OrgArchives/2017/Akhuwat_2017.xls',1000,'225280','2018-05-17 10:29:00','admin',0,NULL,'Akhuwat','2017'),(4,'ASA_2017.xls','D:/MicroeyeFiles/OrgArchives/2017/ASA_2017.xls',1000,'142848','2018-05-18 09:47:08','admin',0,NULL,'ASA','2017'),(5,'Advance_2017.xls','D:/MicroeyeFiles/OrgArchives/2017/Advance_2017.xls',1000,'67584','2018-05-22 10:26:54','admin',0,NULL,'Advance','2017');

--
-- Table structure for table `microeye_file_details_del`
--

CREATE TABLE `microeye_file_details_del` (
  `FD_ID` int(11) NOT NULL AUTO_INCREMENT,
  `FILE_ID` int(11) NOT NULL,
  `FILE_NAME` varchar(100) DEFAULT NULL,
  `PATH` varchar(200) DEFAULT NULL,
  `TOTAL_LINES` int(11) DEFAULT NULL,
  `SIZE_BYTE` varchar(50) DEFAULT NULL,
  `CREATED` timestamp NULL DEFAULT NULL,
  `CREATED_BY` varchar(50) DEFAULT NULL,
  `STATUS` int(11) DEFAULT '0',
  `LAST_UPDATED` timestamp NULL DEFAULT NULL,
  `ORG_NAME` varchar(250) DEFAULT NULL,
  `YEAR` varchar(15) DEFAULT NULL,
  `DELETE_DATE` timestamp NOT NULL DEFAULT '0000-00-00 00:00:00',
  `DELETE_BY` varchar(45) DEFAULT NULL,
  PRIMARY KEY (`FD_ID`)
) ENGINE=InnoDB AUTO_INCREMENT=82 DEFAULT CHARSET=utf8;

--
-- Dumping data for table `microeye_file_details_del`
--

INSERT INTO `microeye_file_details_del` VALUES (1,126,'AGAHE_2017.xls','D:/MicroeyeFiles/OrgArchives/2017/AGAHE_2017.xls',1000,'69120','2018-05-15 09:54:06','admin',0,NULL,'AGAHE','2017','0000-00-00 00:00:00','admin'),(2,126,'AGAHE_2017.xls','D:/MicroeyeFiles/OrgArchives/2017/AGAHE_2017.xls',1000,'69120','2018-05-15 09:54:06','admin',0,NULL,'AGAHE','2017','0000-00-00 00:00:00','admin'),(3,126,'AGAHE_2017.xls','D:/MicroeyeFiles/OrgArchives/2017/AGAHE_2017.xls',1000,'69120','2018-05-15 09:58:31','admin',0,NULL,'AGAHE','2017','0000-00-00 00:00:00','admin'),(4,126,'AGAHE_2017.xls','D:/MicroeyeFiles/OrgArchives/2017/AGAHE_2017.xls',1000,'69120','2018-05-15 10:40:55','admin',0,NULL,'AGAHE','2017','0000-00-00 00:00:00','admin'),(5,126,'AGAHE_2017.xls','D:/MicroeyeFiles/OrgArchives/2017/AGAHE_2017.xls',1000,'69120','2018-05-15 10:49:41','admin',0,NULL,'AGAHE','2017','0000-00-00 00:00:00','admin'),(6,126,'AGAHE_2017.xls','D:/MicroeyeFiles/OrgArchives/2017/AGAHE_2017.xls',1000,'69120','2018-05-15 10:58:27','admin',0,NULL,'AGAHE','2017','0000-00-00 00:00:00','admin'),(7,126,'AGAHE_2017.xls','D:/MicroeyeFiles/OrgArchives/2017/AGAHE_2017.xls',1000,'69120','2018-05-15 11:06:15','admin',0,NULL,'AGAHE','2017','0000-00-00 00:00:00','admin'),(8,126,'AGAHE_2017.xls','D:/MicroeyeFiles/OrgArchives/2017/AGAHE_2017.xls',1000,'67584','2018-05-15 11:07:53','admin',0,NULL,'AGAHE','2017','0000-00-00 00:00:00','admin'),(9,126,'AGAHE_2017.xls','D:/MicroeyeFiles/OrgArchives/2017/AGAHE_2017.xls',1000,'76288','2018-05-15 13:12:46','admin',0,NULL,'AGAHE','2017','0000-00-00 00:00:00','admin'),(10,126,'AGAHE_2017.xls','D:/MicroeyeFiles/OrgArchives/2017/AGAHE_2017.xls',1000,'76288','2018-05-15 13:15:54','admin',0,NULL,'AGAHE','2017','0000-00-00 00:00:00','admin'),(11,126,'AGAHE_2017.xls','D:/MicroeyeFiles/OrgArchives/2017/AGAHE_2017.xls',1000,'76288','2018-05-15 13:37:00','admin',0,NULL,'AGAHE','2017','0000-00-00 00:00:00','admin'),(12,126,'AGAHE_2017.xls','D:/MicroeyeFiles/OrgArchives/2017/AGAHE_2017.xls',1000,'76288','2018-05-15 13:37:00','admin',0,NULL,'AGAHE','2017','0000-00-00 00:00:00','admin'),(13,126,'AGAHE_2017.xls','D:/MicroeyeFiles/OrgArchives/2017/AGAHE_2017.xls',1000,'76288','2018-05-15 13:51:19','admin',0,NULL,'AGAHE','2017','0000-00-00 00:00:00','admin'),(14,126,'AGAHE_2017.xls','D:/MicroeyeFiles/OrgArchives/2017/AGAHE_2017.xls',1000,'76288','2018-05-15 13:53:44','admin',0,NULL,'AGAHE','2017','0000-00-00 00:00:00','admin'),(15,126,'AGAHE_2017.xls','D:/MicroeyeFiles/OrgArchives/2017/AGAHE_2017.xls',1000,'76288','2018-05-15 14:00:30','admin',0,NULL,'AGAHE','2017','0000-00-00 00:00:00','admin'),(16,126,'AGAHE_2017.xls','D:/MicroeyeFiles/OrgArchives/2017/AGAHE_2017.xls',1000,'76288','2018-05-15 14:03:18','admin',0,NULL,'AGAHE','2017','0000-00-00 00:00:00','admin'),(17,126,'AGAHE_2017.xls','D:/MicroeyeFiles/OrgArchives/2017/AGAHE_2017.xls',1000,'76288','2018-05-15 14:06:38','admin',0,NULL,'AGAHE','2017','0000-00-00 00:00:00','admin'),(18,126,'AGAHE_2017.xls','D:/MicroeyeFiles/OrgArchives/2017/AGAHE_2017.xls',1000,'76288','2018-05-15 14:08:19','admin',0,NULL,'AGAHE','2017','0000-00-00 00:00:00','admin'),(19,126,'AGAHE_2017.xls','D:/MicroeyeFiles/OrgArchives/2017/AGAHE_2017.xls',1000,'76288','2018-05-15 14:11:28','admin',0,NULL,'AGAHE','2017','0000-00-00 00:00:00','admin'),(20,126,'AGAHE_2017.xls','D:/MicroeyeFiles/OrgArchives/2017/AGAHE_2017.xls',1000,'76288','2018-05-15 14:13:56','admin',0,NULL,'AGAHE','2017','0000-00-00 00:00:00','admin'),(21,127,'Advance_2017.xls','D:/MicroeyeFiles/OrgArchives/2017/Advance_2017.xls',1000,'67584','2018-05-15 15:10:38','admin',0,NULL,'Advance','2017','0000-00-00 00:00:00','admin'),(22,127,'Advance_2017.xls','D:/MicroeyeFiles/OrgArchives/2017/Advance_2017.xls',1000,'67584','2018-05-15 15:19:54','admin',0,NULL,'Advance','2017','0000-00-00 00:00:00','admin'),(23,127,'Advance_2017.xls','D:/MicroeyeFiles/OrgArchives/2017/Advance_2017.xls',1000,'67584','2018-05-15 15:26:09','admin',0,NULL,'Advance','2017','0000-00-00 00:00:00','admin'),(24,127,'Advance_2017.xls','D:/MicroeyeFiles/OrgArchives/2017/Advance_2017.xls',1000,'67584','2018-05-15 15:28:59','admin',0,NULL,'Advance','2017','0000-00-00 00:00:00','admin'),(25,128,'Akhuwat_2017.xls','D:/MicroeyeFiles/OrgArchives/2017/Akhuwat_2017.xls',1000,'219648','2018-05-15 17:08:11','admin',0,NULL,'Akhuwat','2017','0000-00-00 00:00:00','admin'),(26,128,'Akhuwat_2017.xls','D:/MicroeyeFiles/OrgArchives/2017/Akhuwat_2017.xls',1000,'219648','2018-05-15 17:09:25','admin',0,NULL,'Akhuwat','2017','0000-00-00 00:00:00','admin'),(27,129,'ASA_2017.xls','D:/MicroeyeFiles/OrgArchives/2017/ASA_2017.xls',1000,'133632','2018-05-16 06:52:04','admin',0,NULL,'ASA','2017','0000-00-00 00:00:00','admin'),(28,129,'ASA_2017.xls','D:/MicroeyeFiles/OrgArchives/2017/ASA_2017.xls',1000,'133632','2018-05-16 06:53:05','admin',0,NULL,'ASA','2017','0000-00-00 00:00:00','admin'),(29,129,'ASA_2017.xls','D:/MicroeyeFiles/OrgArchives/2017/ASA_2017.xls',1000,'133632','2018-05-16 07:00:01','admin',0,NULL,'ASA','2017','0000-00-00 00:00:00','admin'),(30,129,'ASA_2017.xls','D:/MicroeyeFiles/OrgArchives/2017/ASA_2017.xls',1000,'141312','2018-05-16 07:26:41','admin',0,NULL,'ASA','2017','0000-00-00 00:00:00','admin'),(31,128,'Akhuwat_2017.xls','D:/MicroeyeFiles/OrgArchives/2017/Akhuwat_2017.xls',1000,'219648','2018-05-15 17:10:30','admin',0,NULL,'Akhuwat','2017','0000-00-00 00:00:00','admin'),(32,126,'AGAHE_2017.xls','D:/MicroeyeFiles/OrgArchives/2017/AGAHE_2017.xls',1000,'76288','2018-05-15 14:23:23','admin',0,NULL,'AGAHE','2017','0000-00-00 00:00:00','admin'),(33,127,'Advance_2017.xls','D:/MicroeyeFiles/OrgArchives/2017/Advance_2017.xls',1000,'67584','2018-05-15 15:31:05','admin',0,NULL,'Advance','2017','0000-00-00 00:00:00','admin'),(34,4,'ASA_2017.xls','D:/MicroeyeFiles/OrgArchives/2017/ASA_2017.xls',1000,'141312','2018-05-16 07:35:05','admin',0,NULL,'ASA','2017','0000-00-00 00:00:00','admin'),(35,3,'Akhuwat_2017.xls','D:/MicroeyeFiles/OrgArchives/2017/Akhuwat_2017.xls',1000,'219648','2018-05-16 07:32:58','admin',0,NULL,'Akhuwat','2017','0000-00-00 00:00:00','admin'),(36,3,'Akhuwat_2017.xls','D:/MicroeyeFiles/OrgArchives/2017/Akhuwat_2017.xls',1000,'219648','2018-05-16 08:14:59','admin',0,NULL,'Akhuwat','2017','0000-00-00 00:00:00','admin'),(37,1,'AGAHE_2017.xls','D:/MicroeyeFiles/OrgArchives/2017/AGAHE_2017.xls',1000,'76288','2018-05-16 07:30:18','admin',0,NULL,'AGAHE','2017','0000-00-00 00:00:00','admin'),(38,2,'Advance_2017.xls','D:/MicroeyeFiles/OrgArchives/2017/Advance_2017.xls',1000,'67584','2018-05-16 07:32:08','admin',0,NULL,'Advance','2017','0000-00-00 00:00:00','admin'),(39,1,'AGAHE_2017.xls','D:/MicroeyeFiles/OrgArchives/2017/AGAHE_2017.xls',1000,'76288','2018-05-16 10:37:23','admin',0,NULL,'AGAHE','2017','0000-00-00 00:00:00','admin'),(40,1,'AGAHE_2017.xls','D:/MicroeyeFiles/OrgArchives/2017/AGAHE_2017.xls',1000,'76288','2018-05-16 10:43:38','admin',0,NULL,'AGAHE','2017','0000-00-00 00:00:00','admin'),(41,1,'AGAHE_2017.xls','D:/MicroeyeFiles/OrgArchives/2017/AGAHE_2017.xls',1000,'76288','2018-05-16 10:49:17','admin',0,NULL,'AGAHE','2017','0000-00-00 00:00:00','admin'),(42,1,'AGAHE_2017.xls','D:/MicroeyeFiles/OrgArchives/2017/AGAHE_2017.xls',1000,'76288','2018-05-16 11:04:41','admin',0,NULL,'AGAHE','2017','0000-00-00 00:00:00','admin'),(43,1,'AGAHE_2017.xls','D:/MicroeyeFiles/OrgArchives/2017/AGAHE_2017.xls',1000,'76288','2018-05-16 11:08:03','admin',0,NULL,'AGAHE','2017','0000-00-00 00:00:00','admin'),(44,1,'AGAHE_2017.xls','D:/MicroeyeFiles/OrgArchives/2017/AGAHE_2017.xls',1000,'76288','2018-05-16 11:11:02','admin',0,NULL,'AGAHE','2017','0000-00-00 00:00:00','admin'),(45,1,'AGAHE_2017.xls','D:/MicroeyeFiles/OrgArchives/2017/AGAHE_2017.xls',1000,'76288','2018-05-16 11:12:50','admin',0,NULL,'AGAHE','2017','0000-00-00 00:00:00','admin'),(46,1,'AGAHE_2017.xls','D:/MicroeyeFiles/OrgArchives/2017/AGAHE_2017.xls',1000,'76288','2018-05-16 11:15:01','admin',0,NULL,'AGAHE','2017','0000-00-00 00:00:00','admin'),(47,1,'AGAHE_2017.xls','D:/MicroeyeFiles/OrgArchives/2017/AGAHE_2017.xls',1000,'76288','2018-05-16 11:28:00','admin',0,NULL,'AGAHE','2017','0000-00-00 00:00:00','admin'),(48,1,'AGAHE_2017.xls','D:/MicroeyeFiles/OrgArchives/2017/AGAHE_2017.xls',1000,'76288','2018-05-16 11:40:50','admin',0,NULL,'AGAHE','2017','0000-00-00 00:00:00','admin'),(49,1,'AGAHE_2017.xls','D:/MicroeyeFiles/OrgArchives/2017/AGAHE_2017.xls',1000,'76288','2018-05-16 11:42:25','admin',0,NULL,'AGAHE','2017','0000-00-00 00:00:00','admin'),(50,1,'AGAHE_2017.xls','D:/MicroeyeFiles/OrgArchives/2017/AGAHE_2017.xls',1000,'76288','2018-05-16 12:01:21','admin',0,NULL,'AGAHE','2017','0000-00-00 00:00:00','admin'),(51,1,'AGAHE_2017.xls','D:/MicroeyeFiles/OrgArchives/2017/AGAHE_2017.xls',1000,'76288','2018-05-16 12:08:03','admin',0,NULL,'AGAHE','2017','0000-00-00 00:00:00','admin'),(52,1,'AGAHE_2017.xls','D:/MicroeyeFiles/OrgArchives/2017/AGAHE_2017.xls',1000,'76288','2018-05-16 12:16:53','admin',0,NULL,'AGAHE','2017','0000-00-00 00:00:00','admin'),(53,1,'AGAHE_2017.xls','D:/MicroeyeFiles/OrgArchives/2017/AGAHE_2017.xls',1000,'76288','2018-05-16 12:20:15','admin',0,NULL,'AGAHE','2017','0000-00-00 00:00:00','admin'),(54,2,'Advance_2017.xls','D:/MicroeyeFiles/OrgArchives/2017/Advance_2017.xls',1000,'67584','2018-05-17 06:15:00','admin',0,NULL,'Advance','2017','0000-00-00 00:00:00','admin'),(55,2,'Advance_2017.xls','D:/MicroeyeFiles/OrgArchives/2017/Advance_2017.xls',1000,'67584','2018-05-17 06:19:25','admin',0,NULL,'Advance','2017','0000-00-00 00:00:00','admin'),(56,2,'Advance_2017.xls','D:/MicroeyeFiles/OrgArchives/2017/Advance_2017.xls',1000,'67584','2018-05-17 06:29:54','admin',0,NULL,'Advance','2017','0000-00-00 00:00:00','admin'),(57,3,'Akhuwat_2017.xls','D:/MicroeyeFiles/OrgArchives/2017/Akhuwat_2017.xls',1000,'217088','2018-05-17 07:09:15','admin',0,NULL,'Akhuwat','2017','0000-00-00 00:00:00','admin'),(58,3,'Akhuwat_2017.xls','D:/MicroeyeFiles/OrgArchives/2017/Akhuwat_2017.xls',1000,'217088','2018-05-17 07:10:29','admin',0,NULL,'Akhuwat','2017','0000-00-00 00:00:00','admin'),(59,3,'Akhuwat_2017.xls','D:/MicroeyeFiles/OrgArchives/2017/Akhuwat_2017.xls',1000,'217088','2018-05-17 07:18:35','admin',0,NULL,'Akhuwat','2017','0000-00-00 00:00:00','admin'),(60,3,'Akhuwat_2017.xls','D:/MicroeyeFiles/OrgArchives/2017/Akhuwat_2017.xls',1000,'217088','2018-05-17 07:41:46','admin',0,NULL,'Akhuwat','2017','0000-00-00 00:00:00','admin'),(61,3,'Akhuwat_2017.xls','D:/MicroeyeFiles/OrgArchives/2017/Akhuwat_2017.xls',1000,'217088','2018-05-17 07:57:44','admin',0,NULL,'Akhuwat','2017','0000-00-00 00:00:00','admin'),(62,3,'Akhuwat_2017.xls','D:/MicroeyeFiles/OrgArchives/2017/Akhuwat_2017.xls',1000,'217088','2018-05-17 08:02:13','admin',0,NULL,'Akhuwat','2017','0000-00-00 00:00:00','admin'),(63,3,'Akhuwat_2017.xls','D:/MicroeyeFiles/OrgArchives/2017/Akhuwat_2017.xls',1000,'225280','2018-05-17 09:52:48','admin',0,NULL,'Akhuwat','2017','0000-00-00 00:00:00','admin'),(64,3,'Akhuwat_2017.xls','D:/MicroeyeFiles/OrgArchives/2017/Akhuwat_2017.xls',1000,'225280','2018-05-17 10:10:13','admin',0,NULL,'Akhuwat','2017','0000-00-00 00:00:00','admin'),(65,4,'ASA_2017.xls','D:/MicroeyeFiles/OrgArchives/2017/ASA_2017.xls',1000,'131072','2018-05-17 10:37:32','admin',0,NULL,'ASA','2017','0000-00-00 00:00:00','admin'),(66,4,'ASA_2017.xls','D:/MicroeyeFiles/OrgArchives/2017/ASA_2017.xls',1000,'125440','2018-05-17 10:38:18','admin',0,NULL,'ASA','2017','0000-00-00 00:00:00','admin'),(67,4,'ASA_2017.xls','D:/MicroeyeFiles/OrgArchives/2017/ASA_2017.xls',1000,'125440','2018-05-17 10:39:19','admin',0,NULL,'ASA','2017','0000-00-00 00:00:00','admin'),(68,4,'ASA_2017.xls','D:/MicroeyeFiles/OrgArchives/2017/ASA_2017.xls',1000,'125440','2018-05-18 05:47:55','admin',0,NULL,'ASA','2017','0000-00-00 00:00:00','admin'),(69,4,'ASA_2017.xls','D:/MicroeyeFiles/OrgArchives/2017/ASA_2017.xls',1000,'142848','2018-05-18 06:57:06','admin',0,NULL,'ASA','2017','0000-00-00 00:00:00','admin'),(70,4,'ASA_2017.xls','D:/MicroeyeFiles/OrgArchives/2017/ASA_2017.xls',1000,'142848','2018-05-18 08:47:58','admin',0,NULL,'ASA','2017','0000-00-00 00:00:00','admin'),(71,4,'ASA_2017.xls','D:/MicroeyeFiles/OrgArchives/2017/ASA_2017.xls',1000,'142848','2018-05-18 08:50:43','admin',0,NULL,'ASA','2017','0000-00-00 00:00:00','admin'),(72,4,'ASA_2017.xls','D:/MicroeyeFiles/OrgArchives/2017/ASA_2017.xls',1000,'142848','2018-05-18 09:08:00','admin',0,NULL,'ASA','2017','0000-00-00 00:00:00','admin'),(73,4,'ASA_2017.xls','D:/MicroeyeFiles/OrgArchives/2017/ASA_2017.xls',1000,'142848','2018-05-18 09:23:17','admin',0,NULL,'ASA','2017','0000-00-00 00:00:00','admin'),(74,4,'ASA_2017.xls','D:/MicroeyeFiles/OrgArchives/2017/ASA_2017.xls',1000,'142848','2018-05-18 09:27:51','admin',0,NULL,'ASA','2017','0000-00-00 00:00:00','admin'),(75,4,'ASA_2017.xls','D:/MicroeyeFiles/OrgArchives/2017/ASA_2017.xls',1000,'142848','2018-05-18 09:35:15','admin',0,NULL,'ASA','2017','0000-00-00 00:00:00','admin'),(76,4,'ASA_2017.xls','D:/MicroeyeFiles/OrgArchives/2017/ASA_2017.xls',1000,'142848','2018-05-18 09:38:43','admin',0,NULL,'ASA','2017','0000-00-00 00:00:00','admin'),(77,5,'Damen_2017.xls','D:/MicroeyeFiles/OrgArchives/2017/Damen_2017.xls',1000,'71680','2018-05-21 07:23:01','admin',0,NULL,'Damen','2017','0000-00-00 00:00:00','admin'),(78,2,'Advance_2017.xls','D:/MicroeyeFiles/OrgArchives/2017/Advance_2017.xls',1000,'67584','2018-05-17 07:06:40','admin',0,NULL,'Advance','2017','0000-00-00 00:00:00','admin'),(79,5,'Advance_2017.xls','D:/MicroeyeFiles/OrgArchives/2017/Advance_2017.xls',1000,'67584','2018-05-22 09:21:48','admin',0,NULL,'Advance','2017','0000-00-00 00:00:00','admin'),(80,5,'Advance_2017.xls','D:/MicroeyeFiles/OrgArchives/2017/Advance_2017.xls',1000,'67584','2018-05-22 09:29:46','admin',0,NULL,'Advance','2017','0000-00-00 00:00:00','admin'),(81,5,'Advance_2017.xls','D:/MicroeyeFiles/OrgArchives/2017/Advance_2017.xls',1000,'67584','2018-05-22 10:22:54','admin',0,NULL,'Advance','2017','0000-00-00 00:00:00','admin');

--
-- Table structure for table `microeye_indicator_data`
--

CREATE TABLE `microeye_indicator_data` (
  `ID` int(11) NOT NULL AUTO_INCREMENT,
  `B_ID` int(11) NOT NULL,
  `F_ID` int(11) NOT NULL,
  `I_ID` int(11) NOT NULL,
  `VALUE` varchar(45) NOT NULL,
  PRIMARY KEY (`ID`),
  KEY `B_ID_idx` (`B_ID`),
  KEY `I_ID_idx` (`I_ID`),
  KEY `F_ID_idx` (`F_ID`),
  CONSTRAINT `B_ID` FOREIGN KEY (`B_ID`) REFERENCES `microeye_branches` (`B_ID`) ON DELETE CASCADE ON UPDATE NO ACTION,
  CONSTRAINT `F_ID` FOREIGN KEY (`F_ID`) REFERENCES `microeye_file_details` (`FILE_ID`) ON DELETE CASCADE ON UPDATE NO ACTION,
  CONSTRAINT `I_ID` FOREIGN KEY (`I_ID`) REFERENCES `microeye_indicators` (`I_ID`) ON DELETE CASCADE ON UPDATE NO ACTION
) ENGINE=InnoDB AUTO_INCREMENT=48636 DEFAULT CHARSET=utf8;

--
-- Dumping data for table `microeye_indicator_data`
--

INSERT INTO `microeye_indicator_data` VALUES (10894,2356,1,2,'0'),(10895,2356,1,3,'2010'),(10896,2356,1,4,'1,578'),(10897,2356,1,5,'105'),(10898,2356,1,6,'1,473'),(10899,2356,1,7,'0'),(10900,2356,1,8,'1,578'),(10901,2357,1,2,'0'),(10902,2357,1,3,'2012'),(10903,2357,1,4,'1,559'),(10904,2357,1,5,'14'),(10905,2357,1,6,'1,545'),(10906,2357,1,7,'0'),(10907,2357,1,8,'1,559'),(10908,2358,1,2,'0'),(10909,2358,1,3,'2013'),(10910,2358,1,4,'1,336'),(10911,2358,1,5,'117'),(10912,2358,1,6,'1,219'),(10913,2358,1,7,'0'),(10914,2358,1,8,'1,336'),(10915,2359,1,2,'0'),(10916,2359,1,3,'2013'),(10917,2359,1,4,'1,641'),(10918,2359,1,5,'226'),(10919,2359,1,6,'1,415'),(10920,2359,1,7,'0'),(10921,2359,1,8,'1,641'),(10922,2360,1,2,'0'),(10923,2360,1,3,'2013'),(10924,2360,1,4,'1,721'),(10925,2360,1,5,'224'),(10926,2360,1,6,'1,497'),(10927,2360,1,7,'0'),(10928,2360,1,8,'1,721'),(10929,2361,1,2,'0'),(10930,2361,1,3,'2014'),(10931,2361,1,4,'1,680'),(10932,2361,1,5,'346'),(10933,2361,1,6,'1,334'),(10934,2361,1,7,'0'),(10935,2361,1,8,'0'),(10936,2362,1,2,'0'),(10937,2362,1,3,'2015'),(10938,2362,1,4,'2,190'),(10939,2362,1,5,'0'),(10940,2362,1,6,'2,190'),(10941,2362,1,7,'0'),(10942,2362,1,8,'0'),(10943,2363,1,2,'0.03'),(10944,2363,1,3,'2016'),(10945,2363,1,4,'1286'),(10946,2363,1,5,'372'),(10947,2363,1,6,'914'),(10948,2363,1,7,'0'),(10949,2363,1,8,'1286'),(10950,2364,1,2,'0.03'),(10951,2364,1,3,'2016'),(10952,2364,1,4,'1403'),(10953,2364,1,5,'131'),(10954,2364,1,6,'1272'),(10955,2364,1,7,'0'),(10956,2364,1,8,'1403'),(10957,2365,1,2,'0'),(10958,2365,1,3,'2017'),(10959,2365,1,4,'439'),(10960,2365,1,5,'39'),(10961,2365,1,6,'400'),(10962,2365,1,7,'0'),(10963,2365,1,8,'439'),(10964,2366,1,2,'0'),(10965,2366,1,3,'2017'),(10966,2366,1,4,'76'),(10967,2366,1,5,'0'),(10968,2366,1,6,'0'),(10969,2366,1,7,'0'),(10970,2366,1,8,'76'),(10971,2367,1,2,'0.03'),(10972,2367,1,3,'2017'),(10973,2367,1,4,'1292'),(10974,2367,1,5,'11'),(10975,2367,1,6,'1281'),(10976,2367,1,7,'0'),(10977,2367,1,8,'1292'),(39671,7109,3,2,'0'),(39672,7109,3,3,'2012'),(39673,7109,3,4,'1,476'),(39674,7109,3,5,'828'),(39675,7109,3,6,'648'),(39676,7109,3,7,'0'),(39677,7109,3,8,'0'),(39678,7110,3,2,'15,400'),(39679,7110,3,3,'2012'),(39680,7110,3,4,'1,438'),(39681,7110,3,5,'1135'),(39682,7110,3,6,'303'),(39683,7110,3,7,'0'),(39684,7110,3,8,'0'),(39685,7111,3,2,'0'),(39686,7111,3,3,'2010'),(39687,7111,3,4,'1,610'),(39688,7111,3,5,'1201'),(39689,7111,3,6,'409'),(39690,7111,3,7,'0'),(39691,7111,3,8,'0'),(39692,7112,3,2,'0'),(39693,7112,3,3,'2012'),(39694,7112,3,4,'1,725'),(39695,7112,3,5,'1302'),(39696,7112,3,6,'423'),(39697,7112,3,7,'0'),(39698,7112,3,8,'0'),(39699,7113,3,2,'0'),(39700,7113,3,3,'2012'),(39701,7113,3,4,'1,585'),(39702,7113,3,5,'917'),(39703,7113,3,6,'668'),(39704,7113,3,7,'0'),(39705,7113,3,8,'0'),(39706,7114,3,2,'0'),(39707,7114,3,3,'2012'),(39708,7114,3,4,'1,703'),(39709,7114,3,5,'989'),(39710,7114,3,6,'714'),(39711,7114,3,7,'0'),(39712,7114,3,8,'0'),(39713,7115,3,2,'0'),(39714,7115,3,3,'2012'),(39715,7115,3,4,'1,641'),(39716,7115,3,5,'878'),(39717,7115,3,6,'763'),(39718,7115,3,7,'0'),(39719,7115,3,8,'0'),(39720,7116,3,2,'0'),(39721,7116,3,3,'2012'),(39722,7116,3,4,'1,704'),(39723,7116,3,5,'675'),(39724,7116,3,6,'1,029'),(39725,7116,3,7,'0'),(39726,7116,3,8,'0'),(39727,7117,3,2,'0'),(39728,7117,3,3,'2010'),(39729,7117,3,4,'1,660'),(39730,7117,3,5,'932'),(39731,7117,3,6,'728'),(39732,7117,3,7,'0'),(39733,7117,3,8,'0'),(39734,7118,3,2,'0'),(39735,7118,3,3,'2012'),(39736,7118,3,4,'1,750'),(39737,7118,3,5,'655'),(39738,7118,3,6,'1,095'),(39739,7118,3,7,'0'),(39740,7118,3,8,'0'),(39741,7119,3,2,'0'),(39742,7119,3,3,'2011'),(39743,7119,3,4,'1,711'),(39744,7119,3,5,'654'),(39745,7119,3,6,'1,057'),(39746,7119,3,7,'0'),(39747,7119,3,8,'0'),(39748,7120,3,2,'0'),(39749,7120,3,3,'2011'),(39750,7120,3,4,'1,757'),(39751,7120,3,5,'847'),(39752,7120,3,6,'910'),(39753,7120,3,7,'0'),(39754,7120,3,8,'0'),(39755,7121,3,2,'0'),(39756,7121,3,3,'2012'),(39757,7121,3,4,'1,629'),(39758,7121,3,5,'917'),(39759,7121,3,6,'712'),(39760,7121,3,7,'0'),(39761,7121,3,8,'0'),(39762,7122,3,2,'0'),(39763,7122,3,3,'2011'),(39764,7122,3,4,'1,740'),(39765,7122,3,5,'1053'),(39766,7122,3,6,'687'),(39767,7122,3,7,'0'),(39768,7122,3,8,'0'),(39769,7123,3,2,'0'),(39770,7123,3,3,'2012'),(39771,7123,3,4,'1,947'),(39772,7123,3,5,'1186'),(39773,7123,3,6,'761'),(39774,7123,3,7,'0'),(39775,7123,3,8,'0'),(39776,7124,3,2,'0'),(39777,7124,3,3,'2012'),(39778,7124,3,4,'1,565'),(39779,7124,3,5,'822'),(39780,7124,3,6,'743'),(39781,7124,3,7,'0'),(39782,7124,3,8,'0'),(39783,7125,3,2,'0'),(39784,7125,3,3,'2011'),(39785,7125,3,4,'1,377'),(39786,7125,3,5,'771'),(39787,7125,3,6,'606'),(39788,7125,3,7,'0'),(39789,7125,3,8,'0'),(39790,7126,3,2,'0'),(39791,7126,3,3,'2012'),(39792,7126,3,4,'1,610'),(39793,7126,3,5,'806'),(39794,7126,3,6,'804'),(39795,7126,3,7,'0'),(39796,7126,3,8,'0'),(39797,7127,3,2,'0'),(39798,7127,3,3,'2012'),(39799,7127,3,4,'1,850'),(39800,7127,3,5,'1117'),(39801,7127,3,6,'733'),(39802,7127,3,7,'0'),(39803,7127,3,8,'0'),(39804,7128,3,2,'0'),(39805,7128,3,3,'2007'),(39806,7128,3,4,'1,723'),(39807,7128,3,5,'1308'),(39808,7128,3,6,'415'),(39809,7128,3,7,'0'),(39810,7128,3,8,'0'),(39811,7129,3,2,'0'),(39812,7129,3,3,'2012'),(39813,7129,3,4,'1,824'),(39814,7129,3,5,'1243'),(39815,7129,3,6,'581'),(39816,7129,3,7,'0'),(39817,7129,3,8,'0'),(39818,7130,3,2,'0'),(39819,7130,3,3,'2013'),(39820,7130,3,4,'1,637'),(39821,7130,3,5,'1092'),(39822,7130,3,6,'545'),(39823,7130,3,7,'0'),(39824,7130,3,8,'0'),(39825,7131,3,2,'0'),(39826,7131,3,3,'2013'),(39827,7131,3,4,'1,691'),(39828,7131,3,5,'869'),(39829,7131,3,6,'822'),(39830,7131,3,7,'0'),(39831,7131,3,8,'0'),(39832,7132,3,2,'0'),(39833,7132,3,3,'2013'),(39834,7132,3,4,'1,847'),(39835,7132,3,5,'1166'),(39836,7132,3,6,'681'),(39837,7132,3,7,'0'),(39838,7132,3,8,'0'),(39839,7133,3,2,'1,500'),(39840,7133,3,3,'2013'),(39841,7133,3,4,'1,785'),(39842,7133,3,5,'1400'),(39843,7133,3,6,'385'),(39844,7133,3,7,'0'),(39845,7133,3,8,'0'),(39846,7134,3,2,'0'),(39847,7134,3,3,'2013'),(39848,7134,3,4,'1,720'),(39849,7134,3,5,'840'),(39850,7134,3,6,'880'),(39851,7134,3,7,'0'),(39852,7134,3,8,'0'),(39853,7135,3,2,'0'),(39854,7135,3,3,'2006'),(39855,7135,3,4,'1,702'),(39856,7135,3,5,'1244'),(39857,7135,3,6,'458'),(39858,7135,3,7,'0'),(39859,7135,3,8,'0'),(39860,7136,3,2,'0'),(39861,7136,3,3,'2007'),(39862,7136,3,4,'1,753'),(39863,7136,3,5,'931'),(39864,7136,3,6,'822'),(39865,7136,3,7,'0'),(39866,7136,3,8,'0'),(39867,7137,3,2,'0'),(39868,7137,3,3,'2007'),(39869,7137,3,4,'1,464'),(39870,7137,3,5,'837'),(39871,7137,3,6,'627'),(39872,7137,3,7,'0'),(39873,7137,3,8,'0'),(39874,7138,3,2,'0'),(39875,7138,3,3,'2006'),(39876,7138,3,4,'1,732'),(39877,7138,3,5,'1027'),(39878,7138,3,6,'705'),(39879,7138,3,7,'0'),(39880,7138,3,8,'0'),(39881,7139,3,2,'0'),(39882,7139,3,3,'2007'),(39883,7139,3,4,'1,787'),(39884,7139,3,5,'902'),(39885,7139,3,6,'885'),(39886,7139,3,7,'0'),(39887,7139,3,8,'0'),(39888,7140,3,2,'0'),(39889,7140,3,3,'2011'),(39890,7140,3,4,'1,730'),(39891,7140,3,5,'785'),(39892,7140,3,6,'945'),(39893,7140,3,7,'0'),(39894,7140,3,8,'0'),(39895,7141,3,2,'0'),(39896,7141,3,3,'2012'),(39897,7141,3,4,'1,643'),(39898,7141,3,5,'820'),(39899,7141,3,6,'823'),(39900,7141,3,7,'0'),(39901,7141,3,8,'0'),(39902,7142,3,2,'0'),(39903,7142,3,3,'2012'),(39904,7142,3,4,'1,781'),(39905,7142,3,5,'820'),(39906,7142,3,6,'961'),(39907,7142,3,7,'0'),(39908,7142,3,8,'0'),(39909,7143,3,2,'0'),(39910,7143,3,3,'2012'),(39911,7143,3,4,'1,692'),(39912,7143,3,5,'1110'),(39913,7143,3,6,'582'),(39914,7143,3,7,'0'),(39915,7143,3,8,'0'),(39916,7144,3,2,'0'),(39917,7144,3,3,'2012'),(39918,7144,3,4,'1,619'),(39919,7144,3,5,'624'),(39920,7144,3,6,'995'),(39921,7144,3,7,'0'),(39922,7144,3,8,'0'),(39923,7145,3,2,'0'),(39924,7145,3,3,'2012'),(39925,7145,3,4,'1,713'),(39926,7145,3,5,'658'),(39927,7145,3,6,'1,055'),(39928,7145,3,7,'0'),(39929,7145,3,8,'0'),(39930,7146,3,2,'0'),(39931,7146,3,3,'2012'),(39932,7146,3,4,'1,795'),(39933,7146,3,5,'776'),(39934,7146,3,6,'1,019'),(39935,7146,3,7,'0'),(39936,7146,3,8,'0'),(39937,7147,3,2,'0'),(39938,7147,3,3,'2012'),(39939,7147,3,4,'1,194'),(39940,7147,3,5,'861'),(39941,7147,3,6,'333'),(39942,7147,3,7,'0'),(39943,7147,3,8,'0'),(39944,7148,3,2,'0'),(39945,7148,3,3,'2012'),(39946,7148,3,4,'1,699'),(39947,7148,3,5,'898'),(39948,7148,3,6,'801'),(39949,7148,3,7,'0'),(39950,7148,3,8,'0'),(39951,7149,3,2,'31,250'),(39952,7149,3,3,'2012'),(39953,7149,3,4,'1,694'),(39954,7149,3,5,'922'),(39955,7149,3,6,'772'),(39956,7149,3,7,'0'),(39957,7149,3,8,'0'),(39958,7150,3,2,'0'),(39959,7150,3,3,'2012'),(39960,7150,3,4,'1,762'),(39961,7150,3,5,'866'),(39962,7150,3,6,'896'),(39963,7150,3,7,'0'),(39964,7150,3,8,'0'),(39965,7151,3,2,'0'),(39966,7151,3,3,'2007'),(39967,7151,3,4,'1,747'),(39968,7151,3,5,'813'),(39969,7151,3,6,'934'),(39970,7151,3,7,'0'),(39971,7151,3,8,'0'),(39972,7152,3,2,'0'),(39973,7152,3,3,'2007'),(39974,7152,3,4,'1,799'),(39975,7152,3,5,'823'),(39976,7152,3,6,'976'),(39977,7152,3,7,'0'),(39978,7152,3,8,'0'),(39979,7153,3,2,'0'),(39980,7153,3,3,'2012'),(39981,7153,3,4,'1,692'),(39982,7153,3,5,'815'),(39983,7153,3,6,'877'),(39984,7153,3,7,'0'),(39985,7153,3,8,'0'),(39986,7154,3,2,'0'),(39987,7154,3,3,'2012'),(39988,7154,3,4,'1,655'),(39989,7154,3,5,'755'),(39990,7154,3,6,'900'),(39991,7154,3,7,'0'),(39992,7154,3,8,'0'),(39993,7155,3,2,'0'),(39994,7155,3,3,'2012'),(39995,7155,3,4,'1,832'),(39996,7155,3,5,'907'),(39997,7155,3,6,'925'),(39998,7155,3,7,'0'),(39999,7155,3,8,'0'),(40000,7156,3,2,'0'),(40001,7156,3,3,'2012'),(40002,7156,3,4,'1,688'),(40003,7156,3,5,'891'),(40004,7156,3,6,'797'),(40005,7156,3,7,'0'),(40006,7156,3,8,'0'),(40007,7157,3,2,'0'),(40008,7157,3,3,'2012'),(40009,7157,3,4,'1,646'),(40010,7157,3,5,'1017'),(40011,7157,3,6,'629'),(40012,7157,3,7,'0'),(40013,7157,3,8,'0'),(40014,7158,3,2,'0'),(40015,7158,3,3,'2012'),(40016,7158,3,4,'1,675'),(40017,7158,3,5,'942'),(40018,7158,3,6,'733'),(40019,7158,3,7,'0'),(40020,7158,3,8,'0'),(40021,7159,3,2,'0'),(40022,7159,3,3,'2012'),(40023,7159,3,4,'1,623'),(40024,7159,3,5,'981'),(40025,7159,3,6,'642'),(40026,7159,3,7,'0'),(40027,7159,3,8,'0'),(40028,7160,3,2,'0'),(40029,7160,3,3,'2012'),(40030,7160,3,4,'1,694'),(40031,7160,3,5,'856'),(40032,7160,3,6,'838'),(40033,7160,3,7,'0'),(40034,7160,3,8,'0'),(40035,7161,3,2,'0'),(40036,7161,3,3,'2009'),(40037,7161,3,4,'1,723'),(40038,7161,3,5,'960'),(40039,7161,3,6,'763'),(40040,7161,3,7,'0'),(40041,7161,3,8,'0'),(40042,7162,3,2,'0'),(40043,7162,3,3,'2009'),(40044,7162,3,4,'1,767'),(40045,7162,3,5,'1002'),(40046,7162,3,6,'765'),(40047,7162,3,7,'0'),(40048,7162,3,8,'0'),(40049,7163,3,2,'0'),(40050,7163,3,3,'2009'),(40051,7163,3,4,'1,617'),(40052,7163,3,5,'1250'),(40053,7163,3,6,'367'),(40054,7163,3,7,'0'),(40055,7163,3,8,'0'),(40056,7164,3,2,'0'),(40057,7164,3,3,'2009'),(40058,7164,3,4,'1,613'),(40059,7164,3,5,'1373'),(40060,7164,3,6,'240'),(40061,7164,3,7,'0'),(40062,7164,3,8,'0'),(40063,7165,3,2,'0'),(40064,7165,3,3,'2009'),(40065,7165,3,4,'847'),(40066,7165,3,5,'739'),(40067,7165,3,6,'108'),(40068,7165,3,7,'0'),(40069,7165,3,8,'0'),(40070,7166,3,2,'0'),(40071,7166,3,3,'2009'),(40072,7166,3,4,'1,561'),(40073,7166,3,5,'995'),(40074,7166,3,6,'566'),(40075,7166,3,7,'0'),(40076,7166,3,8,'0'),(40077,7167,3,2,'0'),(40078,7167,3,3,'2012'),(40079,7167,3,4,'1,600'),(40080,7167,3,5,'1164'),(40081,7167,3,6,'436'),(40082,7167,3,7,'0'),(40083,7167,3,8,'0'),(40084,7168,3,2,'0'),(40085,7168,3,3,'2012'),(40086,7168,3,4,'963'),(40087,7168,3,5,'667'),(40088,7168,3,6,'296'),(40089,7168,3,7,'0'),(40090,7168,3,8,'0'),(40091,7169,3,2,'0'),(40092,7169,3,3,'2010'),(40093,7169,3,4,'1,603'),(40094,7169,3,5,'972'),(40095,7169,3,6,'631'),(40096,7169,3,7,'0'),(40097,7169,3,8,'0'),(40098,7170,3,2,'0'),(40099,7170,3,3,'2010'),(40100,7170,3,4,'1,660'),(40101,7170,3,5,'1005'),(40102,7170,3,6,'655'),(40103,7170,3,7,'0'),(40104,7170,3,8,'0'),(40105,7171,3,2,'0'),(40106,7171,3,3,'2010'),(40107,7171,3,4,'1,611'),(40108,7171,3,5,'553'),(40109,7171,3,6,'1,058'),(40110,7171,3,7,'0'),(40111,7171,3,8,'0'),(40112,7172,3,2,'0'),(40113,7172,3,3,'2010'),(40114,7172,3,4,'1,518'),(40115,7172,3,5,'944'),(40116,7172,3,6,'574'),(40117,7172,3,7,'0'),(40118,7172,3,8,'0'),(40119,7173,3,2,'30,000'),(40120,7173,3,3,'2010'),(40121,7173,3,4,'1,601'),(40122,7173,3,5,'1118'),(40123,7173,3,6,'483'),(40124,7173,3,7,'0'),(40125,7173,3,8,'0'),(40126,7174,3,2,'0'),(40127,7174,3,3,'2010'),(40128,7174,3,4,'1,496'),(40129,7174,3,5,'980'),(40130,7174,3,6,'516'),(40131,7174,3,7,'0'),(40132,7174,3,8,'0'),(40133,7175,3,2,'57,341'),(40134,7175,3,3,'2010'),(40135,7175,3,4,'1,641'),(40136,7175,3,5,'964'),(40137,7175,3,6,'677'),(40138,7175,3,7,'0'),(40139,7175,3,8,'0'),(40140,7176,3,2,'8,700'),(40141,7176,3,3,'2010'),(40142,7176,3,4,'1,531'),(40143,7176,3,5,'789'),(40144,7176,3,6,'742'),(40145,7176,3,7,'0'),(40146,7176,3,8,'0'),(40147,7177,3,2,'54,000'),(40148,7177,3,3,'2010'),(40149,7177,3,4,'1,574'),(40150,7177,3,5,'1028'),(40151,7177,3,6,'546'),(40152,7177,3,7,'0'),(40153,7177,3,8,'0'),(40154,7178,3,2,'267,813'),(40155,7178,3,3,'2005'),(40156,7178,3,4,'1,753'),(40157,7178,3,5,'859'),(40158,7178,3,6,'894'),(40159,7178,3,7,'0'),(40160,7178,3,8,'0'),(40161,7179,3,2,'0'),(40162,7179,3,3,'2010'),(40163,7179,3,4,'1,518'),(40164,7179,3,5,'767'),(40165,7179,3,6,'751'),(40166,7179,3,7,'0'),(40167,7179,3,8,'0'),(40168,7180,3,2,'3,500'),(40169,7180,3,3,'2008'),(40170,7180,3,4,'1,437'),(40171,7180,3,5,'694'),(40172,7180,3,6,'743'),(40173,7180,3,7,'0'),(40174,7180,3,8,'0'),(40175,7181,3,2,'0'),(40176,7181,3,3,'2010'),(40177,7181,3,4,'1,765'),(40178,7181,3,5,'709'),(40179,7181,3,6,'1,056'),(40180,7181,3,7,'0'),(40181,7181,3,8,'0'),(40182,7182,3,2,'0'),(40183,7182,3,3,'2012'),(40184,7182,3,4,'1,754'),(40185,7182,3,5,'831'),(40186,7182,3,6,'923'),(40187,7182,3,7,'0'),(40188,7182,3,8,'0'),(40189,7183,3,2,'39,200'),(40190,7183,3,3,'2009'),(40191,7183,3,4,'1,447'),(40192,7183,3,5,'589'),(40193,7183,3,6,'858'),(40194,7183,3,7,'0'),(40195,7183,3,8,'0'),(40196,7184,3,2,'146,138'),(40197,7184,3,3,'2012'),(40198,7184,3,4,'1,387'),(40199,7184,3,5,'603'),(40200,7184,3,6,'784'),(40201,7184,3,7,'0'),(40202,7184,3,8,'0'),(40203,7185,3,2,'0'),(40204,7185,3,3,'2012'),(40205,7185,3,4,'1,581'),(40206,7185,3,5,'503'),(40207,7185,3,6,'1,078'),(40208,7185,3,7,'0'),(40209,7185,3,8,'0'),(40210,7186,3,2,'0'),(40211,7186,3,3,'2010'),(40212,7186,3,4,'3'),(40213,7186,3,5,'1'),(40214,7186,3,6,'2'),(40215,7186,3,7,'0'),(40216,7186,3,8,'0'),(40217,7187,3,2,'58,520'),(40218,7187,3,3,'2004'),(40219,7187,3,4,'1,217'),(40220,7187,3,5,'830'),(40221,7187,3,6,'387'),(40222,7187,3,7,'0'),(40223,7187,3,8,'0'),(40224,7188,3,2,'0'),(40225,7188,3,3,'2012'),(40226,7188,3,4,'1,659'),(40227,7188,3,5,'592'),(40228,7188,3,6,'1,067'),(40229,7188,3,7,'0'),(40230,7188,3,8,'0'),(40231,7189,3,2,'0'),(40232,7189,3,3,'2012'),(40233,7189,3,4,'1,639'),(40234,7189,3,5,'597'),(40235,7189,3,6,'1,042'),(40236,7189,3,7,'0'),(40237,7189,3,8,'0'),(40238,7190,3,2,'0'),(40239,7190,3,3,'2010'),(40240,7190,3,4,'1,442'),(40241,7190,3,5,'1161'),(40242,7190,3,6,'281'),(40243,7190,3,7,'0'),(40244,7190,3,8,'0'),(40245,7191,3,2,'0'),(40246,7191,3,3,'2012'),(40247,7191,3,4,'1,633'),(40248,7191,3,5,'928'),(40249,7191,3,6,'705'),(40250,7191,3,7,'0'),(40251,7191,3,8,'0'),(40252,7192,3,2,'0'),(40253,7192,3,3,'2010'),(40254,7192,3,4,'1,663'),(40255,7192,3,5,'721'),(40256,7192,3,6,'942'),(40257,7192,3,7,'0'),(40258,7192,3,8,'0'),(40259,7193,3,2,'0'),(40260,7193,3,3,'2012'),(40261,7193,3,4,'1,724'),(40262,7193,3,5,'1227'),(40263,7193,3,6,'497'),(40264,7193,3,7,'0'),(40265,7193,3,8,'0'),(40266,7194,3,2,'148,110'),(40267,7194,3,3,'2011'),(40268,7194,3,4,'1,064'),(40269,7194,3,5,'778'),(40270,7194,3,6,'286'),(40271,7194,3,7,'0'),(40272,7194,3,8,'0'),(40273,7195,3,2,'0'),(40274,7195,3,3,'2010'),(40275,7195,3,4,'1,674'),(40276,7195,3,5,'575'),(40277,7195,3,6,'1,099'),(40278,7195,3,7,'0'),(40279,7195,3,8,'0'),(40280,7196,3,2,'0'),(40281,7196,3,3,'2010'),(40282,7196,3,4,'1,683'),(40283,7196,3,5,'544'),(40284,7196,3,6,'1,139'),(40285,7196,3,7,'0'),(40286,7196,3,8,'0'),(40287,7197,3,2,'0'),(40288,7197,3,3,'2012'),(40289,7197,3,4,'1,521'),(40290,7197,3,5,'405'),(40291,7197,3,6,'1,116'),(40292,7197,3,7,'0'),(40293,7197,3,8,'0'),(40294,7198,3,2,'0'),(40295,7198,3,3,'2012'),(40296,7198,3,4,'1,201'),(40297,7198,3,5,'815'),(40298,7198,3,6,'386'),(40299,7198,3,7,'0'),(40300,7198,3,8,'0'),(40301,7199,3,2,'0'),(40302,7199,3,3,'2012'),(40303,7199,3,4,'848'),(40304,7199,3,5,'583'),(40305,7199,3,6,'265'),(40306,7199,3,7,'0'),(40307,7199,3,8,'0'),(40308,7200,3,2,'0'),(40309,7200,3,3,'2013'),(40310,7200,3,4,'1,398'),(40311,7200,3,5,'938'),(40312,7200,3,6,'460'),(40313,7200,3,7,'0'),(40314,7200,3,8,'0'),(40315,7201,3,2,'0'),(40316,7201,3,3,'2012'),(40317,7201,3,4,'1,604'),(40318,7201,3,5,'560'),(40319,7201,3,6,'1,044'),(40320,7201,3,7,'0'),(40321,7201,3,8,'0'),(40322,7202,3,2,'0'),(40323,7202,3,3,'2012'),(40324,7202,3,4,'1,564'),(40325,7202,3,5,'516'),(40326,7202,3,6,'1,048'),(40327,7202,3,7,'0'),(40328,7202,3,8,'0'),(40329,7203,3,2,'0'),(40330,7203,3,3,'2011'),(40331,7203,3,4,'1,519'),(40332,7203,3,5,'477'),(40333,7203,3,6,'1,042'),(40334,7203,3,7,'0'),(40335,7203,3,8,'0'),(40336,7204,3,2,'0'),(40337,7204,3,3,'2011'),(40338,7204,3,4,'1,490'),(40339,7204,3,5,'356'),(40340,7204,3,6,'1,134'),(40341,7204,3,7,'0'),(40342,7204,3,8,'0'),(40343,7205,3,2,'0'),(40344,7205,3,3,'2011'),(40345,7205,3,4,'1,587'),(40346,7205,3,5,'432'),(40347,7205,3,6,'1,155'),(40348,7205,3,7,'0'),(40349,7205,3,8,'0'),(40350,7206,3,2,'0'),(40351,7206,3,3,'2012'),(40352,7206,3,4,'1,538'),(40353,7206,3,5,'571'),(40354,7206,3,6,'967'),(40355,7206,3,7,'0'),(40356,7206,3,8,'0'),(40357,7207,3,2,'0'),(40358,7207,3,3,'2012'),(40359,7207,3,4,'1,596'),(40360,7207,3,5,'647'),(40361,7207,3,6,'949'),(40362,7207,3,7,'0'),(40363,7207,3,8,'0'),(40364,7208,3,2,'0'),(40365,7208,3,3,'2012'),(40366,7208,3,4,'1,582'),(40367,7208,3,5,'1254'),(40368,7208,3,6,'328'),(40369,7208,3,7,'0'),(40370,7208,3,8,'0'),(40371,7209,3,2,'0'),(40372,7209,3,3,'2011'),(40373,7209,3,4,'1,632'),(40374,7209,3,5,'1042'),(40375,7209,3,6,'590'),(40376,7209,3,7,'0'),(40377,7209,3,8,'0'),(40378,7210,3,2,'287,860'),(40379,7210,3,3,'2011'),(40380,7210,3,4,'1,286'),(40381,7210,3,5,'933'),(40382,7210,3,6,'353'),(40383,7210,3,7,'0'),(40384,7210,3,8,'0'),(40385,7211,3,2,'795,415'),(40386,7211,3,3,'2011'),(40387,7211,3,4,'949'),(40388,7211,3,5,'665'),(40389,7211,3,6,'284'),(40390,7211,3,7,'0'),(40391,7211,3,8,'0'),(40392,7212,3,2,'3,000'),(40393,7212,3,3,'2010'),(40394,7212,3,4,'1,396'),(40395,7212,3,5,'796'),(40396,7212,3,6,'600'),(40397,7212,3,7,'0'),(40398,7212,3,8,'0'),(40399,7213,3,2,'0'),(40400,7213,3,3,'2011'),(40401,7213,3,4,'1,387'),(40402,7213,3,5,'857'),(40403,7213,3,6,'530'),(40404,7213,3,7,'0'),(40405,7213,3,8,'0'),(40406,7214,3,2,'0'),(40407,7214,3,3,'2012'),(40408,7214,3,4,'1,702'),(40409,7214,3,5,'1329'),(40410,7214,3,6,'373'),(40411,7214,3,7,'0'),(40412,7214,3,8,'0'),(40413,7215,3,2,'0'),(40414,7215,3,3,'2011'),(40415,7215,3,4,'1,520'),(40416,7215,3,5,'956'),(40417,7215,3,6,'564'),(40418,7215,3,7,'0'),(40419,7215,3,8,'0'),(40420,7216,3,2,'0'),(40421,7216,3,3,'2012'),(40422,7216,3,4,'1,331'),(40423,7216,3,5,'875'),(40424,7216,3,6,'456'),(40425,7216,3,7,'0'),(40426,7216,3,8,'0'),(40427,7217,3,2,'659,977'),(40428,7217,3,3,'2011'),(40429,7217,3,4,'163'),(40430,7217,3,5,'62'),(40431,7217,3,6,'101'),(40432,7217,3,7,'0'),(40433,7217,3,8,'0'),(40434,7218,3,2,'0'),(40435,7218,3,3,'2013'),(40436,7218,3,4,'1,632'),(40437,7218,3,5,'945'),(40438,7218,3,6,'687'),(40439,7218,3,7,'0'),(40440,7218,3,8,'0'),(40441,7219,3,2,'0'),(40442,7219,3,3,'2012'),(40443,7219,3,4,'1,594'),(40444,7219,3,5,'1286'),(40445,7219,3,6,'308'),(40446,7219,3,7,'0'),(40447,7219,3,8,'0'),(40448,7220,3,2,'0'),(40449,7220,3,3,'2012'),(40450,7220,3,4,'1,599'),(40451,7220,3,5,'1062'),(40452,7220,3,6,'537'),(40453,7220,3,7,'0'),(40454,7220,3,8,'0'),(40455,7221,3,2,'0'),(40456,7221,3,3,'2012'),(40457,7221,3,4,'1,489'),(40458,7221,3,5,'672'),(40459,7221,3,6,'817'),(40460,7221,3,7,'0'),(40461,7221,3,8,'0'),(40462,7222,3,2,'0'),(40463,7222,3,3,'2011'),(40464,7222,3,4,'1,606'),(40465,7222,3,5,'1105'),(40466,7222,3,6,'501'),(40467,7222,3,7,'0'),(40468,7222,3,8,'0'),(40469,7223,3,2,'9,000'),(40470,7223,3,3,'2011'),(40471,7223,3,4,'1,580'),(40472,7223,3,5,'751'),(40473,7223,3,6,'829'),(40474,7223,3,7,'0'),(40475,7223,3,8,'0'),(40476,7224,3,2,'0'),(40477,7224,3,3,'2011'),(40478,7224,3,4,'725'),(40479,7224,3,5,'657'),(40480,7224,3,6,'68'),(40481,7224,3,7,'0'),(40482,7224,3,8,'0'),(40483,7225,3,2,'0'),(40484,7225,3,3,'2012'),(40485,7225,3,4,'956'),(40486,7225,3,5,'803'),(40487,7225,3,6,'153'),(40488,7225,3,7,'0'),(40489,7225,3,8,'0'),(40490,7226,3,2,'0'),(40491,7226,3,3,'2010'),(40492,7226,3,4,'1,563'),(40493,7226,3,5,'659'),(40494,7226,3,6,'904'),(40495,7226,3,7,'0'),(40496,7226,3,8,'0'),(40497,7227,3,2,'0'),(40498,7227,3,3,'2013'),(40499,7227,3,4,'1,687'),(40500,7227,3,5,'908'),(40501,7227,3,6,'779'),(40502,7227,3,7,'0'),(40503,7227,3,8,'0'),(40504,7228,3,2,'0'),(40505,7228,3,3,'2013'),(40506,7228,3,4,'1,840'),(40507,7228,3,5,'1133'),(40508,7228,3,6,'707'),(40509,7228,3,7,'0'),(40510,7228,3,8,'0'),(40511,7229,3,2,'0'),(40512,7229,3,3,'2013'),(40513,7229,3,4,'1,790'),(40514,7229,3,5,'1477'),(40515,7229,3,6,'313'),(40516,7229,3,7,'0'),(40517,7229,3,8,'0'),(40518,7230,3,2,'1,250'),(40519,7230,3,3,'2014'),(40520,7230,3,4,'1,659'),(40521,7230,3,5,'1242'),(40522,7230,3,6,'417'),(40523,7230,3,7,'0'),(40524,7230,3,8,'0'),(40525,7231,3,2,'1,250'),(40526,7231,3,3,'2014'),(40527,7231,3,4,'1,448'),(40528,7231,3,5,'1196'),(40529,7231,3,6,'252'),(40530,7231,3,7,'0'),(40531,7231,3,8,'0'),(40532,7232,3,2,'5,000'),(40533,7232,3,3,'2014'),(40534,7232,3,4,'1,532'),(40535,7232,3,5,'1328'),(40536,7232,3,6,'204'),(40537,7232,3,7,'0'),(40538,7232,3,8,'0'),(40539,7233,3,2,'3,675,670'),(40540,7233,3,3,'2013'),(40541,7233,3,4,'1,406'),(40542,7233,3,5,'1294'),(40543,7233,3,6,'112'),(40544,7233,3,7,'0'),(40545,7233,3,8,'0'),(40546,7234,3,2,'0'),(40547,7234,3,3,'2012'),(40548,7234,3,4,'594'),(40549,7234,3,5,'480'),(40550,7234,3,6,'114'),(40551,7234,3,7,'0'),(40552,7234,3,8,'0'),(40553,7235,3,2,'0'),(40554,7235,3,3,'2013'),(40555,7235,3,4,'322'),(40556,7235,3,5,'322'),(40557,7235,3,6,'0'),(40558,7235,3,7,'0'),(40559,7235,3,8,'0'),(40560,7236,3,2,'16,000'),(40561,7236,3,3,'2013'),(40562,7236,3,4,'1,565'),(40563,7236,3,5,'797'),(40564,7236,3,6,'768'),(40565,7236,3,7,'0'),(40566,7236,3,8,'0'),(40567,7237,3,2,'0'),(40568,7237,3,3,'2014'),(40569,7237,3,4,'1,544'),(40570,7237,3,5,'1148'),(40571,7237,3,6,'396'),(40572,7237,3,7,'0'),(40573,7237,3,8,'0'),(40574,7238,3,2,'0'),(40575,7238,3,3,'2010'),(40576,7238,3,4,'1,335'),(40577,7238,3,5,'1073'),(40578,7238,3,6,'262'),(40579,7238,3,7,'0'),(40580,7238,3,8,'0'),(40581,7239,3,2,'430,531'),(40582,7239,3,3,'2012'),(40583,7239,3,4,'1,216'),(40584,7239,3,5,'959'),(40585,7239,3,6,'257'),(40586,7239,3,7,'0'),(40587,7239,3,8,'0'),(40588,7240,3,2,'0'),(40589,7240,3,3,'2012'),(40590,7240,3,4,'1,334'),(40591,7240,3,5,'943'),(40592,7240,3,6,'391'),(40593,7240,3,7,'0'),(40594,7240,3,8,'0'),(40595,7241,3,2,'0'),(40596,7241,3,3,'2012'),(40597,7241,3,4,'1,739'),(40598,7241,3,5,'768'),(40599,7241,3,6,'971'),(40600,7241,3,7,'0'),(40601,7241,3,8,'0'),(40602,7242,3,2,'0'),(40603,7242,3,3,'2010'),(40604,7242,3,4,'1,722'),(40605,7242,3,5,'972'),(40606,7242,3,6,'750'),(40607,7242,3,7,'0'),(40608,7242,3,8,'0'),(40609,7243,3,2,'0'),(40610,7243,3,3,'2011'),(40611,7243,3,4,'1,622'),(40612,7243,3,5,'687'),(40613,7243,3,6,'935'),(40614,7243,3,7,'0'),(40615,7243,3,8,'0'),(40616,7244,3,2,'0'),(40617,7244,3,3,'2011'),(40618,7244,3,4,'2,027'),(40619,7244,3,5,'1766'),(40620,7244,3,6,'261'),(40621,7244,3,7,'0'),(40622,7244,3,8,'0'),(40623,7245,3,2,'0'),(40624,7245,3,3,'2012'),(40625,7245,3,4,'1,412'),(40626,7245,3,5,'572'),(40627,7245,3,6,'840'),(40628,7245,3,7,'0'),(40629,7245,3,8,'0'),(40630,7246,3,2,'0'),(40631,7246,3,3,'2012'),(40632,7246,3,4,'1,787'),(40633,7246,3,5,'1081'),(40634,7246,3,6,'706'),(40635,7246,3,7,'0'),(40636,7246,3,8,'0'),(40637,7247,3,2,'0'),(40638,7247,3,3,'2012'),(40639,7247,3,4,'1,616'),(40640,7247,3,5,'740'),(40641,7247,3,6,'876'),(40642,7247,3,7,'0'),(40643,7247,3,8,'0'),(40644,7248,3,2,'0'),(40645,7248,3,3,'2012'),(40646,7248,3,4,'1,621'),(40647,7248,3,5,'934'),(40648,7248,3,6,'687'),(40649,7248,3,7,'0'),(40650,7248,3,8,'0'),(40651,7249,3,2,'18,750'),(40652,7249,3,3,'2012'),(40653,7249,3,4,'1,657'),(40654,7249,3,5,'1149'),(40655,7249,3,6,'508'),(40656,7249,3,7,'0'),(40657,7249,3,8,'0'),(40658,7250,3,2,'0'),(40659,7250,3,3,'2012'),(40660,7250,3,4,'1,680'),(40661,7250,3,5,'1020'),(40662,7250,3,6,'660'),(40663,7250,3,7,'0'),(40664,7250,3,8,'0'),(40665,7251,3,2,'0'),(40666,7251,3,3,'2011'),(40667,7251,3,4,'1,571'),(40668,7251,3,5,'767'),(40669,7251,3,6,'804'),(40670,7251,3,7,'0'),(40671,7251,3,8,'0'),(40672,7252,3,2,'892,245'),(40673,7252,3,3,'2010'),(40674,7252,3,4,'591'),(40675,7252,3,5,'245'),(40676,7252,3,6,'346'),(40677,7252,3,7,'0'),(40678,7252,3,8,'0'),(40679,7253,3,2,'0'),(40680,7253,3,3,'2012'),(40681,7253,3,4,'1,536'),(40682,7253,3,5,'701'),(40683,7253,3,6,'835'),(40684,7253,3,7,'0'),(40685,7253,3,8,'0'),(40686,7254,3,2,'0'),(40687,7254,3,3,'2012'),(40688,7254,3,4,'1,657'),(40689,7254,3,5,'596'),(40690,7254,3,6,'1,061'),(40691,7254,3,7,'0'),(40692,7254,3,8,'0'),(40693,7255,3,2,'0'),(40694,7255,3,3,'2012'),(40695,7255,3,4,'1,508'),(40696,7255,3,5,'735'),(40697,7255,3,6,'773'),(40698,7255,3,7,'0'),(40699,7255,3,8,'0'),(40700,7256,3,2,'0'),(40701,7256,3,3,'2012'),(40702,7256,3,4,'1,422'),(40703,7256,3,5,'1164'),(40704,7256,3,6,'258'),(40705,7256,3,7,'0'),(40706,7256,3,8,'0'),(40707,7257,3,2,'2,500'),(40708,7257,3,3,'2012'),(40709,7257,3,4,'1,695'),(40710,7257,3,5,'709'),(40711,7257,3,6,'986'),(40712,7257,3,7,'0'),(40713,7257,3,8,'0'),(40714,7258,3,2,'0'),(40715,7258,3,3,'2012'),(40716,7258,3,4,'1,558'),(40717,7258,3,5,'897'),(40718,7258,3,6,'661'),(40719,7258,3,7,'0'),(40720,7258,3,8,'0'),(40721,7259,3,2,'3,374,299'),(40722,7259,3,3,'2012'),(40723,7259,3,4,'1,879'),(40724,7259,3,5,'1140'),(40725,7259,3,6,'739'),(40726,7259,3,7,'0'),(40727,7259,3,8,'0'),(40728,7260,3,2,'14,100'),(40729,7260,3,3,'2012'),(40730,7260,3,4,'369'),(40731,7260,3,5,'289'),(40732,7260,3,6,'80'),(40733,7260,3,7,'0'),(40734,7260,3,8,'0'),(40735,7261,3,2,'0'),(40736,7261,3,3,'2013'),(40737,7261,3,4,'1,643'),(40738,7261,3,5,'616'),(40739,7261,3,6,'1,027'),(40740,7261,3,7,'0'),(40741,7261,3,8,'0'),(40742,7262,3,2,'0'),(40743,7262,3,3,'2013'),(40744,7262,3,4,'1,721'),(40745,7262,3,5,'1047'),(40746,7262,3,6,'674'),(40747,7262,3,7,'0'),(40748,7262,3,8,'0'),(40749,7263,3,2,'0'),(40750,7263,3,3,'2013'),(40751,7263,3,4,'976'),(40752,7263,3,5,'788'),(40753,7263,3,6,'188'),(40754,7263,3,7,'0'),(40755,7263,3,8,'0'),(40756,7264,3,2,'0'),(40757,7264,3,3,'2013'),(40758,7264,3,4,'1,402'),(40759,7264,3,5,'590'),(40760,7264,3,6,'812'),(40761,7264,3,7,'0'),(40762,7264,3,8,'0'),(40763,7265,3,2,'73,830'),(40764,7265,3,3,'2013'),(40765,7265,3,4,'1,303'),(40766,7265,3,5,'1161'),(40767,7265,3,6,'142'),(40768,7265,3,7,'0'),(40769,7265,3,8,'0'),(40770,7266,3,2,'176,680'),(40771,7266,3,3,'2013'),(40772,7266,3,4,'764'),(40773,7266,3,5,'764'),(40774,7266,3,6,'0'),(40775,7266,3,7,'0'),(40776,7266,3,8,'0'),(40777,7267,3,2,'78,482'),(40778,7267,3,3,'2013'),(40779,7267,3,4,'1,079'),(40780,7267,3,5,'909'),(40781,7267,3,6,'170'),(40782,7267,3,7,'0'),(40783,7267,3,8,'0'),(40784,7268,3,2,'0'),(40785,7268,3,3,'2013'),(40786,7268,3,4,'1,672'),(40787,7268,3,5,'963'),(40788,7268,3,6,'709'),(40789,7268,3,7,'0'),(40790,7268,3,8,'0'),(40791,7269,3,2,'0'),(40792,7269,3,3,'2013'),(40793,7269,3,4,'757'),(40794,7269,3,5,'394'),(40795,7269,3,6,'363'),(40796,7269,3,7,'0'),(40797,7269,3,8,'0'),(40798,7270,3,2,'769,849'),(40799,7270,3,3,'2013'),(40800,7270,3,4,'1,478'),(40801,7270,3,5,'817'),(40802,7270,3,6,'661'),(40803,7270,3,7,'0'),(40804,7270,3,8,'0'),(40805,7271,3,2,'0'),(40806,7271,3,3,'2014'),(40807,7271,3,4,'1,392'),(40808,7271,3,5,'898'),(40809,7271,3,6,'494'),(40810,7271,3,7,'0'),(40811,7271,3,8,'0'),(40812,7272,3,2,'0'),(40813,7272,3,3,'2014'),(40814,7272,3,4,'1,323'),(40815,7272,3,5,'1217'),(40816,7272,3,6,'106'),(40817,7272,3,7,'0'),(40818,7272,3,8,'0'),(40819,7273,3,2,'20,900'),(40820,7273,3,3,'2013'),(40821,7273,3,4,'1,765'),(40822,7273,3,5,'999'),(40823,7273,3,6,'766'),(40824,7273,3,7,'0'),(40825,7273,3,8,'0'),(40826,7274,3,2,'3,450'),(40827,7274,3,3,'2014'),(40828,7274,3,4,'1,250'),(40829,7274,3,5,'971'),(40830,7274,3,6,'279'),(40831,7274,3,7,'0'),(40832,7274,3,8,'0'),(40833,7275,3,2,'0'),(40834,7275,3,3,'2013'),(40835,7275,3,4,'1,738'),(40836,7275,3,5,'1228'),(40837,7275,3,6,'510'),(40838,7275,3,7,'0'),(40839,7275,3,8,'0'),(40840,7276,3,2,'0'),(40841,7276,3,3,'2013'),(40842,7276,3,4,'1,703'),(40843,7276,3,5,'1052'),(40844,7276,3,6,'651'),(40845,7276,3,7,'0'),(40846,7276,3,8,'0'),(40847,7277,3,2,'42,116'),(40848,7277,3,3,'2013'),(40849,7277,3,4,'733'),(40850,7277,3,5,'335'),(40851,7277,3,6,'398'),(40852,7277,3,7,'0'),(40853,7277,3,8,'0'),(40854,7278,3,2,'4,500'),(40855,7278,3,3,'2013'),(40856,7278,3,4,'1,571'),(40857,7278,3,5,'863'),(40858,7278,3,6,'708'),(40859,7278,3,7,'0'),(40860,7278,3,8,'0'),(40861,7279,3,2,'6,500'),(40862,7279,3,3,'2013'),(40863,7279,3,4,'1,453'),(40864,7279,3,5,'629'),(40865,7279,3,6,'824'),(40866,7279,3,7,'0'),(40867,7279,3,8,'0'),(40868,7280,3,2,'9,000'),(40869,7280,3,3,'2013'),(40870,7280,3,4,'1,743'),(40871,7280,3,5,'717'),(40872,7280,3,6,'1,026'),(40873,7280,3,7,'0'),(40874,7280,3,8,'0'),(40875,7281,3,2,'0'),(40876,7281,3,3,'2013'),(40877,7281,3,4,'1,604'),(40878,7281,3,5,'538'),(40879,7281,3,6,'1,066'),(40880,7281,3,7,'0'),(40881,7281,3,8,'0'),(40882,7282,3,2,'0'),(40883,7282,3,3,'2013'),(40884,7282,3,4,'1,603'),(40885,7282,3,5,'824'),(40886,7282,3,6,'779'),(40887,7282,3,7,'0'),(40888,7282,3,8,'0'),(40889,7283,3,2,'0'),(40890,7283,3,3,'2013'),(40891,7283,3,4,'1,784'),(40892,7283,3,5,'1060'),(40893,7283,3,6,'724'),(40894,7283,3,7,'0'),(40895,7283,3,8,'0'),(40896,7284,3,2,'0'),(40897,7284,3,3,'2013'),(40898,7284,3,4,'1,764'),(40899,7284,3,5,'781'),(40900,7284,3,6,'983'),(40901,7284,3,7,'0'),(40902,7284,3,8,'0'),(40903,7285,3,2,'0'),(40904,7285,3,3,'2013'),(40905,7285,3,4,'1,666'),(40906,7285,3,5,'683'),(40907,7285,3,6,'983'),(40908,7285,3,7,'0'),(40909,7285,3,8,'0'),(40910,7286,3,2,'25,000'),(40911,7286,3,3,'2013'),(40912,7286,3,4,'1,833'),(40913,7286,3,5,'625'),(40914,7286,3,6,'1,208'),(40915,7286,3,7,'0'),(40916,7286,3,8,'0'),(40917,7287,3,2,'330,661'),(40918,7287,3,3,'2013'),(40919,7287,3,4,'1,724'),(40920,7287,3,5,'646'),(40921,7287,3,6,'1,078'),(40922,7287,3,7,'0'),(40923,7287,3,8,'0'),(40924,7288,3,2,'0'),(40925,7288,3,3,'2013'),(40926,7288,3,4,'1,928'),(40927,7288,3,5,'1057'),(40928,7288,3,6,'871'),(40929,7288,3,7,'0'),(40930,7288,3,8,'0'),(40931,7289,3,2,'0'),(40932,7289,3,3,'2013'),(40933,7289,3,4,'1,598'),(40934,7289,3,5,'713'),(40935,7289,3,6,'885'),(40936,7289,3,7,'0'),(40937,7289,3,8,'0'),(40938,7290,3,2,'18,000'),(40939,7290,3,3,'2013'),(40940,7290,3,4,'1,539'),(40941,7290,3,5,'987'),(40942,7290,3,6,'552'),(40943,7290,3,7,'0'),(40944,7290,3,8,'0'),(40945,7291,3,2,'0'),(40946,7291,3,3,'2013'),(40947,7291,3,4,'1,650'),(40948,7291,3,5,'750'),(40949,7291,3,6,'900'),(40950,7291,3,7,'0'),(40951,7291,3,8,'0'),(40952,7292,3,2,'0'),(40953,7292,3,3,'2013'),(40954,7292,3,4,'1,703'),(40955,7292,3,5,'922'),(40956,7292,3,6,'781'),(40957,7292,3,7,'0'),(40958,7292,3,8,'0'),(40959,7293,3,2,'0'),(40960,7293,3,3,'2013'),(40961,7293,3,4,'1,651'),(40962,7293,3,5,'747'),(40963,7293,3,6,'904'),(40964,7293,3,7,'0'),(40965,7293,3,8,'0'),(40966,7294,3,2,'0'),(40967,7294,3,3,'2013'),(40968,7294,3,4,'1,717'),(40969,7294,3,5,'870'),(40970,7294,3,6,'847'),(40971,7294,3,7,'0'),(40972,7294,3,8,'0'),(40973,7295,3,2,'0'),(40974,7295,3,3,'2013'),(40975,7295,3,4,'1,645'),(40976,7295,3,5,'750'),(40977,7295,3,6,'895'),(40978,7295,3,7,'0'),(40979,7295,3,8,'0'),(40987,7297,3,2,'0'),(40988,7297,3,3,'2013'),(40989,7297,3,4,'1,705'),(40990,7297,3,5,'787'),(40991,7297,3,6,'918'),(40992,7297,3,7,'0'),(40993,7297,3,8,'0'),(40994,7298,3,2,'0'),(40995,7298,3,3,'2013'),(40996,7298,3,4,'1,884'),(40997,7298,3,5,'893'),(40998,7298,3,6,'991'),(40999,7298,3,7,'0'),(41000,7298,3,8,'0'),(41001,7299,3,2,'0'),(41002,7299,3,3,'2013'),(41003,7299,3,4,'1,687'),(41004,7299,3,5,'931'),(41005,7299,3,6,'756'),(41006,7299,3,7,'0'),(41007,7299,3,8,'0'),(41008,7300,3,2,'0'),(41009,7300,3,3,'2013'),(41010,7300,3,4,'1,827'),(41011,7300,3,5,'890'),(41012,7300,3,6,'937'),(41013,7300,3,7,'0'),(41014,7300,3,8,'0'),(41015,7301,3,2,'0'),(41016,7301,3,3,'2013'),(41017,7301,3,4,'1,418'),(41018,7301,3,5,'994'),(41019,7301,3,6,'424'),(41020,7301,3,7,'0'),(41021,7301,3,8,'0'),(41022,7302,3,2,'0'),(41023,7302,3,3,'2013'),(41024,7302,3,4,'1,621'),(41025,7302,3,5,'627'),(41026,7302,3,6,'994'),(41027,7302,3,7,'0'),(41028,7302,3,8,'0'),(41029,7303,3,2,'0'),(41030,7303,3,3,'2013'),(41031,7303,3,4,'1,659'),(41032,7303,3,5,'552'),(41033,7303,3,6,'1,107'),(41034,7303,3,7,'0'),(41035,7303,3,8,'0'),(41036,7304,3,2,'0'),(41037,7304,3,3,'2013'),(41038,7304,3,4,'1,365'),(41039,7304,3,5,'1023'),(41040,7304,3,6,'342'),(41041,7304,3,7,'0'),(41042,7304,3,8,'0'),(41043,7305,3,2,'0'),(41044,7305,3,3,'2013'),(41045,7305,3,4,'1,570'),(41046,7305,3,5,'629'),(41047,7305,3,6,'941'),(41048,7305,3,7,'0'),(41049,7305,3,8,'0'),(41050,7306,3,2,'0'),(41051,7306,3,3,'2013'),(41052,7306,3,4,'1,685'),(41053,7306,3,5,'842'),(41054,7306,3,6,'843'),(41055,7306,3,7,'0'),(41056,7306,3,8,'0'),(41057,7307,3,2,'0'),(41058,7307,3,3,'2013'),(41059,7307,3,4,'761'),(41060,7307,3,5,'592'),(41061,7307,3,6,'169'),(41062,7307,3,7,'0'),(41063,7307,3,8,'0'),(41064,7308,3,2,'0'),(41065,7308,3,3,'2013'),(41066,7308,3,4,'1,559'),(41067,7308,3,5,'970'),(41068,7308,3,6,'589'),(41069,7308,3,7,'0'),(41070,7308,3,8,'0'),(41071,7309,3,2,'0'),(41072,7309,3,3,'2013'),(41073,7309,3,4,'1,573'),(41074,7309,3,5,'1185'),(41075,7309,3,6,'388'),(41076,7309,3,7,'0'),(41077,7309,3,8,'0'),(41078,7310,3,2,'0'),(41079,7310,3,3,'2013'),(41080,7310,3,4,'1,745'),(41081,7310,3,5,'1148'),(41082,7310,3,6,'597'),(41083,7310,3,7,'0'),(41084,7310,3,8,'0'),(41085,7311,3,2,'0'),(41086,7311,3,3,'2013'),(41087,7311,3,4,'1,641'),(41088,7311,3,5,'1150'),(41089,7311,3,6,'491'),(41090,7311,3,7,'0'),(41091,7311,3,8,'0'),(41092,7312,3,2,'0'),(41093,7312,3,3,'2013'),(41094,7312,3,4,'1,610'),(41095,7312,3,5,'868'),(41096,7312,3,6,'742'),(41097,7312,3,7,'0'),(41098,7312,3,8,'0'),(41099,7313,3,2,'0'),(41100,7313,3,3,'2013'),(41101,7313,3,4,'1,776'),(41102,7313,3,5,'992'),(41103,7313,3,6,'784'),(41104,7313,3,7,'0'),(41105,7313,3,8,'0'),(41106,7314,3,2,'0'),(41107,7314,3,3,'2013'),(41108,7314,3,4,'1,789'),(41109,7314,3,5,'933'),(41110,7314,3,6,'856'),(41111,7314,3,7,'0'),(41112,7314,3,8,'0'),(41113,7315,3,2,'0'),(41114,7315,3,3,'2013'),(41115,7315,3,4,'1,558'),(41116,7315,3,5,'781'),(41117,7315,3,6,'777'),(41118,7315,3,7,'0'),(41119,7315,3,8,'0'),(41120,7316,3,2,'0'),(41121,7316,3,3,'2013'),(41122,7316,3,4,'1,757'),(41123,7316,3,5,'1105'),(41124,7316,3,6,'652'),(41125,7316,3,7,'0'),(41126,7316,3,8,'0'),(41127,7317,3,2,'0'),(41128,7317,3,3,'2013'),(41129,7317,3,4,'1,659'),(41130,7317,3,5,'960'),(41131,7317,3,6,'699'),(41132,7317,3,7,'0'),(41133,7317,3,8,'0'),(41134,7318,3,2,'0'),(41135,7318,3,3,'2013'),(41136,7318,3,4,'1,624'),(41137,7318,3,5,'940'),(41138,7318,3,6,'684'),(41139,7318,3,7,'0'),(41140,7318,3,8,'0'),(41141,7319,3,2,'0'),(41142,7319,3,3,'2013'),(41143,7319,3,4,'1,638'),(41144,7319,3,5,'910'),(41145,7319,3,6,'728'),(41146,7319,3,7,'0'),(41147,7319,3,8,'0'),(41148,7320,3,2,'0'),(41149,7320,3,3,'2013'),(41150,7320,3,4,'1,322'),(41151,7320,3,5,'788'),(41152,7320,3,6,'534'),(41153,7320,3,7,'0'),(41154,7320,3,8,'0'),(41155,7321,3,2,'0'),(41156,7321,3,3,'2013'),(41157,7321,3,4,'1,537'),(41158,7321,3,5,'1054'),(41159,7321,3,6,'483'),(41160,7321,3,7,'0'),(41161,7321,3,8,'0'),(41162,7322,3,2,'0'),(41163,7322,3,3,'2013'),(41164,7322,3,4,'1,094'),(41165,7322,3,5,'901'),(41166,7322,3,6,'193'),(41167,7322,3,7,'0'),(41168,7322,3,8,'0'),(41169,7323,3,2,'256,300'),(41170,7323,3,3,'2013'),(41171,7323,3,4,'1,244'),(41172,7323,3,5,'844'),(41173,7323,3,6,'400'),(41174,7323,3,7,'0'),(41175,7323,3,8,'0'),(41176,7324,3,2,'0'),(41177,7324,3,3,'2013'),(41178,7324,3,4,'1,398'),(41179,7324,3,5,'851'),(41180,7324,3,6,'547'),(41181,7324,3,7,'0'),(41182,7324,3,8,'0'),(41183,7325,3,2,'47,500'),(41184,7325,3,3,'2013'),(41185,7325,3,4,'1,586'),(41186,7325,3,5,'983'),(41187,7325,3,6,'603'),(41188,7325,3,7,'0'),(41189,7325,3,8,'0'),(41190,7326,3,2,'0'),(41191,7326,3,3,'2013'),(41192,7326,3,4,'1,629'),(41193,7326,3,5,'1012'),(41194,7326,3,6,'617'),(41195,7326,3,7,'0'),(41196,7326,3,8,'0'),(41197,7327,3,2,'0'),(41198,7327,3,3,'2013'),(41199,7327,3,4,'1,640'),(41200,7327,3,5,'683'),(41201,7327,3,6,'957'),(41202,7327,3,7,'0'),(41203,7327,3,8,'0'),(41204,7328,3,2,'0'),(41205,7328,3,3,'2013'),(41206,7328,3,4,'1,514'),(41207,7328,3,5,'1040'),(41208,7328,3,6,'474'),(41209,7328,3,7,'0'),(41210,7328,3,8,'0'),(41211,7329,3,2,'0'),(41212,7329,3,3,'2013'),(41213,7329,3,4,'1,706'),(41214,7329,3,5,'1269'),(41215,7329,3,6,'437'),(41216,7329,3,7,'0'),(41217,7329,3,8,'0'),(41218,7330,3,2,'29,000'),(41219,7330,3,3,'2013'),(41220,7330,3,4,'706'),(41221,7330,3,5,'571'),(41222,7330,3,6,'135'),(41223,7330,3,7,'0'),(41224,7330,3,8,'0'),(41225,7331,3,2,'26,250'),(41226,7331,3,3,'2013'),(41227,7331,3,4,'1,204'),(41228,7331,3,5,'619'),(41229,7331,3,6,'585'),(41230,7331,3,7,'0'),(41231,7331,3,8,'0'),(41232,7332,3,2,'17,500'),(41233,7332,3,3,'2013'),(41234,7332,3,4,'1,093'),(41235,7332,3,5,'824'),(41236,7332,3,6,'269'),(41237,7332,3,7,'0'),(41238,7332,3,8,'0'),(41239,7333,3,2,'0'),(41240,7333,3,3,'2013'),(41241,7333,3,4,'1,368'),(41242,7333,3,5,'1055'),(41243,7333,3,6,'313'),(41244,7333,3,7,'0'),(41245,7333,3,8,'0'),(41246,7334,3,2,'1,855,171'),(41247,7334,3,3,'2013'),(41248,7334,3,4,'1,090'),(41249,7334,3,5,'579'),(41250,7334,3,6,'511'),(41251,7334,3,7,'0'),(41252,7334,3,8,'0'),(41253,7335,3,2,'40,500'),(41254,7335,3,3,'2013'),(41255,7335,3,4,'1,365'),(41256,7335,3,5,'907'),(41257,7335,3,6,'458'),(41258,7335,3,7,'0'),(41259,7335,3,8,'0'),(41260,7336,3,2,'10,000'),(41261,7336,3,3,'2013'),(41262,7336,3,4,'1,281'),(41263,7336,3,5,'789'),(41264,7336,3,6,'492'),(41265,7336,3,7,'0'),(41266,7336,3,8,'0'),(41267,7337,3,2,'0'),(41268,7337,3,3,'2014'),(41269,7337,3,4,'1,458'),(41270,7337,3,5,'658'),(41271,7337,3,6,'800'),(41272,7337,3,7,'0'),(41273,7337,3,8,'0'),(41274,7338,3,2,'0'),(41275,7338,3,3,'2014'),(41276,7338,3,4,'1,439'),(41277,7338,3,5,'1107'),(41278,7338,3,6,'332'),(41279,7338,3,7,'0'),(41280,7338,3,8,'0'),(41281,7339,3,2,'7,000'),(41282,7339,3,3,'2014'),(41283,7339,3,4,'1,397'),(41284,7339,3,5,'1085'),(41285,7339,3,6,'312'),(41286,7339,3,7,'0'),(41287,7339,3,8,'0'),(41288,7340,3,2,'111,450'),(41289,7340,3,3,'2013'),(41290,7340,3,4,'1,416'),(41291,7340,3,5,'1370'),(41292,7340,3,6,'46'),(41293,7340,3,7,'0'),(41294,7340,3,8,'0'),(41295,7341,3,2,'13,100'),(41296,7341,3,3,'2013'),(41297,7341,3,4,'603'),(41298,7341,3,5,'563'),(41299,7341,3,6,'40'),(41300,7341,3,7,'0'),(41301,7341,3,8,'0'),(41302,7342,3,2,'1,464,737'),(41303,7342,3,3,'2013'),(41304,7342,3,4,'667'),(41305,7342,3,5,'660'),(41306,7342,3,6,'7'),(41307,7342,3,7,'0'),(41308,7342,3,8,'0'),(41309,7343,3,2,'0'),(41310,7343,3,3,'2013'),(41311,7343,3,4,'503'),(41312,7343,3,5,'497'),(41313,7343,3,6,'6'),(41314,7343,3,7,'0'),(41315,7343,3,8,'0'),(41316,7344,3,2,'369,740'),(41317,7344,3,3,'2013'),(41318,7344,3,4,'1,140'),(41319,7344,3,5,'1041'),(41320,7344,3,6,'99'),(41321,7344,3,7,'0'),(41322,7344,3,8,'0'),(41323,7345,3,2,'58,566'),(41324,7345,3,3,'2011'),(41325,7345,3,4,'466'),(41326,7345,3,5,'319'),(41327,7345,3,6,'147'),(41328,7345,3,7,'0'),(41329,7345,3,8,'0'),(41330,7346,3,2,'1,116,550'),(41331,7346,3,3,'2014'),(41332,7346,3,4,'556'),(41333,7346,3,5,'415'),(41334,7346,3,6,'141'),(41335,7346,3,7,'0'),(41336,7346,3,8,'0'),(41337,7347,3,2,'52,756'),(41338,7347,3,3,'2014'),(41339,7347,3,4,'493'),(41340,7347,3,5,'354'),(41341,7347,3,6,'139'),(41342,7347,3,7,'0'),(41343,7347,3,8,'0'),(41344,7348,3,2,'0'),(41345,7348,3,3,'2011'),(41346,7348,3,4,'1,733'),(41347,7348,3,5,'939'),(41348,7348,3,6,'794'),(41349,7348,3,7,'0'),(41350,7348,3,8,'0'),(41351,7349,3,2,'151,895'),(41352,7349,3,3,'2006'),(41353,7349,3,4,'1,617'),(41354,7349,3,5,'972'),(41355,7349,3,6,'645'),(41356,7349,3,7,'0'),(41357,7349,3,8,'0'),(41358,7350,3,2,'48,875'),(41359,7350,3,3,'2012'),(41360,7350,3,4,'1,617'),(41361,7350,3,5,'917'),(41362,7350,3,6,'700'),(41363,7350,3,7,'0'),(41364,7350,3,8,'0'),(41365,7351,3,2,'642,980'),(41366,7351,3,3,'2012'),(41367,7351,3,4,'302'),(41368,7351,3,5,'233'),(41369,7351,3,6,'69'),(41370,7351,3,7,'0'),(41371,7351,3,8,'0'),(41372,7352,3,2,'5,028'),(41373,7352,3,3,'2012'),(41374,7352,3,4,'1,674'),(41375,7352,3,5,'896'),(41376,7352,3,6,'778'),(41377,7352,3,7,'0'),(41378,7352,3,8,'0'),(41379,7353,3,2,'0'),(41380,7353,3,3,'2011'),(41381,7353,3,4,'1,465'),(41382,7353,3,5,'870'),(41383,7353,3,6,'595'),(41384,7353,3,7,'0'),(41385,7353,3,8,'0'),(41386,7354,3,2,'0'),(41387,7354,3,3,'2010'),(41388,7354,3,4,'1,533'),(41389,7354,3,5,'884'),(41390,7354,3,6,'649'),(41391,7354,3,7,'0'),(41392,7354,3,8,'0'),(41393,7355,3,2,'0'),(41394,7355,3,3,'2012'),(41395,7355,3,4,'1,101'),(41396,7355,3,5,'1026'),(41397,7355,3,6,'75'),(41398,7355,3,7,'0'),(41399,7355,3,8,'0'),(41400,7356,3,2,'0'),(41401,7356,3,3,'2010'),(41402,7356,3,4,'1,644'),(41403,7356,3,5,'1163'),(41404,7356,3,6,'481'),(41405,7356,3,7,'0'),(41406,7356,3,8,'0'),(41407,7357,3,2,'60,000'),(41408,7357,3,3,'2012'),(41409,7357,3,4,'862'),(41410,7357,3,5,'827'),(41411,7357,3,6,'35'),(41412,7357,3,7,'0'),(41413,7357,3,8,'0'),(41414,7358,3,2,'0'),(41415,7358,3,3,'2010'),(41416,7358,3,4,'1,630'),(41417,7358,3,5,'620'),(41418,7358,3,6,'1,010'),(41419,7358,3,7,'0'),(41420,7358,3,8,'0'),(41421,7359,3,2,'0'),(41422,7359,3,3,'2013'),(41423,7359,3,4,'1,505'),(41424,7359,3,5,'1032'),(41425,7359,3,6,'473'),(41426,7359,3,7,'0'),(41427,7359,3,8,'0'),(41428,7360,3,2,'2,507'),(41429,7360,3,3,'2014'),(41430,7360,3,4,'1,562'),(41431,7360,3,5,'781'),(41432,7360,3,6,'781'),(41433,7360,3,7,'0'),(41434,7360,3,8,'0'),(41435,7361,3,2,'0'),(41436,7361,3,3,'2013'),(41437,7361,3,4,'485'),(41438,7361,3,5,'220'),(41439,7361,3,6,'265'),(41440,7361,3,7,'0'),(41441,7361,3,8,'0'),(41442,7362,3,2,'0'),(41443,7362,3,3,'2014'),(41444,7362,3,4,'1,516'),(41445,7362,3,5,'454'),(41446,7362,3,6,'1,062'),(41447,7362,3,7,'0'),(41448,7362,3,8,'0'),(41449,7363,3,2,'0'),(41450,7363,3,3,'2014'),(41451,7363,3,4,'1,743'),(41452,7363,3,5,'765'),(41453,7363,3,6,'978'),(41454,7363,3,7,'0'),(41455,7363,3,8,'0'),(41456,7364,3,2,'0'),(41457,7364,3,3,'2014'),(41458,7364,3,4,'1,537'),(41459,7364,3,5,'370'),(41460,7364,3,6,'1,167'),(41461,7364,3,7,'0'),(41462,7364,3,8,'0'),(41463,7365,3,2,'0'),(41464,7365,3,3,'2014'),(41465,7365,3,4,'1,687'),(41466,7365,3,5,'199'),(41467,7365,3,6,'1,488'),(41468,7365,3,7,'0'),(41469,7365,3,8,'0'),(41470,7366,3,2,'0'),(41471,7366,3,3,'2014'),(41472,7366,3,4,'1,662'),(41473,7366,3,5,'789'),(41474,7366,3,6,'873'),(41475,7366,3,7,'0'),(41476,7366,3,8,'0'),(41477,7367,3,2,'0'),(41478,7367,3,3,'2014'),(41479,7367,3,4,'1,722'),(41480,7367,3,5,'728'),(41481,7367,3,6,'994'),(41482,7367,3,7,'0'),(41483,7367,3,8,'0'),(41484,7368,3,2,'0'),(41485,7368,3,3,'2014'),(41486,7368,3,4,'1,659'),(41487,7368,3,5,'795'),(41488,7368,3,6,'864'),(41489,7368,3,7,'0'),(41490,7368,3,8,'0'),(41491,7369,3,2,'0'),(41492,7369,3,3,'2014'),(41493,7369,3,4,'1,420'),(41494,7369,3,5,'750'),(41495,7369,3,6,'670'),(41496,7369,3,7,'0'),(41497,7369,3,8,'0'),(41498,7370,3,2,'0'),(41499,7370,3,3,'2014'),(41500,7370,3,4,'1,439'),(41501,7370,3,5,'476'),(41502,7370,3,6,'963'),(41503,7370,3,7,'0'),(41504,7370,3,8,'0'),(41512,7372,3,2,'0'),(41513,7372,3,3,'2014'),(41514,7372,3,4,'1,955'),(41515,7372,3,5,'687'),(41516,7372,3,6,'1,268'),(41517,7372,3,7,'0'),(41518,7372,3,8,'0'),(41519,7373,3,2,'52,500'),(41520,7373,3,3,'2014'),(41521,7373,3,4,'1,327'),(41522,7373,3,5,'716'),(41523,7373,3,6,'611'),(41524,7373,3,7,'0'),(41525,7373,3,8,'0'),(41526,7374,3,2,'0'),(41527,7374,3,3,'2014'),(41528,7374,3,4,'1,260'),(41529,7374,3,5,'749'),(41530,7374,3,6,'511'),(41531,7374,3,7,'0'),(41532,7374,3,8,'0'),(41533,7375,3,2,'0'),(41534,7375,3,3,'2014'),(41535,7375,3,4,'1,186'),(41536,7375,3,5,'712'),(41537,7375,3,6,'474'),(41538,7375,3,7,'0'),(41539,7375,3,8,'0'),(41540,7376,3,2,'21,350'),(41541,7376,3,3,'2013'),(41542,7376,3,4,'848'),(41543,7376,3,5,'389'),(41544,7376,3,6,'459'),(41545,7376,3,7,'0'),(41546,7376,3,8,'0'),(41547,7377,3,2,'0'),(41548,7377,3,3,'2013'),(41549,7377,3,4,'846'),(41550,7377,3,5,'616'),(41551,7377,3,6,'230'),(41552,7377,3,7,'0'),(41553,7377,3,8,'0'),(41554,7378,3,2,'0'),(41555,7378,3,3,'2014'),(41556,7378,3,4,'1,625'),(41557,7378,3,5,'700'),(41558,7378,3,6,'925'),(41559,7378,3,7,'0'),(41560,7378,3,8,'0'),(41561,7379,3,2,'0'),(41562,7379,3,3,'2014'),(41563,7379,3,4,'1,974'),(41564,7379,3,5,'943'),(41565,7379,3,6,'1,031'),(41566,7379,3,7,'0'),(41567,7379,3,8,'0'),(41568,7380,3,2,'0'),(41569,7380,3,3,'2014'),(41570,7380,3,4,'1,439'),(41571,7380,3,5,'947'),(41572,7380,3,6,'492'),(41573,7380,3,7,'0'),(41574,7380,3,8,'0'),(41575,7381,3,2,'0'),(41576,7381,3,3,'2014'),(41577,7381,3,4,'893'),(41578,7381,3,5,'733'),(41579,7381,3,6,'160'),(41580,7381,3,7,'0'),(41581,7381,3,8,'0'),(41582,7382,3,2,'0'),(41583,7382,3,3,'2014'),(41584,7382,3,4,'1,637'),(41585,7382,3,5,'1204'),(41586,7382,3,6,'433'),(41587,7382,3,7,'0'),(41588,7382,3,8,'0'),(41589,7383,3,2,'589,350'),(41590,7383,3,3,'2014'),(41591,7383,3,4,'1,313'),(41592,7383,3,5,'1062'),(41593,7383,3,6,'251'),(41594,7383,3,7,'0'),(41595,7383,3,8,'0'),(41596,7384,3,2,'0'),(41597,7384,3,3,'2014'),(41598,7384,3,4,'1,452'),(41599,7384,3,5,'697'),(41600,7384,3,6,'755'),(41601,7384,3,7,'0'),(41602,7384,3,8,'0'),(41603,7385,3,2,'356,604'),(41604,7385,3,3,'2014'),(41605,7385,3,4,'1,827'),(41606,7385,3,5,'999'),(41607,7385,3,6,'828'),(41608,7385,3,7,'0'),(41609,7385,3,8,'0'),(41610,7386,3,2,'0'),(41611,7386,3,3,'2014'),(41612,7386,3,4,'1,223'),(41613,7386,3,5,'763'),(41614,7386,3,6,'460'),(41615,7386,3,7,'0'),(41616,7386,3,8,'0'),(41617,7387,3,2,'0'),(41618,7387,3,3,'2014'),(41619,7387,3,4,'1,790'),(41620,7387,3,5,'826'),(41621,7387,3,6,'964'),(41622,7387,3,7,'0'),(41623,7387,3,8,'0'),(41624,7388,3,2,'0'),(41625,7388,3,3,'2009'),(41626,7388,3,4,'1,809'),(41627,7388,3,5,'939'),(41628,7388,3,6,'870'),(41629,7388,3,7,'0'),(41630,7388,3,8,'0'),(41631,7389,3,2,'54,730'),(41632,7389,3,3,'2008'),(41633,7389,3,4,'1,664'),(41634,7389,3,5,'312'),(41635,7389,3,6,'1,352'),(41636,7389,3,7,'0'),(41637,7389,3,8,'0'),(41638,7390,3,2,'77,450'),(41639,7390,3,3,'2009'),(41640,7390,3,4,'1,723'),(41641,7390,3,5,'928'),(41642,7390,3,6,'795'),(41643,7390,3,7,'0'),(41644,7390,3,8,'0'),(41645,7391,3,2,'34,300'),(41646,7391,3,3,'2012'),(41647,7391,3,4,'1,598'),(41648,7391,3,5,'984'),(41649,7391,3,6,'614'),(41650,7391,3,7,'0'),(41651,7391,3,8,'0'),(41652,7392,3,2,'0'),(41653,7392,3,3,'2012'),(41654,7392,3,4,'1,205'),(41655,7392,3,5,'859'),(41656,7392,3,6,'346'),(41657,7392,3,7,'0'),(41658,7392,3,8,'0'),(41659,7393,3,2,'8,750'),(41660,7393,3,3,'2013'),(41661,7393,3,4,'1,726'),(41662,7393,3,5,'741'),(41663,7393,3,6,'985'),(41664,7393,3,7,'0'),(41665,7393,3,8,'0'),(41666,7394,3,2,'2,500'),(41667,7394,3,3,'2013'),(41668,7394,3,4,'1,787'),(41669,7394,3,5,'1040'),(41670,7394,3,6,'747'),(41671,7394,3,7,'0'),(41672,7394,3,8,'0'),(41673,7395,3,2,'25,000'),(41674,7395,3,3,'2013'),(41675,7395,3,4,'1,296'),(41676,7395,3,5,'1028'),(41677,7395,3,6,'268'),(41678,7395,3,7,'0'),(41679,7395,3,8,'0'),(41680,7396,3,2,'0'),(41681,7396,3,3,'2014'),(41682,7396,3,4,'1,076'),(41683,7396,3,5,'926'),(41684,7396,3,6,'150'),(41685,7396,3,7,'0'),(41686,7396,3,8,'0'),(41687,7397,3,2,'0'),(41688,7397,3,3,'2013'),(41689,7397,3,4,'1,411'),(41690,7397,3,5,'1219'),(41691,7397,3,6,'192'),(41692,7397,3,7,'0'),(41693,7397,3,8,'0'),(41694,7398,3,2,'0'),(41695,7398,3,3,'2013'),(41696,7398,3,4,'1,492'),(41697,7398,3,5,'1211'),(41698,7398,3,6,'281'),(41699,7398,3,7,'0'),(41700,7398,3,8,'0'),(41701,7399,3,2,'132,279'),(41702,7399,3,3,'2014'),(41703,7399,3,4,'1,100'),(41704,7399,3,5,'1032'),(41705,7399,3,6,'68'),(41706,7399,3,7,'0'),(41707,7399,3,8,'0'),(41708,7400,3,2,'612,165'),(41709,7400,3,3,'2014'),(41710,7400,3,4,'1,504'),(41711,7400,3,5,'991'),(41712,7400,3,6,'513'),(41713,7400,3,7,'0'),(41714,7400,3,8,'0'),(41715,7401,3,2,'0'),(41716,7401,3,3,'2014'),(41717,7401,3,4,'958'),(41718,7401,3,5,'657'),(41719,7401,3,6,'301'),(41720,7401,3,7,'0'),(41721,7401,3,8,'0'),(41722,7402,3,2,'185,022'),(41723,7402,3,3,'2014'),(41724,7402,3,4,'1,503'),(41725,7402,3,5,'1324'),(41726,7402,3,6,'179'),(41727,7402,3,7,'0'),(41728,7402,3,8,'0'),(41729,7403,3,2,'20,000'),(41730,7403,3,3,'2014'),(41731,7403,3,4,'1,092'),(41732,7403,3,5,'1091'),(41733,7403,3,6,'1'),(41734,7403,3,7,'0'),(41735,7403,3,8,'0'),(41736,7404,3,2,'25,750'),(41737,7404,3,3,'2014'),(41738,7404,3,4,'930'),(41739,7404,3,5,'644'),(41740,7404,3,6,'286'),(41741,7404,3,7,'0'),(41742,7404,3,8,'0'),(41743,7405,3,2,'0'),(41744,7405,3,3,'2014'),(41745,7405,3,4,'1,861'),(41746,7405,3,5,'821'),(41747,7405,3,6,'1,040'),(41748,7405,3,7,'0'),(41749,7405,3,8,'0'),(41750,7406,3,2,'0'),(41751,7406,3,3,'2014'),(41752,7406,3,4,'1,799'),(41753,7406,3,5,'797'),(41754,7406,3,6,'1,002'),(41755,7406,3,7,'0'),(41756,7406,3,8,'0'),(41757,7407,3,2,'0'),(41758,7407,3,3,'2014'),(41759,7407,3,4,'1,363'),(41760,7407,3,5,'913'),(41761,7407,3,6,'450'),(41762,7407,3,7,'0'),(41763,7407,3,8,'0'),(41764,7408,3,2,'0'),(41765,7408,3,3,'2014'),(41766,7408,3,4,'734'),(41767,7408,3,5,'548'),(41768,7408,3,6,'186'),(41769,7408,3,7,'0'),(41770,7408,3,8,'0'),(41771,7409,3,2,'0'),(41772,7409,3,3,'2014'),(41773,7409,3,4,'857'),(41774,7409,3,5,'474'),(41775,7409,3,6,'383'),(41776,7409,3,7,'0'),(41777,7409,3,8,'0'),(41778,7410,3,2,'0'),(41779,7410,3,3,'2014'),(41780,7410,3,4,'1,010'),(41781,7410,3,5,'602'),(41782,7410,3,6,'408'),(41783,7410,3,7,'0'),(41784,7410,3,8,'0'),(41785,7411,3,2,'0'),(41786,7411,3,3,'2014'),(41787,7411,3,4,'548'),(41788,7411,3,5,'529'),(41789,7411,3,6,'19'),(41790,7411,3,7,'0'),(41791,7411,3,8,'0'),(41792,7412,3,2,'20,000'),(41793,7412,3,3,'2014'),(41794,7412,3,4,'1,836'),(41795,7412,3,5,'804'),(41796,7412,3,6,'1,032'),(41797,7412,3,7,'0'),(41798,7412,3,8,'0'),(41799,7413,3,2,'0'),(41800,7413,3,3,'2014'),(41801,7413,3,4,'1,629'),(41802,7413,3,5,'163'),(41803,7413,3,6,'1,466'),(41804,7413,3,7,'0'),(41805,7413,3,8,'0'),(41806,7414,3,2,'0'),(41807,7414,3,3,'2014'),(41808,7414,3,4,'1,198'),(41809,7414,3,5,'559'),(41810,7414,3,6,'639'),(41811,7414,3,7,'0'),(41812,7414,3,8,'0'),(41813,7415,3,2,'0'),(41814,7415,3,3,'2014'),(41815,7415,3,4,'1,854'),(41816,7415,3,5,'939'),(41817,7415,3,6,'915'),(41818,7415,3,7,'0'),(41819,7415,3,8,'0'),(41820,7416,3,2,'0'),(41821,7416,3,3,'2014'),(41822,7416,3,4,'1,763'),(41823,7416,3,5,'981'),(41824,7416,3,6,'782'),(41825,7416,3,7,'0'),(41826,7416,3,8,'0'),(41827,7417,3,2,'0'),(41828,7417,3,3,'2014'),(41829,7417,3,4,'1,839'),(41830,7417,3,5,'1174'),(41831,7417,3,6,'665'),(41832,7417,3,7,'0'),(41833,7417,3,8,'0'),(41834,7418,3,2,'0'),(41835,7418,3,3,'2014'),(41836,7418,3,4,'1,051'),(41837,7418,3,5,'474'),(41838,7418,3,6,'577'),(41839,7418,3,7,'0'),(41840,7418,3,8,'0'),(41841,7419,3,2,'20,000'),(41842,7419,3,3,'2014'),(41843,7419,3,4,'1,491'),(41844,7419,3,5,'795'),(41845,7419,3,6,'696'),(41846,7419,3,7,'0'),(41847,7419,3,8,'0'),(41848,7420,3,2,'0'),(41849,7420,3,3,'2014'),(41850,7420,3,4,'1,630'),(41851,7420,3,5,'1032'),(41852,7420,3,6,'598'),(41853,7420,3,7,'0'),(41854,7420,3,8,'0'),(41855,7421,3,2,'0'),(41856,7421,3,3,'2014'),(41857,7421,3,4,'1,596'),(41858,7421,3,5,'949'),(41859,7421,3,6,'647'),(41860,7421,3,7,'0'),(41861,7421,3,8,'0'),(41862,7422,3,2,'0'),(41863,7422,3,3,'2014'),(41864,7422,3,4,'1,515'),(41865,7422,3,5,'1002'),(41866,7422,3,6,'513'),(41867,7422,3,7,'0'),(41868,7422,3,8,'0'),(41869,7423,3,2,'0'),(41870,7423,3,3,'2014'),(41871,7423,3,4,'1,671'),(41872,7423,3,5,'543'),(41873,7423,3,6,'1,128'),(41874,7423,3,7,'0'),(41875,7423,3,8,'0'),(41876,7424,3,2,'0'),(41877,7424,3,3,'2014'),(41878,7424,3,4,'1,060'),(41879,7424,3,5,'724'),(41880,7424,3,6,'336'),(41881,7424,3,7,'0'),(41882,7424,3,8,'0'),(41883,7425,3,2,'0'),(41884,7425,3,3,'2014'),(41885,7425,3,4,'1,737'),(41886,7425,3,5,'1227'),(41887,7425,3,6,'510'),(41888,7425,3,7,'0'),(41889,7425,3,8,'0'),(41890,7426,3,2,'0'),(41891,7426,3,3,'2014'),(41892,7426,3,4,'1,720'),(41893,7426,3,5,'738'),(41894,7426,3,6,'982'),(41895,7426,3,7,'0'),(41896,7426,3,8,'0'),(41897,7427,3,2,'0'),(41898,7427,3,3,'2014'),(41899,7427,3,4,'1,586'),(41900,7427,3,5,'966'),(41901,7427,3,6,'620'),(41902,7427,3,7,'0'),(41903,7427,3,8,'0'),(41904,7428,3,2,'0'),(41905,7428,3,3,'2014'),(41906,7428,3,4,'1,529'),(41907,7428,3,5,'824'),(41908,7428,3,6,'705'),(41909,7428,3,7,'0'),(41910,7428,3,8,'0'),(41911,7429,3,2,'825,000'),(41912,7429,3,3,'2014'),(41913,7429,3,4,'743'),(41914,7429,3,5,'603'),(41915,7429,3,6,'140'),(41916,7429,3,7,'0'),(41917,7429,3,8,'0'),(41918,7430,3,2,'33,000'),(41919,7430,3,3,'2014'),(41920,7430,3,4,'1,579'),(41921,7430,3,5,'1171'),(41922,7430,3,6,'408'),(41923,7430,3,7,'0'),(41924,7430,3,8,'0'),(41925,7431,3,2,'0'),(41926,7431,3,3,'2014'),(41927,7431,3,4,'1,906'),(41928,7431,3,5,'1021'),(41929,7431,3,6,'885'),(41930,7431,3,7,'0'),(41931,7431,3,8,'0'),(41932,7432,3,2,'0'),(41933,7432,3,3,'2014'),(41934,7432,3,4,'1,377'),(41935,7432,3,5,'896'),(41936,7432,3,6,'481'),(41937,7432,3,7,'0'),(41938,7432,3,8,'0'),(41939,7433,3,2,'0'),(41940,7433,3,3,'2014'),(41941,7433,3,4,'1,564'),(41942,7433,3,5,'1065'),(41943,7433,3,6,'499'),(41944,7433,3,7,'0'),(41945,7433,3,8,'0'),(41953,7435,3,2,'0'),(41954,7435,3,3,'2014'),(41955,7435,3,4,'1,428'),(41956,7435,3,5,'952'),(41957,7435,3,6,'476'),(41958,7435,3,7,'0'),(41959,7435,3,8,'0'),(41960,7436,3,2,'0'),(41961,7436,3,3,'2014'),(41962,7436,3,4,'1,436'),(41963,7436,3,5,'1069'),(41964,7436,3,6,'367'),(41965,7436,3,7,'0'),(41966,7436,3,8,'0'),(41967,7437,3,2,'0'),(41968,7437,3,3,'2014'),(41969,7437,3,4,'1,664'),(41970,7437,3,5,'917'),(41971,7437,3,6,'747'),(41972,7437,3,7,'0'),(41973,7437,3,8,'0'),(41974,7438,3,2,'0'),(41975,7438,3,3,'2014'),(41976,7438,3,4,'1,585'),(41977,7438,3,5,'642'),(41978,7438,3,6,'943'),(41979,7438,3,7,'0'),(41980,7438,3,8,'0'),(41981,7439,3,2,'0'),(41982,7439,3,3,'2014'),(41983,7439,3,4,'1,689'),(41984,7439,3,5,'808'),(41985,7439,3,6,'881'),(41986,7439,3,7,'0'),(41987,7439,3,8,'0'),(41988,7440,3,2,'0'),(41989,7440,3,3,'2014'),(41990,7440,3,4,'1,504'),(41991,7440,3,5,'552'),(41992,7440,3,6,'952'),(41993,7440,3,7,'0'),(41994,7440,3,8,'0'),(41995,7441,3,2,'0'),(41996,7441,3,3,'2014'),(41997,7441,3,4,'1,677'),(41998,7441,3,5,'950'),(41999,7441,3,6,'727'),(42000,7441,3,7,'0'),(42001,7441,3,8,'0'),(42002,7442,3,2,'15,500'),(42003,7442,3,3,'2014'),(42004,7442,3,4,'1,725'),(42005,7442,3,5,'841'),(42006,7442,3,6,'884'),(42007,7442,3,7,'0'),(42008,7442,3,8,'0'),(42009,7443,3,2,'0'),(42010,7443,3,3,'2014'),(42011,7443,3,4,'1,770'),(42012,7443,3,5,'896'),(42013,7443,3,6,'874'),(42014,7443,3,7,'0'),(42015,7443,3,8,'0'),(42016,7444,3,2,'0'),(42017,7444,3,3,'2014'),(42018,7444,3,4,'1,567'),(42019,7444,3,5,'715'),(42020,7444,3,6,'852'),(42021,7444,3,7,'0'),(42022,7444,3,8,'0'),(42023,7445,3,2,'0'),(42024,7445,3,3,'2014'),(42025,7445,3,4,'1,655'),(42026,7445,3,5,'1009'),(42027,7445,3,6,'646'),(42028,7445,3,7,'0'),(42029,7445,3,8,'0'),(42030,7446,3,2,'9,500'),(42031,7446,3,3,'2014'),(42032,7446,3,4,'1,015'),(42033,7446,3,5,'838'),(42034,7446,3,6,'177'),(42035,7446,3,7,'0'),(42036,7446,3,8,'0'),(42037,7447,3,2,'0'),(42038,7447,3,3,'2015'),(42039,7447,3,4,'1,016'),(42040,7447,3,5,'987'),(42041,7447,3,6,'29'),(42042,7447,3,7,'0'),(42043,7447,3,8,'0'),(42044,7448,3,2,'6,250'),(42045,7448,3,3,'2015'),(42046,7448,3,4,'1,086'),(42047,7448,3,5,'1051'),(42048,7448,3,6,'35'),(42049,7448,3,7,'0'),(42050,7448,3,8,'0'),(42051,7449,3,2,'2,000'),(42052,7449,3,3,'2015'),(42053,7449,3,4,'915'),(42054,7449,3,5,'883'),(42055,7449,3,6,'32'),(42056,7449,3,7,'0'),(42057,7449,3,8,'0'),(42058,7450,3,2,'0'),(42059,7450,3,3,'2015'),(42060,7450,3,4,'1,719'),(42061,7450,3,5,'893'),(42062,7450,3,6,'826'),(42063,7450,3,7,'0'),(42064,7450,3,8,'0'),(42065,7451,3,2,'0'),(42066,7451,3,3,'2015'),(42067,7451,3,4,'1,152'),(42068,7451,3,5,'419'),(42069,7451,3,6,'733'),(42070,7451,3,7,'0'),(42071,7451,3,8,'0'),(42072,7452,3,2,'76,652'),(42073,7452,3,3,'2015'),(42074,7452,3,4,'1,490'),(42075,7452,3,5,'1379'),(42076,7452,3,6,'111'),(42077,7452,3,7,'0'),(42078,7452,3,8,'0'),(42079,7453,3,2,'0'),(42080,7453,3,3,'2015'),(42081,7453,3,4,'1,299'),(42082,7453,3,5,'1037'),(42083,7453,3,6,'262'),(42084,7453,3,7,'0'),(42085,7453,3,8,'0'),(42086,7454,3,2,'8,105'),(42087,7454,3,3,'2015'),(42088,7454,3,4,'1,208'),(42089,7454,3,5,'1053'),(42090,7454,3,6,'155'),(42091,7454,3,7,'0'),(42092,7454,3,8,'0'),(42093,7455,3,2,'0'),(42094,7455,3,3,'2015'),(42095,7455,3,4,'1,531'),(42096,7455,3,5,'551'),(42097,7455,3,6,'980'),(42098,7455,3,7,'0'),(42099,7455,3,8,'0'),(42100,7456,3,2,'0'),(42101,7456,3,3,'2015'),(42102,7456,3,4,'1,334'),(42103,7456,3,5,'1146'),(42104,7456,3,6,'188'),(42105,7456,3,7,'0'),(42106,7456,3,8,'0'),(42107,7457,3,2,'0'),(42108,7457,3,3,'2015'),(42109,7457,3,4,'1,715'),(42110,7457,3,5,'1241'),(42111,7457,3,6,'474'),(42112,7457,3,7,'0'),(42113,7457,3,8,'0'),(42114,7458,3,2,'0'),(42115,7458,3,3,'2015'),(42116,7458,3,4,'1,666'),(42117,7458,3,5,'1305'),(42118,7458,3,6,'361'),(42119,7458,3,7,'0'),(42120,7458,3,8,'0'),(42121,7459,3,2,'0'),(42122,7459,3,3,'2015'),(42123,7459,3,4,'1,130'),(42124,7459,3,5,'728'),(42125,7459,3,6,'402'),(42126,7459,3,7,'0'),(42127,7459,3,8,'0'),(42128,7460,3,2,'0'),(42129,7460,3,3,'2015'),(42130,7460,3,4,'1,466'),(42131,7460,3,5,'533'),(42132,7460,3,6,'933'),(42133,7460,3,7,'0'),(42134,7460,3,8,'0'),(42135,7461,3,2,'0'),(42136,7461,3,3,'2015'),(42137,7461,3,4,'1,284'),(42138,7461,3,5,'382'),(42139,7461,3,6,'902'),(42140,7461,3,7,'0'),(42141,7461,3,8,'0'),(42142,7462,3,2,'0'),(42143,7462,3,3,'2015'),(42144,7462,3,4,'799'),(42145,7462,3,5,'267'),(42146,7462,3,6,'532'),(42147,7462,3,7,'0'),(42148,7462,3,8,'0'),(42149,7463,3,2,'0'),(42150,7463,3,3,'2015'),(42151,7463,3,4,'1,605'),(42152,7463,3,5,'770'),(42153,7463,3,6,'835'),(42154,7463,3,7,'0'),(42155,7463,3,8,'0'),(42156,7464,3,2,'32,278'),(42157,7464,3,3,'2015'),(42158,7464,3,4,'1,060'),(42159,7464,3,5,'670'),(42160,7464,3,6,'390'),(42161,7464,3,7,'0'),(42162,7464,3,8,'0'),(42163,7465,3,2,'0'),(42164,7465,3,3,'2015'),(42165,7465,3,4,'1,681'),(42166,7465,3,5,'962'),(42167,7465,3,6,'719'),(42168,7465,3,7,'0'),(42169,7465,3,8,'0'),(42170,7466,3,2,'8,750'),(42171,7466,3,3,'2015'),(42172,7466,3,4,'1,302'),(42173,7466,3,5,'1298'),(42174,7466,3,6,'4'),(42175,7466,3,7,'0'),(42176,7466,3,8,'0'),(42177,7467,3,2,'0'),(42178,7467,3,3,'2015'),(42179,7467,3,4,'1,395'),(42180,7467,3,5,'847'),(42181,7467,3,6,'548'),(42182,7467,3,7,'0'),(42183,7467,3,8,'0'),(42184,7468,3,2,'0'),(42185,7468,3,3,'2015'),(42186,7468,3,4,'1,633'),(42187,7468,3,5,'1338'),(42188,7468,3,6,'295'),(42189,7468,3,7,'0'),(42190,7468,3,8,'0'),(42191,7469,3,2,'0'),(42192,7469,3,3,'2015'),(42193,7469,3,4,'1,348'),(42194,7469,3,5,'987'),(42195,7469,3,6,'361'),(42196,7469,3,7,'0'),(42197,7469,3,8,'0'),(42198,7470,3,2,'0'),(42199,7470,3,3,'2015'),(42200,7470,3,4,'1,583'),(42201,7470,3,5,'1255'),(42202,7470,3,6,'328'),(42203,7470,3,7,'0'),(42204,7470,3,8,'0'),(42205,7471,3,2,'0'),(42206,7471,3,3,'2015'),(42207,7471,3,4,'1,559'),(42208,7471,3,5,'1327'),(42209,7471,3,6,'232'),(42210,7471,3,7,'0'),(42211,7471,3,8,'0'),(42212,7472,3,2,'0'),(42213,7472,3,3,'2015'),(42214,7472,3,4,'1,610'),(42215,7472,3,5,'841'),(42216,7472,3,6,'769'),(42217,7472,3,7,'0'),(42218,7472,3,8,'0'),(42219,7473,3,2,'0'),(42220,7473,3,3,'2015'),(42221,7473,3,4,'1,626'),(42222,7473,3,5,'946'),(42223,7473,3,6,'680'),(42224,7473,3,7,'0'),(42225,7473,3,8,'0'),(42226,7474,3,2,'0'),(42227,7474,3,3,'2015'),(42228,7474,3,4,'1,333'),(42229,7474,3,5,'1073'),(42230,7474,3,6,'260'),(42231,7474,3,7,'0'),(42232,7474,3,8,'0'),(42233,7475,3,2,'0'),(42234,7475,3,3,'2015'),(42235,7475,3,4,'1,853'),(42236,7475,3,5,'1074'),(42237,7475,3,6,'779'),(42238,7475,3,7,'0'),(42239,7475,3,8,'0'),(42240,7476,3,2,'0'),(42241,7476,3,3,'2015'),(42242,7476,3,4,'1,612'),(42243,7476,3,5,'1269'),(42244,7476,3,6,'343'),(42245,7476,3,7,'0'),(42246,7476,3,8,'0'),(42247,7477,3,2,'0'),(42248,7477,3,3,'2015'),(42249,7477,3,4,'1,614'),(42250,7477,3,5,'1169'),(42251,7477,3,6,'445'),(42252,7477,3,7,'0'),(42253,7477,3,8,'0'),(42254,7478,3,2,'0'),(42255,7478,3,3,'2015'),(42256,7478,3,4,'1,439'),(42257,7478,3,5,'1149'),(42258,7478,3,6,'290'),(42259,7478,3,7,'0'),(42260,7478,3,8,'0'),(42261,7479,3,2,'0'),(42262,7479,3,3,'2015'),(42263,7479,3,4,'1,322'),(42264,7479,3,5,'589'),(42265,7479,3,6,'733'),(42266,7479,3,7,'0'),(42267,7479,3,8,'0'),(42268,7480,3,2,'0'),(42269,7480,3,3,'2015'),(42270,7480,3,4,'1,444'),(42271,7480,3,5,'488'),(42272,7480,3,6,'956'),(42273,7480,3,7,'0'),(42274,7480,3,8,'0'),(42275,7481,3,2,'0'),(42276,7481,3,3,'2015'),(42277,7481,3,4,'1,478'),(42278,7481,3,5,'172'),(42279,7481,3,6,'1,306'),(42280,7481,3,7,'0'),(42281,7481,3,8,'0'),(42282,7482,3,2,'0'),(42283,7482,3,3,'2015'),(42284,7482,3,4,'1,505'),(42285,7482,3,5,'110'),(42286,7482,3,6,'1,395'),(42287,7482,3,7,'0'),(42288,7482,3,8,'0'),(42289,7483,3,2,'0'),(42290,7483,3,3,'2015'),(42291,7483,3,4,'1,469'),(42292,7483,3,5,'282'),(42293,7483,3,6,'1,187'),(42294,7483,3,7,'0'),(42295,7483,3,8,'0'),(42296,7484,3,2,'0'),(42297,7484,3,3,'2015'),(42298,7484,3,4,'1,455'),(42299,7484,3,5,'180'),(42300,7484,3,6,'1,275'),(42301,7484,3,7,'0'),(42302,7484,3,8,'0'),(42303,7485,3,2,'0'),(42304,7485,3,3,'2015'),(42305,7485,3,4,'1,593'),(42306,7485,3,5,'3'),(42307,7485,3,6,'1,590'),(42308,7485,3,7,'0'),(42309,7485,3,8,'0'),(42310,7486,3,2,'0'),(42311,7486,3,3,'2015'),(42312,7486,3,4,'1,249'),(42313,7486,3,5,'736'),(42314,7486,3,6,'513'),(42315,7486,3,7,'0'),(42316,7486,3,8,'0'),(42317,7487,3,2,'0'),(42318,7487,3,3,'2015'),(42319,7487,3,4,'1,239'),(42320,7487,3,5,'816'),(42321,7487,3,6,'423'),(42322,7487,3,7,'0'),(42323,7487,3,8,'0'),(42324,7488,3,2,'12,100'),(42325,7488,3,3,'2015'),(42326,7488,3,4,'1,489'),(42327,7488,3,5,'369'),(42328,7488,3,6,'1,120'),(42329,7488,3,7,'0'),(42330,7488,3,8,'0'),(42331,7489,3,2,'0'),(42332,7489,3,3,'2015'),(42333,7489,3,4,'1,466'),(42334,7489,3,5,'101'),(42335,7489,3,6,'1,365'),(42336,7489,3,7,'0'),(42337,7489,3,8,'0'),(42338,7490,3,2,'0'),(42339,7490,3,3,'2015'),(42340,7490,3,4,'1,450'),(42341,7490,3,5,'153'),(42342,7490,3,6,'1,297'),(42343,7490,3,7,'0'),(42344,7490,3,8,'0'),(42345,7491,3,2,'0'),(42346,7491,3,3,'2015'),(42347,7491,3,4,'1,242'),(42348,7491,3,5,'730'),(42349,7491,3,6,'512'),(42350,7491,3,7,'0'),(42351,7491,3,8,'0'),(42352,7492,3,2,'0'),(42353,7492,3,3,'2015'),(42354,7492,3,4,'1,188'),(42355,7492,3,5,'992'),(42356,7492,3,6,'196'),(42357,7492,3,7,'0'),(42358,7492,3,8,'0'),(42359,7493,3,2,'0'),(42360,7493,3,3,'2015'),(42361,7493,3,4,'1,140'),(42362,7493,3,5,'902'),(42363,7493,3,6,'238'),(42364,7493,3,7,'0'),(42365,7493,3,8,'0'),(42366,7494,3,2,'0'),(42367,7494,3,3,'2015'),(42368,7494,3,4,'1,421'),(42369,7494,3,5,'810'),(42370,7494,3,6,'611'),(42371,7494,3,7,'0'),(42372,7494,3,8,'0'),(42373,7495,3,2,'0'),(42374,7495,3,3,'2015'),(42375,7495,3,4,'1,256'),(42376,7495,3,5,'849'),(42377,7495,3,6,'407'),(42378,7495,3,7,'0'),(42379,7495,3,8,'0'),(42380,7496,3,2,'0'),(42381,7496,3,3,'2015'),(42382,7496,3,4,'1,489'),(42383,7496,3,5,'863'),(42384,7496,3,6,'626'),(42385,7496,3,7,'0'),(42386,7496,3,8,'0'),(42387,7497,3,2,'0'),(42388,7497,3,3,'2015'),(42389,7497,3,4,'1,742'),(42390,7497,3,5,'1174'),(42391,7497,3,6,'568'),(42392,7497,3,7,'0'),(42393,7497,3,8,'0'),(42394,7498,3,2,'0'),(42395,7498,3,3,'2015'),(42396,7498,3,4,'1,686'),(42397,7498,3,5,'1027'),(42398,7498,3,6,'659'),(42399,7498,3,7,'0'),(42400,7498,3,8,'0'),(42401,7499,3,2,'0'),(42402,7499,3,3,'2015'),(42403,7499,3,4,'1,530'),(42404,7499,3,5,'731'),(42405,7499,3,6,'799'),(42406,7499,3,7,'0'),(42407,7499,3,8,'0'),(42408,7500,3,2,'0'),(42409,7500,3,3,'2015'),(42410,7500,3,4,'1,705'),(42411,7500,3,5,'629'),(42412,7500,3,6,'1,076'),(42413,7500,3,7,'0'),(42414,7500,3,8,'0'),(42415,7501,3,2,'0'),(42416,7501,3,3,'2015'),(42417,7501,3,4,'1,818'),(42418,7501,3,5,'682'),(42419,7501,3,6,'1,136'),(42420,7501,3,7,'0'),(42421,7501,3,8,'0'),(42422,7502,3,2,'0'),(42423,7502,3,3,'2015'),(42424,7502,3,4,'1,479'),(42425,7502,3,5,'866'),(42426,7502,3,6,'613'),(42427,7502,3,7,'0'),(42428,7502,3,8,'0'),(42429,7503,3,2,'0'),(42430,7503,3,3,'2015'),(42431,7503,3,4,'1,244'),(42432,7503,3,5,'699'),(42433,7503,3,6,'545'),(42434,7503,3,7,'0'),(42435,7503,3,8,'0'),(42436,7504,3,2,'0'),(42437,7504,3,3,'2015'),(42438,7504,3,4,'1,565'),(42439,7504,3,5,'1000'),(42440,7504,3,6,'565'),(42441,7504,3,7,'0'),(42442,7504,3,8,'0'),(42443,7505,3,2,'0'),(42444,7505,3,3,'2015'),(42445,7505,3,4,'1,193'),(42446,7505,3,5,'407'),(42447,7505,3,6,'786'),(42448,7505,3,7,'0'),(42449,7505,3,8,'0'),(42450,7506,3,2,'45,000'),(42451,7506,3,3,'2015'),(42452,7506,3,4,'1,029'),(42453,7506,3,5,'551'),(42454,7506,3,6,'478'),(42455,7506,3,7,'0'),(42456,7506,3,8,'0'),(42457,7507,3,2,'43,750'),(42458,7507,3,3,'2015'),(42459,7507,3,4,'1,415'),(42460,7507,3,5,'1413'),(42461,7507,3,6,'2'),(42462,7507,3,7,'0'),(42463,7507,3,8,'0'),(42464,7508,3,2,'8,750'),(42465,7508,3,3,'2015'),(42466,7508,3,4,'1,521'),(42467,7508,3,5,'1519'),(42468,7508,3,6,'2'),(42469,7508,3,7,'0'),(42470,7508,3,8,'0'),(42471,7509,3,2,'29,500'),(42472,7509,3,3,'2015'),(42473,7509,3,4,'950'),(42474,7509,3,5,'949'),(42475,7509,3,6,'1'),(42476,7509,3,7,'0'),(42477,7509,3,8,'0'),(42478,7510,3,2,'24,000'),(42479,7510,3,3,'2015'),(42480,7510,3,4,'1,450'),(42481,7510,3,5,'1446'),(42482,7510,3,6,'4'),(42483,7510,3,7,'0'),(42484,7510,3,8,'0'),(42485,7511,3,2,'7,500'),(42486,7511,3,3,'2015'),(42487,7511,3,4,'1,328'),(42488,7511,3,5,'1325'),(42489,7511,3,6,'3'),(42490,7511,3,7,'0'),(42491,7511,3,8,'0'),(42492,7512,3,2,'0'),(42493,7512,3,3,'2016'),(42494,7512,3,4,'1,470'),(42495,7512,3,5,'1470'),(42496,7512,3,6,'0'),(42497,7512,3,7,'0'),(42498,7512,3,8,'0'),(42499,7513,3,2,'31,750'),(42500,7513,3,3,'2015'),(42501,7513,3,4,'1,313'),(42502,7513,3,5,'1310'),(42503,7513,3,6,'3'),(42504,7513,3,7,'0'),(42505,7513,3,8,'0'),(42506,7514,3,2,'28,750'),(42507,7514,3,3,'2015'),(42508,7514,3,4,'1,292'),(42509,7514,3,5,'1244'),(42510,7514,3,6,'48'),(42511,7514,3,7,'0'),(42512,7514,3,8,'0'),(42513,7515,3,2,'36,250'),(42514,7515,3,3,'2015'),(42515,7515,3,4,'1,302'),(42516,7515,3,5,'1286'),(42517,7515,3,6,'16'),(42518,7515,3,7,'0'),(42519,7515,3,8,'0'),(42520,7516,3,2,'52,500'),(42521,7516,3,3,'2015'),(42522,7516,3,4,'888'),(42523,7516,3,5,'871'),(42524,7516,3,6,'17'),(42525,7516,3,7,'0'),(42526,7516,3,8,'0'),(42527,7517,3,2,'0'),(42528,7517,3,3,'2015'),(42529,7517,3,4,'1,426'),(42530,7517,3,5,'454'),(42531,7517,3,6,'972'),(42532,7517,3,7,'0'),(42533,7517,3,8,'0'),(42534,7518,3,2,'0'),(42535,7518,3,3,'2015'),(42536,7518,3,4,'1,482'),(42537,7518,3,5,'339'),(42538,7518,3,6,'1,143'),(42539,7518,3,7,'0'),(42540,7518,3,8,'0'),(42541,7519,3,2,'0'),(42542,7519,3,3,'2015'),(42543,7519,3,4,'1,552'),(42544,7519,3,5,'358'),(42545,7519,3,6,'1,194'),(42546,7519,3,7,'0'),(42547,7519,3,8,'0'),(42548,7520,3,2,'0'),(42549,7520,3,3,'2015'),(42550,7520,3,4,'1,538'),(42551,7520,3,5,'431'),(42552,7520,3,6,'1,107'),(42553,7520,3,7,'0'),(42554,7520,3,8,'0'),(42555,7521,3,2,'0'),(42556,7521,3,3,'2015'),(42557,7521,3,4,'1,404'),(42558,7521,3,5,'221'),(42559,7521,3,6,'1,183'),(42560,7521,3,7,'0'),(42561,7521,3,8,'0'),(42562,7522,3,2,'0'),(42563,7522,3,3,'2015'),(42564,7522,3,4,'1,457'),(42565,7522,3,5,'1164'),(42566,7522,3,6,'293'),(42567,7522,3,7,'0'),(42568,7522,3,8,'0'),(42569,7523,3,2,'194,000'),(42570,7523,3,3,'2015'),(42571,7523,3,4,'1,455'),(42572,7523,3,5,'476'),(42573,7523,3,6,'979'),(42574,7523,3,7,'0'),(42575,7523,3,8,'0'),(42576,7524,3,2,'0'),(42577,7524,3,3,'2015'),(42578,7524,3,4,'1,344'),(42579,7524,3,5,'590'),(42580,7524,3,6,'754'),(42581,7524,3,7,'0'),(42582,7524,3,8,'0'),(42583,7525,3,2,'0'),(42584,7525,3,3,'2015'),(42585,7525,3,4,'1,399'),(42586,7525,3,5,'435'),(42587,7525,3,6,'964'),(42588,7525,3,7,'0'),(42589,7525,3,8,'0'),(42590,7526,3,2,'0'),(42591,7526,3,3,'2015'),(42592,7526,3,4,'1,258'),(42593,7526,3,5,'608'),(42594,7526,3,6,'650'),(42595,7526,3,7,'0'),(42596,7526,3,8,'0'),(42597,7527,3,2,'0'),(42598,7527,3,3,'2015'),(42599,7527,3,4,'1,707'),(42600,7527,3,5,'187'),(42601,7527,3,6,'1,520'),(42602,7527,3,7,'0'),(42603,7527,3,8,'0'),(42604,7528,3,2,'0'),(42605,7528,3,3,'2015'),(42606,7528,3,4,'1,184'),(42607,7528,3,5,'470'),(42608,7528,3,6,'714'),(42609,7528,3,7,'0'),(42610,7528,3,8,'0'),(42611,7529,3,2,'29,500'),(42612,7529,3,3,'2016'),(42613,7529,3,4,'889'),(42614,7529,3,5,'888'),(42615,7529,3,6,'1'),(42616,7529,3,7,'0'),(42617,7529,3,8,'0'),(42618,7530,3,2,'0'),(42619,7530,3,3,'2015'),(42620,7530,3,4,'1,587'),(42621,7530,3,5,'797'),(42622,7530,3,6,'790'),(42623,7530,3,7,'0'),(42624,7530,3,8,'0'),(42625,7531,3,2,'0'),(42626,7531,3,3,'2015'),(42627,7531,3,4,'1,677'),(42628,7531,3,5,'1238'),(42629,7531,3,6,'439'),(42630,7531,3,7,'0'),(42631,7531,3,8,'0'),(42632,7532,3,2,'0'),(42633,7532,3,3,'2015'),(42634,7532,3,4,'1,741'),(42635,7532,3,5,'864'),(42636,7532,3,6,'877'),(42637,7532,3,7,'0'),(42638,7532,3,8,'0'),(42639,7533,3,2,'0'),(42640,7533,3,3,'2015'),(42641,7533,3,4,'1,373'),(42642,7533,3,5,'886'),(42643,7533,3,6,'487'),(42644,7533,3,7,'0'),(42645,7533,3,8,'0'),(42646,7534,3,2,'0'),(42647,7534,3,3,'2015'),(42648,7534,3,4,'1,471'),(42649,7534,3,5,'555'),(42650,7534,3,6,'916'),(42651,7534,3,7,'0'),(42652,7534,3,8,'0'),(42653,7535,3,2,'0'),(42654,7535,3,3,'2015'),(42655,7535,3,4,'1,523'),(42656,7535,3,5,'639'),(42657,7535,3,6,'884'),(42658,7535,3,7,'0'),(42659,7535,3,8,'0'),(42660,7536,3,2,'0'),(42661,7536,3,3,'2015'),(42662,7536,3,4,'1,753'),(42663,7536,3,5,'698'),(42664,7536,3,6,'1,055'),(42665,7536,3,7,'0'),(42666,7536,3,8,'0'),(42667,7537,3,2,'0'),(42668,7537,3,3,'2015'),(42669,7537,3,4,'1,389'),(42670,7537,3,5,'786'),(42671,7537,3,6,'603'),(42672,7537,3,7,'0'),(42673,7537,3,8,'0'),(42674,7538,3,2,'0'),(42675,7538,3,3,'2015'),(42676,7538,3,4,'1,484'),(42677,7538,3,5,'818'),(42678,7538,3,6,'666'),(42679,7538,3,7,'0'),(42680,7538,3,8,'0'),(42681,7539,3,2,'0'),(42682,7539,3,3,'2015'),(42683,7539,3,4,'1,628'),(42684,7539,3,5,'600'),(42685,7539,3,6,'1,028'),(42686,7539,3,7,'0'),(42687,7539,3,8,'0'),(42688,7540,3,2,'0'),(42689,7540,3,3,'2015'),(42690,7540,3,4,'1,487'),(42691,7540,3,5,'804'),(42692,7540,3,6,'683'),(42693,7540,3,7,'0'),(42694,7540,3,8,'0'),(42695,7541,3,2,'0'),(42696,7541,3,3,'2015'),(42697,7541,3,4,'1,570'),(42698,7541,3,5,'432'),(42699,7541,3,6,'1,138'),(42700,7541,3,7,'0'),(42701,7541,3,8,'0'),(42702,7542,3,2,'0'),(42703,7542,3,3,'2015'),(42704,7542,3,4,'1,615'),(42705,7542,3,5,'1108'),(42706,7542,3,6,'507'),(42707,7542,3,7,'0'),(42708,7542,3,8,'0'),(42709,7543,3,2,'0'),(42710,7543,3,3,'2015'),(42711,7543,3,4,'1,458'),(42712,7543,3,5,'818'),(42713,7543,3,6,'640'),(42714,7543,3,7,'0'),(42715,7543,3,8,'0'),(42716,7544,3,2,'0'),(42717,7544,3,3,'2015'),(42718,7544,3,4,'1,515'),(42719,7544,3,5,'647'),(42720,7544,3,6,'868'),(42721,7544,3,7,'0'),(42722,7544,3,8,'0'),(42723,7545,3,2,'0'),(42724,7545,3,3,'2015'),(42725,7545,3,4,'1,580'),(42726,7545,3,5,'865'),(42727,7545,3,6,'715'),(42728,7545,3,7,'0'),(42729,7545,3,8,'0'),(42730,7546,3,2,'0'),(42731,7546,3,3,'2015'),(42732,7546,3,4,'1,580'),(42733,7546,3,5,'815'),(42734,7546,3,6,'765'),(42735,7546,3,7,'0'),(42736,7546,3,8,'0'),(42737,7547,3,2,'0'),(42738,7547,3,3,'2015'),(42739,7547,3,4,'1,527'),(42740,7547,3,5,'825'),(42741,7547,3,6,'702'),(42742,7547,3,7,'0'),(42743,7547,3,8,'0'),(42744,7548,3,2,'52,200'),(42745,7548,3,3,'2015'),(42746,7548,3,4,'1,311'),(42747,7548,3,5,'597'),(42748,7548,3,6,'714'),(42749,7548,3,7,'0'),(42750,7548,3,8,'0'),(42751,7549,3,2,'0'),(42752,7549,3,3,'2015'),(42753,7549,3,4,'1,124'),(42754,7549,3,5,'527'),(42755,7549,3,6,'597'),(42756,7549,3,7,'0'),(42757,7549,3,8,'0'),(42758,7550,3,2,'0'),(42759,7550,3,3,'2015'),(42760,7550,3,4,'1,557'),(42761,7550,3,5,'769'),(42762,7550,3,6,'788'),(42763,7550,3,7,'0'),(42764,7550,3,8,'0'),(42765,7551,3,2,'0'),(42766,7551,3,3,'2015'),(42767,7551,3,4,'1,380'),(42768,7551,3,5,'729'),(42769,7551,3,6,'651'),(42770,7551,3,7,'0'),(42771,7551,3,8,'0'),(42772,7552,3,2,'4,000'),(42773,7552,3,3,'2015'),(42774,7552,3,4,'1,705'),(42775,7552,3,5,'735'),(42776,7552,3,6,'970'),(42777,7552,3,7,'0'),(42778,7552,3,8,'0'),(42779,7553,3,2,'0'),(42780,7553,3,3,'2015'),(42781,7553,3,4,'1,329'),(42782,7553,3,5,'690'),(42783,7553,3,6,'639'),(42784,7553,3,7,'0'),(42785,7553,3,8,'0'),(42786,7554,3,2,'0'),(42787,7554,3,3,'2015'),(42788,7554,3,4,'1,836'),(42789,7554,3,5,'704'),(42790,7554,3,6,'1,132'),(42791,7554,3,7,'0'),(42792,7554,3,8,'0'),(42793,7555,3,2,'0'),(42794,7555,3,3,'2015'),(42795,7555,3,4,'1,771'),(42796,7555,3,5,'715'),(42797,7555,3,6,'1,056'),(42798,7555,3,7,'0'),(42799,7555,3,8,'0'),(42800,7556,3,2,'0'),(42801,7556,3,3,'2015'),(42802,7556,3,4,'1,482'),(42803,7556,3,5,'833'),(42804,7556,3,6,'649'),(42805,7556,3,7,'0'),(42806,7556,3,8,'0'),(42807,7557,3,2,'0'),(42808,7557,3,3,'2015'),(42809,7557,3,4,'1,478'),(42810,7557,3,5,'956'),(42811,7557,3,6,'522'),(42812,7557,3,7,'0'),(42813,7557,3,8,'0'),(42814,7558,3,2,'0'),(42815,7558,3,3,'2015'),(42816,7558,3,4,'1,675'),(42817,7558,3,5,'899'),(42818,7558,3,6,'776'),(42819,7558,3,7,'0'),(42820,7558,3,8,'0'),(42821,7559,3,2,'0'),(42822,7559,3,3,'2015'),(42823,7559,3,4,'1,660'),(42824,7559,3,5,'616'),(42825,7559,3,6,'1,044'),(42826,7559,3,7,'0'),(42827,7559,3,8,'0'),(42828,7560,3,2,'0'),(42829,7560,3,3,'2015'),(42830,7560,3,4,'1,623'),(42831,7560,3,5,'791'),(42832,7560,3,6,'832'),(42833,7560,3,7,'0'),(42834,7560,3,8,'0'),(42835,7561,3,2,'0'),(42836,7561,3,3,'2015'),(42837,7561,3,4,'1,770'),(42838,7561,3,5,'588'),(42839,7561,3,6,'1,182'),(42840,7561,3,7,'0'),(42841,7561,3,8,'0'),(42842,7562,3,2,'0'),(42843,7562,3,3,'2015'),(42844,7562,3,4,'1,552'),(42845,7562,3,5,'571'),(42846,7562,3,6,'981'),(42847,7562,3,7,'0'),(42848,7562,3,8,'0'),(42849,7563,3,2,'0'),(42850,7563,3,3,'2015'),(42851,7563,3,4,'1,680'),(42852,7563,3,5,'762'),(42853,7563,3,6,'918'),(42854,7563,3,7,'0'),(42855,7563,3,8,'0'),(42856,7564,3,2,'0'),(42857,7564,3,3,'2015'),(42858,7564,3,4,'1,621'),(42859,7564,3,5,'1281'),(42860,7564,3,6,'340'),(42861,7564,3,7,'0'),(42862,7564,3,8,'0'),(42863,7565,3,2,'0'),(42864,7565,3,3,'2015'),(42865,7565,3,4,'1,548'),(42866,7565,3,5,'1221'),(42867,7565,3,6,'327'),(42868,7565,3,7,'0'),(42869,7565,3,8,'0'),(42870,7566,3,2,'0'),(42871,7566,3,3,'2015'),(42872,7566,3,4,'1,392'),(42873,7566,3,5,'1126'),(42874,7566,3,6,'266'),(42875,7566,3,7,'0'),(42876,7566,3,8,'0'),(42877,7567,3,2,'0'),(42878,7567,3,3,'2015'),(42879,7567,3,4,'1,506'),(42880,7567,3,5,'632'),(42881,7567,3,6,'874'),(42882,7567,3,7,'0'),(42883,7567,3,8,'0'),(42884,7568,3,2,'0'),(42885,7568,3,3,'2015'),(42886,7568,3,4,'1,530'),(42887,7568,3,5,'794'),(42888,7568,3,6,'736'),(42889,7568,3,7,'0'),(42890,7568,3,8,'0'),(42891,7569,3,2,'17,600'),(42892,7569,3,3,'2015'),(42893,7569,3,4,'1,663'),(42894,7569,3,5,'706'),(42895,7569,3,6,'957'),(42896,7569,3,7,'0'),(42897,7569,3,8,'0'),(42898,7570,3,2,'0'),(42899,7570,3,3,'2015'),(42900,7570,3,4,'1,549'),(42901,7570,3,5,'515'),(42902,7570,3,6,'1,034'),(42903,7570,3,7,'0'),(42904,7570,3,8,'0'),(42905,7571,3,2,'0'),(42906,7571,3,3,'2015'),(42907,7571,3,4,'1,569'),(42908,7571,3,5,'952'),(42909,7571,3,6,'617'),(42910,7571,3,7,'0'),(42911,7571,3,8,'0'),(42912,7572,3,2,'0'),(42913,7572,3,3,'2015'),(42914,7572,3,4,'927'),(42915,7572,3,5,'468'),(42916,7572,3,6,'459'),(42917,7572,3,7,'0'),(42918,7572,3,8,'0'),(42919,7573,3,2,'0'),(42920,7573,3,3,'2015'),(42921,7573,3,4,'1,340'),(42922,7573,3,5,'536'),(42923,7573,3,6,'804'),(42924,7573,3,7,'0'),(42925,7573,3,8,'0'),(42926,7574,3,2,'0'),(42927,7574,3,3,'2015'),(42928,7574,3,4,'1,750'),(42929,7574,3,5,'685'),(42930,7574,3,6,'1,065'),(42931,7574,3,7,'0'),(42932,7574,3,8,'0'),(42933,7575,3,2,'0'),(42934,7575,3,3,'2015'),(42935,7575,3,4,'1,342'),(42936,7575,3,5,'748'),(42937,7575,3,6,'594'),(42938,7575,3,7,'0'),(42939,7575,3,8,'0'),(42940,7576,3,2,'39,400'),(42941,7576,3,3,'2015'),(42942,7576,3,4,'1,515'),(42943,7576,3,5,'732'),(42944,7576,3,6,'783'),(42945,7576,3,7,'0'),(42946,7576,3,8,'0'),(42947,7577,3,2,'50,000'),(42948,7577,3,3,'2015'),(42949,7577,3,4,'1,856'),(42950,7577,3,5,'1256'),(42951,7577,3,6,'600'),(42952,7577,3,7,'0'),(42953,7577,3,8,'0'),(42954,7578,3,2,'0'),(42955,7578,3,3,'2015'),(42956,7578,3,4,'1,941'),(42957,7578,3,5,'1173'),(42958,7578,3,6,'768'),(42959,7578,3,7,'0'),(42960,7578,3,8,'0'),(42961,7579,3,2,'0'),(42962,7579,3,3,'2015'),(42963,7579,3,4,'1,687'),(42964,7579,3,5,'827'),(42965,7579,3,6,'860'),(42966,7579,3,7,'0'),(42967,7579,3,8,'0'),(42968,7580,3,2,'0'),(42969,7580,3,3,'2015'),(42970,7580,3,4,'1,691'),(42971,7580,3,5,'922'),(42972,7580,3,6,'769'),(42973,7580,3,7,'0'),(42974,7580,3,8,'0'),(42975,7581,3,2,'0'),(42976,7581,3,3,'2015'),(42977,7581,3,4,'1,498'),(42978,7581,3,5,'382'),(42979,7581,3,6,'1,116'),(42980,7581,3,7,'0'),(42981,7581,3,8,'0'),(42982,7582,3,2,'0'),(42983,7582,3,3,'2015'),(42984,7582,3,4,'1,374'),(42985,7582,3,5,'407'),(42986,7582,3,6,'967'),(42987,7582,3,7,'0'),(42988,7582,3,8,'0'),(42989,7583,3,2,'0'),(42990,7583,3,3,'2015'),(42991,7583,3,4,'1,495'),(42992,7583,3,5,'988'),(42993,7583,3,6,'507'),(42994,7583,3,7,'0'),(42995,7583,3,8,'0'),(42996,7584,3,2,'0'),(42997,7584,3,3,'2015'),(42998,7584,3,4,'1,291'),(42999,7584,3,5,'1003'),(43000,7584,3,6,'288'),(43001,7584,3,7,'0'),(43002,7584,3,8,'0'),(43003,7585,3,2,'15,000'),(43004,7585,3,3,'2015'),(43005,7585,3,4,'1,447'),(43006,7585,3,5,'811'),(43007,7585,3,6,'636'),(43008,7585,3,7,'0'),(43009,7585,3,8,'0'),(43010,7586,3,2,'71,000'),(43011,7586,3,3,'2015'),(43012,7586,3,4,'1,575'),(43013,7586,3,5,'1188'),(43014,7586,3,6,'387'),(43015,7586,3,7,'0'),(43016,7586,3,8,'0'),(43017,7587,3,2,'9,900'),(43018,7587,3,3,'2015'),(43019,7587,3,4,'1,706'),(43020,7587,3,5,'1264'),(43021,7587,3,6,'442'),(43022,7587,3,7,'0'),(43023,7587,3,8,'0'),(43024,7588,3,2,'7,700'),(43025,7588,3,3,'2015'),(43026,7588,3,4,'1,528'),(43027,7588,3,5,'1155'),(43028,7588,3,6,'373'),(43029,7588,3,7,'0'),(43030,7588,3,8,'0'),(43031,7589,3,2,'37,300'),(43032,7589,3,3,'2015'),(43033,7589,3,4,'1,356'),(43034,7589,3,5,'987'),(43035,7589,3,6,'369'),(43036,7589,3,7,'0'),(43037,7589,3,8,'0'),(43038,7590,3,2,'193,558'),(43039,7590,3,3,'2015'),(43040,7590,3,4,'945'),(43041,7590,3,5,'446'),(43042,7590,3,6,'499'),(43043,7590,3,7,'0'),(43044,7590,3,8,'0'),(43045,7591,3,2,'0'),(43046,7591,3,3,'2015'),(43047,7591,3,4,'1,660'),(43048,7591,3,5,'683'),(43049,7591,3,6,'977'),(43050,7591,3,7,'0'),(43051,7591,3,8,'0'),(43052,7592,3,2,'0'),(43053,7592,3,3,'2016'),(43054,7592,3,4,'1,310'),(43055,7592,3,5,'620'),(43056,7592,3,6,'690'),(43057,7592,3,7,'0'),(43058,7592,3,8,'0'),(43059,7593,3,2,'0'),(43060,7593,3,3,'2016'),(43061,7593,3,4,'1,331'),(43062,7593,3,5,'784'),(43063,7593,3,6,'547'),(43064,7593,3,7,'0'),(43065,7593,3,8,'0'),(43066,7594,3,2,'393,071'),(43067,7594,3,3,'2016'),(43068,7594,3,4,'786'),(43069,7594,3,5,'783'),(43070,7594,3,6,'3'),(43071,7594,3,7,'0'),(43072,7594,3,8,'0'),(43073,7595,3,2,'0'),(43074,7595,3,3,'2016'),(43075,7595,3,4,'1,560'),(43076,7595,3,5,'752'),(43077,7595,3,6,'808'),(43078,7595,3,7,'0'),(43079,7595,3,8,'0'),(43080,7596,3,2,'0'),(43081,7596,3,3,'2016'),(43082,7596,3,4,'686'),(43083,7596,3,5,'381'),(43084,7596,3,6,'305'),(43085,7596,3,7,'0'),(43086,7596,3,8,'0'),(43087,7597,3,2,'42,000'),(43088,7597,3,3,'2016'),(43089,7597,3,4,'1,032'),(43090,7597,3,5,'1028'),(43091,7597,3,6,'4'),(43092,7597,3,7,'0'),(43093,7597,3,8,'0'),(43094,7598,3,2,'50,500'),(43095,7598,3,3,'2016'),(43096,7598,3,4,'1,379'),(43097,7598,3,5,'1354'),(43098,7598,3,6,'25'),(43099,7598,3,7,'0'),(43100,7598,3,8,'0'),(43101,7599,3,2,'0'),(43102,7599,3,3,'2016'),(43103,7599,3,4,'1,261'),(43104,7599,3,5,'822'),(43105,7599,3,6,'439'),(43106,7599,3,7,'0'),(43107,7599,3,8,'0'),(43108,7600,3,2,'0'),(43109,7600,3,3,'2016'),(43110,7600,3,4,'308'),(43111,7600,3,5,'191'),(43112,7600,3,6,'117'),(43113,7600,3,7,'0'),(43114,7600,3,8,'0'),(43115,7601,3,2,'0'),(43116,7601,3,3,'2016'),(43117,7601,3,4,'318'),(43118,7601,3,5,'209'),(43119,7601,3,6,'109'),(43120,7601,3,7,'0'),(43121,7601,3,8,'0'),(43122,7602,3,2,'21,000'),(43123,7602,3,3,'2016'),(43124,7602,3,4,'1,284'),(43125,7602,3,5,'1284'),(43126,7602,3,6,'0'),(43127,7602,3,7,'0'),(43128,7602,3,8,'0'),(43129,7603,3,2,'0'),(43130,7603,3,3,'2016'),(43131,7603,3,4,'739'),(43132,7603,3,5,'693'),(43133,7603,3,6,'46'),(43134,7603,3,7,'0'),(43135,7603,3,8,'0'),(43136,7604,3,2,'25,500'),(43137,7604,3,3,'2016'),(43138,7604,3,4,'372'),(43139,7604,3,5,'372'),(43140,7604,3,6,'0'),(43141,7604,3,7,'0'),(43142,7604,3,8,'0'),(43143,7605,3,2,'0'),(43144,7605,3,3,'2016'),(43145,7605,3,4,'1,067'),(43146,7605,3,5,'1041'),(43147,7605,3,6,'26'),(43148,7605,3,7,'0'),(43149,7605,3,8,'0'),(43150,7606,3,2,'0'),(43151,7606,3,3,'2016'),(43152,7606,3,4,'1,093'),(43153,7606,3,5,'661'),(43154,7606,3,6,'432'),(43155,7606,3,7,'0'),(43156,7606,3,8,'0'),(43157,7607,3,2,'7,500'),(43158,7607,3,3,'2016'),(43159,7607,3,4,'1,672'),(43160,7607,3,5,'1384'),(43161,7607,3,6,'288'),(43162,7607,3,7,'0'),(43163,7607,3,8,'0'),(43164,7608,3,2,'0'),(43165,7608,3,3,'2016'),(43166,7608,3,4,'820'),(43167,7608,3,5,'818'),(43168,7608,3,6,'2'),(43169,7608,3,7,'0'),(43170,7608,3,8,'0'),(43171,7609,3,2,'0'),(43172,7609,3,3,'2016'),(43173,7609,3,4,'417'),(43174,7609,3,5,'412'),(43175,7609,3,6,'5'),(43176,7609,3,7,'0'),(43177,7609,3,8,'0'),(43178,7610,3,2,'0'),(43179,7610,3,3,'2016'),(43180,7610,3,4,'1,051'),(43181,7610,3,5,'1051'),(43182,7610,3,6,'0'),(43183,7610,3,7,'0'),(43184,7610,3,8,'0'),(43185,7611,3,2,'0'),(43186,7611,3,3,'2016'),(43187,7611,3,4,'879'),(43188,7611,3,5,'854'),(43189,7611,3,6,'25'),(43190,7611,3,7,'0'),(43191,7611,3,8,'0'),(43192,7612,3,2,'22,500'),(43193,7612,3,3,'2016'),(43194,7612,3,4,'888'),(43195,7612,3,5,'886'),(43196,7612,3,6,'2'),(43197,7612,3,7,'0'),(43198,7612,3,8,'0'),(43199,7613,3,2,'0'),(43200,7613,3,3,'2016'),(43201,7613,3,4,'364'),(43202,7613,3,5,'361'),(43203,7613,3,6,'3'),(43204,7613,3,7,'0'),(43205,7613,3,8,'0'),(43206,7614,3,2,'25,500'),(43207,7614,3,3,'2016'),(43208,7614,3,4,'1,005'),(43209,7614,3,5,'982'),(43210,7614,3,6,'23'),(43211,7614,3,7,'0'),(43212,7614,3,8,'0'),(43213,7615,3,2,'22,500'),(43214,7615,3,3,'2016'),(43215,7615,3,4,'929'),(43216,7615,3,5,'922'),(43217,7615,3,6,'7'),(43218,7615,3,7,'0'),(43219,7615,3,8,'0'),(43220,7616,3,2,'0'),(43221,7616,3,3,'2016'),(43222,7616,3,4,'731'),(43223,7616,3,5,'603'),(43224,7616,3,6,'128'),(43225,7616,3,7,'0'),(43226,7616,3,8,'0'),(43227,7617,3,2,'0'),(43228,7617,3,3,'2016'),(43229,7617,3,4,'770'),(43230,7617,3,5,'502'),(43231,7617,3,6,'268'),(43232,7617,3,7,'0'),(43233,7617,3,8,'0'),(43234,7618,3,2,'0'),(43235,7618,3,3,'2016'),(43236,7618,3,4,'761'),(43237,7618,3,5,'587'),(43238,7618,3,6,'174'),(43239,7618,3,7,'0'),(43240,7618,3,8,'0'),(43241,7619,3,2,'0'),(43242,7619,3,3,'2016'),(43243,7619,3,4,'1,052'),(43244,7619,3,5,'798'),(43245,7619,3,6,'254'),(43246,7619,3,7,'0'),(43247,7619,3,8,'0'),(43248,7620,3,2,'0'),(43249,7620,3,3,'2016'),(43250,7620,3,4,'831'),(43251,7620,3,5,'740'),(43252,7620,3,6,'91'),(43253,7620,3,7,'0'),(43254,7620,3,8,'0'),(43255,7621,3,2,'12,500'),(43256,7621,3,3,'2016'),(43257,7621,3,4,'827'),(43258,7621,3,5,'636'),(43259,7621,3,6,'191'),(43260,7621,3,7,'0'),(43261,7621,3,8,'0'),(43262,7622,3,2,'0'),(43263,7622,3,3,'2016'),(43264,7622,3,4,'907'),(43265,7622,3,5,'608'),(43266,7622,3,6,'299'),(43267,7622,3,7,'0'),(43268,7622,3,8,'0'),(43269,7623,3,2,'0'),(43270,7623,3,3,'2016'),(43271,7623,3,4,'434'),(43272,7623,3,5,'350'),(43273,7623,3,6,'84'),(43274,7623,3,7,'0'),(43275,7623,3,8,'0'),(43276,7624,3,2,'0'),(43277,7624,3,3,'2016'),(43278,7624,3,4,'564'),(43279,7624,3,5,'502'),(43280,7624,3,6,'62'),(43281,7624,3,7,'0'),(43282,7624,3,8,'0'),(43283,7625,3,2,'0'),(43284,7625,3,3,'2016'),(43285,7625,3,4,'723'),(43286,7625,3,5,'506'),(43287,7625,3,6,'217'),(43288,7625,3,7,'0'),(43289,7625,3,8,'0'),(43290,7626,3,2,'0'),(43291,7626,3,3,'2016'),(43292,7626,3,4,'585'),(43293,7626,3,5,'497'),(43294,7626,3,6,'88'),(43295,7626,3,7,'0'),(43296,7626,3,8,'0'),(43297,7627,3,2,'0'),(43298,7627,3,3,'2016'),(43299,7627,3,4,'783'),(43300,7627,3,5,'645'),(43301,7627,3,6,'138'),(43302,7627,3,7,'0'),(43303,7627,3,8,'0'),(43304,7628,3,2,'0'),(43305,7628,3,3,'2016'),(43306,7628,3,4,'716'),(43307,7628,3,5,'655'),(43308,7628,3,6,'61'),(43309,7628,3,7,'0'),(43310,7628,3,8,'0'),(43311,7629,3,2,'0'),(43312,7629,3,3,'2016'),(43313,7629,3,4,'686'),(43314,7629,3,5,'504'),(43315,7629,3,6,'182'),(43316,7629,3,7,'0'),(43317,7629,3,8,'0'),(43318,7630,3,2,'0'),(43319,7630,3,3,'2016'),(43320,7630,3,4,'496'),(43321,7630,3,5,'459'),(43322,7630,3,6,'37'),(43323,7630,3,7,'0'),(43324,7630,3,8,'0'),(43325,7631,3,2,'0'),(43326,7631,3,3,'2016'),(43327,7631,3,4,'320'),(43328,7631,3,5,'310'),(43329,7631,3,6,'10'),(43330,7631,3,7,'0'),(43331,7631,3,8,'0'),(43332,7632,3,2,'0'),(43333,7632,3,3,'2016'),(43334,7632,3,4,'405'),(43335,7632,3,5,'377'),(43336,7632,3,6,'28'),(43337,7632,3,7,'0'),(43338,7632,3,8,'0'),(43339,7633,3,2,'0'),(43340,7633,3,3,'2016'),(43341,7633,3,4,'597'),(43342,7633,3,5,'545'),(43343,7633,3,6,'52'),(43344,7633,3,7,'0'),(43345,7633,3,8,'0'),(43346,7634,3,2,'0'),(43347,7634,3,3,'2016'),(43348,7634,3,4,'366'),(43349,7634,3,5,'325'),(43350,7634,3,6,'41'),(43351,7634,3,7,'0'),(43352,7634,3,8,'0'),(43353,7635,3,2,'0'),(43354,7635,3,3,'2016'),(43355,7635,3,4,'299'),(43356,7635,3,5,'257'),(43357,7635,3,6,'42'),(43358,7635,3,7,'0'),(43359,7635,3,8,'0'),(43360,7636,3,2,'0'),(43361,7636,3,3,'2016'),(43362,7636,3,4,'798'),(43363,7636,3,5,'637'),(43364,7636,3,6,'161'),(43365,7636,3,7,'0'),(43366,7636,3,8,'0'),(43367,7637,3,2,'0'),(43368,7637,3,3,'2016'),(43369,7637,3,4,'715'),(43370,7637,3,5,'466'),(43371,7637,3,6,'249'),(43372,7637,3,7,'0'),(43373,7637,3,8,'0'),(43374,7638,3,2,'0'),(43375,7638,3,3,'2016'),(43376,7638,3,4,'661'),(43377,7638,3,5,'589'),(43378,7638,3,6,'72'),(43379,7638,3,7,'0'),(43380,7638,3,8,'0'),(43381,7639,3,2,'0'),(43382,7639,3,3,'2016'),(43383,7639,3,4,'1,013'),(43384,7639,3,5,'878'),(43385,7639,3,6,'135'),(43386,7639,3,7,'0'),(43387,7639,3,8,'0'),(43388,7640,3,2,'0'),(43389,7640,3,3,'2016'),(43390,7640,3,4,'1,011'),(43391,7640,3,5,'894'),(43392,7640,3,6,'117'),(43393,7640,3,7,'0'),(43394,7640,3,8,'0'),(43395,7641,3,2,'0'),(43396,7641,3,3,'2016'),(43397,7641,3,4,'976'),(43398,7641,3,5,'814'),(43399,7641,3,6,'162'),(43400,7641,3,7,'0'),(43401,7641,3,8,'0'),(43402,7642,3,2,'0'),(43403,7642,3,3,'2016'),(43404,7642,3,4,'1,246'),(43405,7642,3,5,'947'),(43406,7642,3,6,'299'),(43407,7642,3,7,'0'),(43408,7642,3,8,'0'),(43409,7643,3,2,'0'),(43410,7643,3,3,'2016'),(43411,7643,3,4,'956'),(43412,7643,3,5,'788'),(43413,7643,3,6,'168'),(43414,7643,3,7,'0'),(43415,7643,3,8,'0'),(43416,7644,3,2,'0'),(43417,7644,3,3,'2016'),(43418,7644,3,4,'989'),(43419,7644,3,5,'605'),(43420,7644,3,6,'384'),(43421,7644,3,7,'0'),(43422,7644,3,8,'0'),(43423,7645,3,2,'0'),(43424,7645,3,3,'2016'),(43425,7645,3,4,'977'),(43426,7645,3,5,'664'),(43427,7645,3,6,'313'),(43428,7645,3,7,'0'),(43429,7645,3,8,'0'),(43430,7646,3,2,'0'),(43431,7646,3,3,'2016'),(43432,7646,3,4,'948'),(43433,7646,3,5,'606'),(43434,7646,3,6,'342'),(43435,7646,3,7,'0'),(43436,7646,3,8,'0'),(43437,7647,3,2,'0'),(43438,7647,3,3,'2016'),(43439,7647,3,4,'438'),(43440,7647,3,5,'384'),(43441,7647,3,6,'54'),(43442,7647,3,7,'0'),(43443,7647,3,8,'0'),(43444,7648,3,2,'0'),(43445,7648,3,3,'2016'),(43446,7648,3,4,'855'),(43447,7648,3,5,'703'),(43448,7648,3,6,'152'),(43449,7648,3,7,'0'),(43450,7648,3,8,'0'),(43451,7649,3,2,'0'),(43452,7649,3,3,'2016'),(43453,7649,3,4,'316'),(43454,7649,3,5,'300'),(43455,7649,3,6,'16'),(43456,7649,3,7,'0'),(43457,7649,3,8,'0'),(43458,7650,3,2,'0'),(43459,7650,3,3,'2016'),(43460,7650,3,4,'390'),(43461,7650,3,5,'386'),(43462,7650,3,6,'4'),(43463,7650,3,7,'0'),(43464,7650,3,8,'0'),(43465,7651,3,2,'0'),(43466,7651,3,3,'2016'),(43467,7651,3,4,'401'),(43468,7651,3,5,'367'),(43469,7651,3,6,'34'),(43470,7651,3,7,'0'),(43471,7651,3,8,'0'),(43472,7652,3,2,'0'),(43473,7652,3,3,'2016'),(43474,7652,3,4,'682'),(43475,7652,3,5,'587'),(43476,7652,3,6,'95'),(43477,7652,3,7,'0'),(43478,7652,3,8,'0'),(43479,7653,3,2,'0'),(43480,7653,3,3,'2016'),(43481,7653,3,4,'285'),(43482,7653,3,5,'230'),(43483,7653,3,6,'55'),(43484,7653,3,7,'0'),(43485,7653,3,8,'0'),(43486,7654,3,2,'0'),(43487,7654,3,3,'2016'),(43488,7654,3,4,'942'),(43489,7654,3,5,'816'),(43490,7654,3,6,'126'),(43491,7654,3,7,'0'),(43492,7654,3,8,'0'),(43493,7655,3,2,'0'),(43494,7655,3,3,'2016'),(43495,7655,3,4,'611'),(43496,7655,3,5,'594'),(43497,7655,3,6,'17'),(43498,7655,3,7,'0'),(43499,7655,3,8,'0'),(43500,7656,3,2,'0'),(43501,7656,3,3,'2016'),(43502,7656,3,4,'642'),(43503,7656,3,5,'587'),(43504,7656,3,6,'55'),(43505,7656,3,7,'0'),(43506,7656,3,8,'0'),(43507,7657,3,2,'0'),(43508,7657,3,3,'2016'),(43509,7657,3,4,'674'),(43510,7657,3,5,'637'),(43511,7657,3,6,'37'),(43512,7657,3,7,'0'),(43513,7657,3,8,'0'),(43514,7658,3,2,'0'),(43515,7658,3,3,'2016'),(43516,7658,3,4,'783'),(43517,7658,3,5,'699'),(43518,7658,3,6,'84'),(43519,7658,3,7,'0'),(43520,7658,3,8,'0'),(43521,7659,3,2,'0'),(43522,7659,3,3,'2016'),(43523,7659,3,4,'845'),(43524,7659,3,5,'758'),(43525,7659,3,6,'87'),(43526,7659,3,7,'0'),(43527,7659,3,8,'0'),(43528,7660,3,2,'0'),(43529,7660,3,3,'2016'),(43530,7660,3,4,'721'),(43531,7660,3,5,'711'),(43532,7660,3,6,'10'),(43533,7660,3,7,'0'),(43534,7660,3,8,'0'),(43535,7661,3,2,'0'),(43536,7661,3,3,'2016'),(43537,7661,3,4,'559'),(43538,7661,3,5,'533'),(43539,7661,3,6,'26'),(43540,7661,3,7,'0'),(43541,7661,3,8,'0'),(43542,7662,3,2,'0'),(43543,7662,3,3,'2016'),(43544,7662,3,4,'640'),(43545,7662,3,5,'620'),(43546,7662,3,6,'20'),(43547,7662,3,7,'0'),(43548,7662,3,8,'0'),(43549,7663,3,2,'0'),(43550,7663,3,3,'2016'),(43551,7663,3,4,'980'),(43552,7663,3,5,'586'),(43553,7663,3,6,'394'),(43554,7663,3,7,'0'),(43555,7663,3,8,'0'),(43556,7664,3,2,'0'),(43557,7664,3,3,'2016'),(43558,7664,3,4,'1,029'),(43559,7664,3,5,'557'),(43560,7664,3,6,'472'),(43561,7664,3,7,'0'),(43562,7664,3,8,'0'),(43563,7665,3,2,'0'),(43564,7665,3,3,'2016'),(43565,7665,3,4,'603'),(43566,7665,3,5,'368'),(43567,7665,3,6,'235'),(43568,7665,3,7,'0'),(43569,7665,3,8,'0'),(43570,7666,3,2,'0'),(43571,7666,3,3,'2016'),(43572,7666,3,4,'522'),(43573,7666,3,5,'314'),(43574,7666,3,6,'208'),(43575,7666,3,7,'0'),(43576,7666,3,8,'0'),(43577,7667,3,2,'0'),(43578,7667,3,3,'2016'),(43579,7667,3,4,'467'),(43580,7667,3,5,'292'),(43581,7667,3,6,'175'),(43582,7667,3,7,'0'),(43583,7667,3,8,'0'),(43584,7668,3,2,'0'),(43585,7668,3,3,'2016'),(43586,7668,3,4,'785'),(43587,7668,3,5,'359'),(43588,7668,3,6,'426'),(43589,7668,3,7,'0'),(43590,7668,3,8,'0'),(43591,7669,3,2,'0'),(43592,7669,3,3,'2016'),(43593,7669,3,4,'760'),(43594,7669,3,5,'242'),(43595,7669,3,6,'518'),(43596,7669,3,7,'0'),(43597,7669,3,8,'0'),(43598,7670,3,2,'0'),(43599,7670,3,3,'2016'),(43600,7670,3,4,'752'),(43601,7670,3,5,'423'),(43602,7670,3,6,'329'),(43603,7670,3,7,'0'),(43604,7670,3,8,'0'),(43605,7671,3,2,'0'),(43606,7671,3,3,'2016'),(43607,7671,3,4,'1,012'),(43608,7671,3,5,'350'),(43609,7671,3,6,'662'),(43610,7671,3,7,'0'),(43611,7671,3,8,'0'),(43612,7672,3,2,'0'),(43613,7672,3,3,'2016'),(43614,7672,3,4,'497'),(43615,7672,3,5,'166'),(43616,7672,3,6,'331'),(43617,7672,3,7,'0'),(43618,7672,3,8,'0'),(43619,7673,3,2,'0'),(43620,7673,3,3,'2016'),(43621,7673,3,4,'835'),(43622,7673,3,5,'356'),(43623,7673,3,6,'479'),(43624,7673,3,7,'0'),(43625,7673,3,8,'0'),(43626,7674,3,2,'0'),(43627,7674,3,3,'2016'),(43628,7674,3,4,'378'),(43629,7674,3,5,'177'),(43630,7674,3,6,'201'),(43631,7674,3,7,'0'),(43632,7674,3,8,'0'),(43633,7675,3,2,'0'),(43634,7675,3,3,'2016'),(43635,7675,3,4,'858'),(43636,7675,3,5,'795'),(43637,7675,3,6,'63'),(43638,7675,3,7,'0'),(43639,7675,3,8,'0'),(43640,7676,3,2,'0'),(43641,7676,3,3,'2016'),(43642,7676,3,4,'203'),(43643,7676,3,5,'88'),(43644,7676,3,6,'115'),(43645,7676,3,7,'0'),(43646,7676,3,8,'0'),(43647,7677,3,2,'0'),(43648,7677,3,3,'2017'),(43649,7677,3,4,'624'),(43650,7677,3,5,'370'),(43651,7677,3,6,'254'),(43652,7677,3,7,'0'),(43653,7677,3,8,'0'),(43654,7678,3,2,'0'),(43655,7678,3,3,'2017'),(43656,7678,3,4,'539'),(43657,7678,3,5,'380'),(43658,7678,3,6,'159'),(43659,7678,3,7,'0'),(43660,7678,3,8,'0'),(43661,7679,3,2,'0'),(43662,7679,3,3,'2017'),(43663,7679,3,4,'532'),(43664,7679,3,5,'480'),(43665,7679,3,6,'52'),(43666,7679,3,7,'0'),(43667,7679,3,8,'0'),(43668,7680,3,2,'0'),(43669,7680,3,3,'2017'),(43670,7680,3,4,'605'),(43671,7680,3,5,'587'),(43672,7680,3,6,'18'),(43673,7680,3,7,'0'),(43674,7680,3,8,'0'),(43675,7681,3,2,'0'),(43676,7681,3,3,'2017'),(43677,7681,3,4,'784'),(43678,7681,3,5,'495'),(43679,7681,3,6,'289'),(43680,7681,3,7,'0'),(43681,7681,3,8,'0'),(43682,7682,3,2,'19,800'),(43683,7682,3,3,'2017'),(43684,7682,3,4,'698'),(43685,7682,3,5,'519'),(43686,7682,3,6,'179'),(43687,7682,3,7,'0'),(43688,7682,3,8,'0'),(43689,7683,3,2,'0'),(43690,7683,3,3,'2017'),(43691,7683,3,4,'838'),(43692,7683,3,5,'442'),(43693,7683,3,6,'396'),(43694,7683,3,7,'0'),(43695,7683,3,8,'0'),(43696,7684,3,2,'0'),(43697,7684,3,3,'2017'),(43698,7684,3,4,'800'),(43699,7684,3,5,'467'),(43700,7684,3,6,'333'),(43701,7684,3,7,'0'),(43702,7684,3,8,'0'),(43703,7685,3,2,'0'),(43704,7685,3,3,'2017'),(43705,7685,3,4,'898'),(43706,7685,3,5,'679'),(43707,7685,3,6,'219'),(43708,7685,3,7,'0'),(43709,7685,3,8,'0'),(43710,7686,3,2,'0'),(43711,7686,3,3,'2017'),(43712,7686,3,4,'687'),(43713,7686,3,5,'340'),(43714,7686,3,6,'347'),(43715,7686,3,7,'0'),(43716,7686,3,8,'0'),(43717,7687,3,2,'0'),(43718,7687,3,3,'2017'),(43719,7687,3,4,'697'),(43720,7687,3,5,'465'),(43721,7687,3,6,'232'),(43722,7687,3,7,'0'),(43723,7687,3,8,'0'),(43724,7688,3,2,'0'),(43725,7688,3,3,'2017'),(43726,7688,3,4,'656'),(43727,7688,3,5,'393'),(43728,7688,3,6,'263'),(43729,7688,3,7,'0'),(43730,7688,3,8,'0'),(43731,7689,3,2,'0'),(43732,7689,3,3,'2017'),(43733,7689,3,4,'394'),(43734,7689,3,5,'238'),(43735,7689,3,6,'156'),(43736,7689,3,7,'0'),(43737,7689,3,8,'0'),(43738,7690,3,2,'0'),(43739,7690,3,3,'2017'),(43740,7690,3,4,'739'),(43741,7690,3,5,'511'),(43742,7690,3,6,'228'),(43743,7690,3,7,'0'),(43744,7690,3,8,'0'),(43745,7691,3,2,'0'),(43746,7691,3,3,'2017'),(43747,7691,3,4,'675'),(43748,7691,3,5,'248'),(43749,7691,3,6,'427'),(43750,7691,3,7,'0'),(43751,7691,3,8,'0'),(43752,7692,3,2,'0'),(43753,7692,3,3,'2017'),(43754,7692,3,4,'710'),(43755,7692,3,5,'414'),(43756,7692,3,6,'296'),(43757,7692,3,7,'0'),(43758,7692,3,8,'0'),(43759,7693,3,2,'0'),(43760,7693,3,3,'2017'),(43761,7693,3,4,'446'),(43762,7693,3,5,'251'),(43763,7693,3,6,'195'),(43764,7693,3,7,'0'),(43765,7693,3,8,'0'),(43766,7694,3,2,'0'),(43767,7694,3,3,'2017'),(43768,7694,3,4,'651'),(43769,7694,3,5,'470'),(43770,7694,3,6,'181'),(43771,7694,3,7,'0'),(43772,7694,3,8,'0'),(43773,7695,3,2,'0'),(43774,7695,3,3,'2017'),(43775,7695,3,4,'728'),(43776,7695,3,5,'444'),(43777,7695,3,6,'284'),(43778,7695,3,7,'0'),(43779,7695,3,8,'0'),(43780,7696,3,2,'0'),(43781,7696,3,3,'2017'),(43782,7696,3,4,'644'),(43783,7696,3,5,'416'),(43784,7696,3,6,'228'),(43785,7696,3,7,'0'),(43786,7696,3,8,'0'),(43787,7697,3,2,'0'),(43788,7697,3,3,'2017'),(43789,7697,3,4,'695'),(43790,7697,3,5,'558'),(43791,7697,3,6,'137'),(43792,7697,3,7,'0'),(43793,7697,3,8,'0'),(43794,7698,3,2,'0'),(43795,7698,3,3,'2017'),(43796,7698,3,4,'739'),(43797,7698,3,5,'570'),(43798,7698,3,6,'169'),(43799,7698,3,7,'0'),(43800,7698,3,8,'0'),(43801,7699,3,2,'0'),(43802,7699,3,3,'2017'),(43803,7699,3,4,'706'),(43804,7699,3,5,'537'),(43805,7699,3,6,'169'),(43806,7699,3,7,'0'),(43807,7699,3,8,'0'),(43808,7700,3,2,'0'),(43809,7700,3,3,'2017'),(43810,7700,3,4,'681'),(43811,7700,3,5,'580'),(43812,7700,3,6,'101'),(43813,7700,3,7,'0'),(43814,7700,3,8,'0'),(43815,7701,3,2,'0'),(43816,7701,3,3,'2017'),(43817,7701,3,4,'679'),(43818,7701,3,5,'498'),(43819,7701,3,6,'181'),(43820,7701,3,7,'0'),(43821,7701,3,8,'0'),(43822,7702,3,2,'0'),(43823,7702,3,3,'2017'),(43824,7702,3,4,'1,129'),(43825,7702,3,5,'586'),(43826,7702,3,6,'543'),(43827,7702,3,7,'0'),(43828,7702,3,8,'0'),(43829,7703,3,2,'0'),(43830,7703,3,3,'2017'),(43831,7703,3,4,'1,297'),(43832,7703,3,5,'595'),(43833,7703,3,6,'702'),(43834,7703,3,7,'0'),(43835,7703,3,8,'0'),(43836,7704,3,2,'0'),(43837,7704,3,3,'2016'),(43838,7704,3,4,'1,058'),(43839,7704,3,5,'715'),(43840,7704,3,6,'343'),(43841,7704,3,7,'0'),(43842,7704,3,8,'0'),(43843,7705,3,2,'0'),(43844,7705,3,3,'2016'),(43845,7705,3,4,'1,064'),(43846,7705,3,5,'743'),(43847,7705,3,6,'321'),(43848,7705,3,7,'0'),(43849,7705,3,8,'0'),(43850,7706,3,2,'20,900'),(43851,7706,3,3,'2016'),(43852,7706,3,4,'1,021'),(43853,7706,3,5,'595'),(43854,7706,3,6,'426'),(43855,7706,3,7,'0'),(43856,7706,3,8,'0'),(43857,7707,3,2,'0'),(43858,7707,3,3,'2017'),(43859,7707,3,4,'900'),(43860,7707,3,5,'529'),(43861,7707,3,6,'371'),(43862,7707,3,7,'0'),(43863,7707,3,8,'0'),(43864,7708,3,2,'0'),(43865,7708,3,3,'2017'),(43866,7708,3,4,'367'),(43867,7708,3,5,'360'),(43868,7708,3,6,'7'),(43869,7708,3,7,'0'),(43870,7708,3,8,'0'),(43871,7709,3,2,'0'),(43872,7709,3,3,'2017'),(43873,7709,3,4,'679'),(43874,7709,3,5,'511'),(43875,7709,3,6,'168'),(43876,7709,3,7,'0'),(43877,7709,3,8,'0'),(43878,7710,3,2,'0'),(43879,7710,3,3,'2017'),(43880,7710,3,4,'815'),(43881,7710,3,5,'673'),(43882,7710,3,6,'142'),(43883,7710,3,7,'0'),(43884,7710,3,8,'0'),(43885,7711,3,2,'0'),(43886,7711,3,3,'2017'),(43887,7711,3,4,'827'),(43888,7711,3,5,'574'),(43889,7711,3,6,'253'),(43890,7711,3,7,'0'),(43891,7711,3,8,'0'),(43892,7712,3,2,'0'),(43893,7712,3,3,'2017'),(43894,7712,3,4,'691'),(43895,7712,3,5,'315'),(43896,7712,3,6,'376'),(43897,7712,3,7,'0'),(43898,7712,3,8,'0'),(43899,7713,3,2,'0'),(43900,7713,3,3,'2017'),(43901,7713,3,4,'682'),(43902,7713,3,5,'339'),(43903,7713,3,6,'343'),(43904,7713,3,7,'0'),(43905,7713,3,8,'0'),(43906,7714,3,2,'0'),(43907,7714,3,3,'2017'),(43908,7714,3,4,'667'),(43909,7714,3,5,'321'),(43910,7714,3,6,'346'),(43911,7714,3,7,'0'),(43912,7714,3,8,'0'),(43913,7715,3,2,'0'),(43914,7715,3,3,'2017'),(43915,7715,3,4,'782'),(43916,7715,3,5,'566'),(43917,7715,3,6,'216'),(43918,7715,3,7,'0'),(43919,7715,3,8,'0'),(43920,7716,3,2,'0'),(43921,7716,3,3,'2017'),(43922,7716,3,4,'921'),(43923,7716,3,5,'373'),(43924,7716,3,6,'548'),(43925,7716,3,7,'0'),(43926,7716,3,8,'0'),(43927,7717,3,2,'0'),(43928,7717,3,3,'2017'),(43929,7717,3,4,'718'),(43930,7717,3,5,'405'),(43931,7717,3,6,'313'),(43932,7717,3,7,'0'),(43933,7717,3,8,'0'),(43934,7718,3,2,'0'),(43935,7718,3,3,'2017'),(43936,7718,3,4,'1,131'),(43937,7718,3,5,'670'),(43938,7718,3,6,'461'),(43939,7718,3,7,'0'),(43940,7718,3,8,'0'),(43941,7719,3,2,'0'),(43942,7719,3,3,'2017'),(43943,7719,3,4,'749'),(43944,7719,3,5,'440'),(43945,7719,3,6,'309'),(43946,7719,3,7,'0'),(43947,7719,3,8,'0'),(43948,7720,3,2,'0'),(43949,7720,3,3,'2017'),(43950,7720,3,4,'545'),(43951,7720,3,5,'318'),(43952,7720,3,6,'227'),(43953,7720,3,7,'0'),(43954,7720,3,8,'0'),(43955,7721,3,2,'0'),(43956,7721,3,3,'2017'),(43957,7721,3,4,'432'),(43958,7721,3,5,'273'),(43959,7721,3,6,'159'),(43960,7721,3,7,'0'),(43961,7721,3,8,'0'),(43962,7722,3,2,'0'),(43963,7722,3,3,'2017'),(43964,7722,3,4,'853'),(43965,7722,3,5,'448'),(43966,7722,3,6,'405'),(43967,7722,3,7,'0'),(43968,7722,3,8,'0'),(43969,7723,3,2,'0'),(43970,7723,3,3,'2017'),(43971,7723,3,4,'864'),(43972,7723,3,5,'513'),(43973,7723,3,6,'351'),(43974,7723,3,7,'0'),(43975,7723,3,8,'0'),(43976,7724,3,2,'0'),(43977,7724,3,3,'2017'),(43978,7724,3,4,'276'),(43979,7724,3,5,'231'),(43980,7724,3,6,'45'),(43981,7724,3,7,'0'),(43982,7724,3,8,'0'),(43983,7725,3,2,'0'),(43984,7725,3,3,'2017'),(43985,7725,3,4,'734'),(43986,7725,3,5,'442'),(43987,7725,3,6,'292'),(43988,7725,3,7,'0'),(43989,7725,3,8,'0'),(43990,7726,3,2,'0'),(43991,7726,3,3,'2017'),(43992,7726,3,4,'632'),(43993,7726,3,5,'421'),(43994,7726,3,6,'211'),(43995,7726,3,7,'0'),(43996,7726,3,8,'0'),(43997,7727,3,2,'0'),(43998,7727,3,3,'2017'),(43999,7727,3,4,'428'),(44000,7727,3,5,'291'),(44001,7727,3,6,'137'),(44002,7727,3,7,'0'),(44003,7727,3,8,'0'),(44004,7728,3,2,'0'),(44005,7728,3,3,'2017'),(44006,7728,3,4,'760'),(44007,7728,3,5,'455'),(44008,7728,3,6,'305'),(44009,7728,3,7,'0'),(44010,7728,3,8,'0'),(44011,7729,3,2,'0'),(44012,7729,3,3,'2017'),(44013,7729,3,4,'733'),(44014,7729,3,5,'610'),(44015,7729,3,6,'123'),(44016,7729,3,7,'0'),(44017,7729,3,8,'0'),(44018,7730,3,2,'0'),(44019,7730,3,3,'2017'),(44020,7730,3,4,'707'),(44021,7730,3,5,'500'),(44022,7730,3,6,'207'),(44023,7730,3,7,'0'),(44024,7730,3,8,'0'),(44025,7731,3,2,'0'),(44026,7731,3,3,'2017'),(44027,7731,3,4,'554'),(44028,7731,3,5,'471'),(44029,7731,3,6,'83'),(44030,7731,3,7,'0'),(44031,7731,3,8,'0'),(44032,7732,3,2,'0'),(44033,7732,3,3,'2017'),(44034,7732,3,4,'903'),(44035,7732,3,5,'585'),(44036,7732,3,6,'318'),(44037,7732,3,7,'0'),(44038,7732,3,8,'0'),(44039,7733,3,2,'0'),(44040,7733,3,3,'2017'),(44041,7733,3,4,'783'),(44042,7733,3,5,'232'),(44043,7733,3,6,'551'),(44044,7733,3,7,'0'),(44045,7733,3,8,'0'),(44046,7734,3,2,'0'),(44047,7734,3,3,'2017'),(44048,7734,3,4,'720'),(44049,7734,3,5,'205'),(44050,7734,3,6,'515'),(44051,7734,3,7,'0'),(44052,7734,3,8,'0'),(44053,7735,3,2,'0'),(44054,7735,3,3,'2017'),(44055,7735,3,4,'525'),(44056,7735,3,5,'370'),(44057,7735,3,6,'155'),(44058,7735,3,7,'0'),(44059,7735,3,8,'0'),(44060,7736,3,2,'0'),(44061,7736,3,3,'2017'),(44062,7736,3,4,'751'),(44063,7736,3,5,'324'),(44064,7736,3,6,'427'),(44065,7736,3,7,'0'),(44066,7736,3,8,'0'),(44067,7737,3,2,'0'),(44068,7737,3,3,'2017'),(44069,7737,3,4,'569'),(44070,7737,3,5,'238'),(44071,7737,3,6,'331'),(44072,7737,3,7,'0'),(44073,7737,3,8,'0'),(44074,7738,3,2,'0'),(44075,7738,3,3,'2017'),(44076,7738,3,4,'581'),(44077,7738,3,5,'216'),(44078,7738,3,6,'365'),(44079,7738,3,7,'0'),(44080,7738,3,8,'0'),(44081,7739,3,2,'0'),(44082,7739,3,3,'2017'),(44083,7739,3,4,'863'),(44084,7739,3,5,'506'),(44085,7739,3,6,'357'),(44086,7739,3,7,'0'),(44087,7739,3,8,'0'),(44088,7740,3,2,'0'),(44089,7740,3,3,'2017'),(44090,7740,3,4,'748'),(44091,7740,3,5,'426'),(44092,7740,3,6,'322'),(44093,7740,3,7,'0'),(44094,7740,3,8,'0'),(44095,7741,3,2,'0'),(44096,7741,3,3,'2017'),(44097,7741,3,4,'807'),(44098,7741,3,5,'518'),(44099,7741,3,6,'289'),(44100,7741,3,7,'0'),(44101,7741,3,8,'0'),(44102,7742,3,2,'0'),(44103,7742,3,3,'2017'),(44104,7742,3,4,'540'),(44105,7742,3,5,'319'),(44106,7742,3,6,'221'),(44107,7742,3,7,'0'),(44108,7742,3,8,'0'),(44109,7743,3,2,'0'),(44110,7743,3,3,'2017'),(44111,7743,3,4,'704'),(44112,7743,3,5,'393'),(44113,7743,3,6,'311'),(44114,7743,3,7,'0'),(44115,7743,3,8,'0'),(44116,7744,3,2,'0'),(44117,7744,3,3,'2017'),(44118,7744,3,4,'615'),(44119,7744,3,5,'331'),(44120,7744,3,6,'284'),(44121,7744,3,7,'0'),(44122,7744,3,8,'0'),(44123,7745,3,2,'0'),(44124,7745,3,3,'2017'),(44125,7745,3,4,'636'),(44126,7745,3,5,'330'),(44127,7745,3,6,'306'),(44128,7745,3,7,'0'),(44129,7745,3,8,'0'),(44130,7746,3,2,'0'),(44131,7746,3,3,'2017'),(44132,7746,3,4,'555'),(44133,7746,3,5,'353'),(44134,7746,3,6,'202'),(44135,7746,3,7,'0'),(44136,7746,3,8,'0'),(44137,7747,3,2,'0'),(44138,7747,3,3,'2017'),(44139,7747,3,4,'872'),(44140,7747,3,5,'386'),(44141,7747,3,6,'486'),(44142,7747,3,7,'0'),(44143,7747,3,8,'0'),(44144,7748,3,2,'0'),(44145,7748,3,3,'2017'),(44146,7748,3,4,'816'),(44147,7748,3,5,'290'),(44148,7748,3,6,'526'),(44149,7748,3,7,'0'),(44150,7748,3,8,'0'),(44151,7749,3,2,'0'),(44152,7749,3,3,'2017'),(44153,7749,3,4,'818'),(44154,7749,3,5,'371'),(44155,7749,3,6,'447'),(44156,7749,3,7,'0'),(44157,7749,3,8,'0'),(44158,7750,3,2,'0'),(44159,7750,3,3,'2017'),(44160,7750,3,4,'699'),(44161,7750,3,5,'343'),(44162,7750,3,6,'356'),(44163,7750,3,7,'0'),(44164,7750,3,8,'0'),(44165,7751,3,2,'0'),(44166,7751,3,3,'2017'),(44167,7751,3,4,'915'),(44168,7751,3,5,'289'),(44169,7751,3,6,'626'),(44170,7751,3,7,'0'),(44171,7751,3,8,'0'),(44172,7752,3,2,'0'),(44173,7752,3,3,'2017'),(44174,7752,3,4,'822'),(44175,7752,3,5,'410'),(44176,7752,3,6,'412'),(44177,7752,3,7,'0'),(44178,7752,3,8,'0'),(44179,7753,3,2,'0'),(44180,7753,3,3,'2017'),(44181,7753,3,4,'535'),(44182,7753,3,5,'317'),(44183,7753,3,6,'218'),(44184,7753,3,7,'0'),(44185,7753,3,8,'0'),(44186,7754,3,2,'0'),(44187,7754,3,3,'2017'),(44188,7754,3,4,'310'),(44189,7754,3,5,'250'),(44190,7754,3,6,'60'),(44191,7754,3,7,'0'),(44192,7754,3,8,'0'),(44193,7755,3,2,'0'),(44194,7755,3,3,'2017'),(44195,7755,3,4,'730'),(44196,7755,3,5,'460'),(44197,7755,3,6,'270'),(44198,7755,3,7,'0'),(44199,7755,3,8,'0'),(44200,7756,3,2,'0'),(44201,7756,3,3,'2017'),(44202,7756,3,4,'735'),(44203,7756,3,5,'290'),(44204,7756,3,6,'445'),(44205,7756,3,7,'0'),(44206,7756,3,8,'0'),(44207,7757,3,2,'0'),(44208,7757,3,3,'2017'),(44209,7757,3,4,'860'),(44210,7757,3,5,'355'),(44211,7757,3,6,'505'),(44212,7757,3,7,'0'),(44213,7757,3,8,'0'),(44214,7758,3,2,'0'),(44215,7758,3,3,'2017'),(44216,7758,3,4,'807'),(44217,7758,3,5,'417'),(44218,7758,3,6,'390'),(44219,7758,3,7,'0'),(44220,7758,3,8,'0'),(44221,7759,3,2,'0'),(44222,7759,3,3,'2017'),(44223,7759,3,4,'783'),(44224,7759,3,5,'349'),(44225,7759,3,6,'434'),(44226,7759,3,7,'0'),(44227,7759,3,8,'0'),(44228,7760,3,2,'0'),(44229,7760,3,3,'2017'),(44230,7760,3,4,'909'),(44231,7760,3,5,'408'),(44232,7760,3,6,'501'),(44233,7760,3,7,'0'),(44234,7760,3,8,'0'),(44235,7761,3,2,'0'),(44236,7761,3,3,'2017'),(44237,7761,3,4,'776'),(44238,7761,3,5,'560'),(44239,7761,3,6,'216'),(44240,7761,3,7,'0'),(44241,7761,3,8,'0'),(44242,7762,3,2,'0'),(44243,7762,3,3,'2017'),(44244,7762,3,4,'755'),(44245,7762,3,5,'456'),(44246,7762,3,6,'299'),(44247,7762,3,7,'0'),(44248,7762,3,8,'0'),(44249,7763,3,2,'0'),(44250,7763,3,3,'2017'),(44251,7763,3,4,'418'),(44252,7763,3,5,'337'),(44253,7763,3,6,'81'),(44254,7763,3,7,'0'),(44255,7763,3,8,'0'),(44256,7764,3,2,'0'),(44257,7764,3,3,'2017'),(44258,7764,3,4,'453'),(44259,7764,3,5,'274'),(44260,7764,3,6,'179'),(44261,7764,3,7,'0'),(44262,7764,3,8,'0'),(44263,7765,3,2,'0'),(44264,7765,3,3,'2017'),(44265,7765,3,4,'840'),(44266,7765,3,5,'520'),(44267,7765,3,6,'320'),(44268,7765,3,7,'0'),(44269,7765,3,8,'0'),(44270,7766,3,2,'0'),(44271,7766,3,3,'2017'),(44272,7766,3,4,'677'),(44273,7766,3,5,'349'),(44274,7766,3,6,'328'),(44275,7766,3,7,'0'),(44276,7766,3,8,'0'),(44277,7767,3,2,'0'),(44278,7767,3,3,'2017'),(44279,7767,3,4,'786'),(44280,7767,3,5,'537'),(44281,7767,3,6,'249'),(44282,7767,3,7,'0'),(44283,7767,3,8,'0'),(44284,7768,3,2,'13,750'),(44285,7768,3,3,'2017'),(44286,7768,3,4,'455'),(44287,7768,3,5,'443'),(44288,7768,3,6,'12'),(44289,7768,3,7,'0'),(44290,7768,3,8,'0'),(44291,7769,3,2,'0'),(44292,7769,3,3,'2017'),(44293,7769,3,4,'330'),(44294,7769,3,5,'107'),(44295,7769,3,6,'223'),(44296,7769,3,7,'0'),(44297,7769,3,8,'0'),(44298,7770,3,2,'36,250'),(44299,7770,3,3,'2017'),(44300,7770,3,4,'601'),(44301,7770,3,5,'328'),(44302,7770,3,6,'273'),(44303,7770,3,7,'0'),(44304,7770,3,8,'0'),(44305,7771,3,2,'0'),(44306,7771,3,3,'2017'),(44307,7771,3,4,'407'),(44308,7771,3,5,'313'),(44309,7771,3,6,'94'),(44310,7771,3,7,'0'),(44311,7771,3,8,'0'),(44312,7772,3,2,'30,000'),(44313,7772,3,3,'2017'),(44314,7772,3,4,'203'),(44315,7772,3,5,'200'),(44316,7772,3,6,'3'),(44317,7772,3,7,'0'),(44318,7772,3,8,'0'),(44319,7773,3,2,'0'),(44320,7773,3,3,'2017'),(44321,7773,3,4,'397'),(44322,7773,3,5,'392'),(44323,7773,3,6,'5'),(44324,7773,3,7,'0'),(44325,7773,3,8,'0'),(44326,7774,3,2,'0'),(44327,7774,3,3,'2017'),(44328,7774,3,4,'431'),(44329,7774,3,5,'279'),(44330,7774,3,6,'152'),(44331,7774,3,7,'0'),(44332,7774,3,8,'0'),(44333,7775,3,2,'0'),(44334,7775,3,3,'2017'),(44335,7775,3,4,'556'),(44336,7775,3,5,'556'),(44337,7775,3,6,'0'),(44338,7775,3,7,'0'),(44339,7775,3,8,'0'),(44340,7776,3,2,'0'),(44341,7776,3,3,'2017'),(44342,7776,3,4,'437'),(44343,7776,3,5,'308'),(44344,7776,3,6,'129'),(44345,7776,3,7,'0'),(44346,7776,3,8,'0'),(44347,7777,3,2,'0'),(44348,7777,3,3,'2017'),(44349,7777,3,4,'376'),(44350,7777,3,5,'240'),(44351,7777,3,6,'136'),(44352,7777,3,7,'0'),(44353,7777,3,8,'0'),(44354,7778,3,2,'0'),(44355,7778,3,3,'2017'),(44356,7778,3,4,'677'),(44357,7778,3,5,'624'),(44358,7778,3,6,'53'),(44359,7778,3,7,'0'),(44360,7778,3,8,'0'),(44361,7779,3,2,'0'),(44362,7779,3,3,'2017'),(44363,7779,3,4,'252'),(44364,7779,3,5,'81'),(44365,7779,3,6,'171'),(44366,7779,3,7,'0'),(44367,7779,3,8,'0'),(44368,7780,3,2,'0'),(44369,7780,3,3,'2017'),(44370,7780,3,4,'302'),(44371,7780,3,5,'172'),(44372,7780,3,6,'130'),(44373,7780,3,7,'0'),(44374,7780,3,8,'0'),(44375,7781,3,2,'0'),(44376,7781,3,3,'2017'),(44377,7781,3,4,'384'),(44378,7781,3,5,'340'),(44379,7781,3,6,'44'),(44380,7781,3,7,'0'),(44381,7781,3,8,'0'),(44382,7782,3,2,'0'),(44383,7782,3,3,'2017'),(44384,7782,3,4,'295'),(44385,7782,3,5,'268'),(44386,7782,3,6,'27'),(44387,7782,3,7,'0'),(44388,7782,3,8,'0'),(44389,7783,3,2,'0'),(44390,7783,3,3,'2017'),(44391,7783,3,4,'294'),(44392,7783,3,5,'280'),(44393,7783,3,6,'14'),(44394,7783,3,7,'0'),(44395,7783,3,8,'0'),(44396,7784,3,2,'0'),(44397,7784,3,3,'2017'),(44398,7784,3,4,'364'),(44399,7784,3,5,'327'),(44400,7784,3,6,'37'),(44401,7784,3,7,'0'),(44402,7784,3,8,'0'),(44403,7785,3,2,'0'),(44404,7785,3,3,'2017'),(44405,7785,3,4,'275'),(44406,7785,3,5,'238'),(44407,7785,3,6,'37'),(44408,7785,3,7,'0'),(44409,7785,3,8,'0'),(44410,7786,3,2,'0'),(44411,7786,3,3,'2017'),(44412,7786,3,4,'307'),(44413,7786,3,5,'256'),(44414,7786,3,6,'51'),(44415,7786,3,7,'0'),(44416,7786,3,8,'0'),(44417,7787,3,2,'0'),(44418,7787,3,3,'2017'),(44419,7787,3,4,'430'),(44420,7787,3,5,'249'),(44421,7787,3,6,'181'),(44422,7787,3,7,'0'),(44423,7787,3,8,'0'),(44424,7788,3,2,'0'),(44425,7788,3,3,'2017'),(44426,7788,3,4,'438'),(44427,7788,3,5,'424'),(44428,7788,3,6,'14'),(44429,7788,3,7,'0'),(44430,7788,3,8,'0'),(44431,7789,3,2,'0'),(44432,7789,3,3,'2017'),(44433,7789,3,4,'360'),(44434,7789,3,5,'341'),(44435,7789,3,6,'19'),(44436,7789,3,7,'0'),(44437,7789,3,8,'0'),(44438,7790,3,2,'0'),(44439,7790,3,3,'2017'),(44440,7790,3,4,'352'),(44441,7790,3,5,'290'),(44442,7790,3,6,'62'),(44443,7790,3,7,'0'),(44444,7790,3,8,'0'),(44445,7791,3,2,'0'),(44446,7791,3,3,'2017'),(44447,7791,3,4,'408'),(44448,7791,3,5,'322'),(44449,7791,3,6,'86'),(44450,7791,3,7,'0'),(44451,7791,3,8,'0'),(44452,7792,3,2,'0'),(44453,7792,3,3,'2017'),(44454,7792,3,4,'131'),(44455,7792,3,5,'0'),(44456,7792,3,6,'131'),(44457,7792,3,7,'0'),(44458,7792,3,8,'0'),(44459,7793,3,2,'0'),(44460,7793,3,3,'2017'),(44461,7793,3,4,'108'),(44462,7793,3,5,'28'),(44463,7793,3,6,'80'),(44464,7793,3,7,'0'),(44465,7793,3,8,'0'),(44466,7794,3,2,'0'),(44467,7794,3,3,'2017'),(44468,7794,3,4,'28'),(44469,7794,3,5,'25'),(44470,7794,3,6,'3'),(44471,7794,3,7,'0'),(44472,7794,3,8,'0'),(44473,7795,3,2,'0'),(44474,7795,3,3,'2017'),(44475,7795,3,4,'65'),(44476,7795,3,5,'12'),(44477,7795,3,6,'53'),(44478,7795,3,7,'0'),(44479,7795,3,8,'0'),(44480,7796,3,2,'0'),(44481,7796,3,3,'2017'),(44482,7796,3,4,'88'),(44483,7796,3,5,'69'),(44484,7796,3,6,'19'),(44485,7796,3,7,'0'),(44486,7796,3,8,'0'),(44487,7797,3,2,'0'),(44488,7797,3,3,'2017'),(44489,7797,3,4,'78'),(44490,7797,3,5,'37'),(44491,7797,3,6,'41'),(44492,7797,3,7,'0'),(44493,7797,3,8,'0'),(44494,7798,3,2,'0'),(44495,7798,3,3,'2017'),(44496,7798,3,4,'25'),(44497,7798,3,5,'17'),(44498,7798,3,6,'8'),(44499,7798,3,7,'0'),(44500,7798,3,8,'0'),(44501,7799,3,2,'0'),(44502,7799,3,3,'2017'),(44503,7799,3,4,'32'),(44504,7799,3,5,'31'),(44505,7799,3,6,'1'),(44506,7799,3,7,'0'),(44507,7799,3,8,'0'),(44508,7800,3,2,'0'),(44509,7800,3,3,'2017'),(44510,7800,3,4,'34'),(44511,7800,3,5,'27'),(44512,7800,3,6,'7'),(44513,7800,3,7,'0'),(44514,7800,3,8,'0'),(44515,7801,3,2,'0'),(44516,7801,3,3,'2017'),(44517,7801,3,4,'109'),(44518,7801,3,5,'68'),(44519,7801,3,6,'41'),(44520,7801,3,7,'0'),(44521,7801,3,8,'0'),(44522,7802,3,2,'0'),(44523,7802,3,3,'2017'),(44524,7802,3,4,'108'),(44525,7802,3,5,'41'),(44526,7802,3,6,'67'),(44527,7802,3,7,'0'),(44528,7802,3,8,'0'),(47539,8172,4,2,'0.15\n'),(47540,8172,4,3,'1/4/16'),(47541,8172,4,4,'675.0'),(47542,8172,4,5,'10'),(47543,8172,4,6,'665'),(47544,8172,4,7,'N/A'),(47545,8172,4,8,'N/A'),(47546,8173,4,2,'0.15\n'),(47547,8173,4,3,'1/4/16'),(47548,8173,4,4,'503.0'),(47549,8173,4,5,'7'),(47550,8173,4,6,'496'),(47551,8173,4,7,'N/A'),(47552,8173,4,8,'N/A'),(47553,8174,4,2,'0.15\n'),(47554,8174,4,3,'1/4/16'),(47555,8174,4,4,'513.0'),(47556,8174,4,5,'5'),(47557,8174,4,6,'508'),(47558,8174,4,7,'N/A'),(47559,8174,4,8,'N/A'),(47560,7228,4,2,'0.15\n'),(47561,7228,4,3,'1/8/16'),(47562,7228,4,4,'527.0'),(47563,7228,4,5,'12'),(47564,7228,4,6,'515'),(47565,7228,4,7,'N/A'),(47566,7228,4,8,'N/A'),(47567,8175,4,2,'0.15\n'),(47568,8175,4,3,'1/9/16'),(47569,8175,4,4,'380.0'),(47570,8175,4,5,'9'),(47571,8175,4,6,'371'),(47572,8175,4,7,'N/A'),(47573,8175,4,8,'N/A'),(47574,8176,4,2,'0.11\n'),(47575,8176,4,3,'1/6/09'),(47576,8176,4,4,'1159.0'),(47577,8176,4,5,'16'),(47578,8176,4,6,'1,143'),(47579,8176,4,7,'N/A'),(47580,8176,4,8,'N/A'),(47581,8177,4,2,'0.11\n'),(47582,8177,4,3,'1/11/10'),(47583,8177,4,4,'1522.0'),(47584,8177,4,5,'96'),(47585,8177,4,6,'1,426'),(47586,8177,4,7,'N/A'),(47587,8177,4,8,'N/A'),(47588,8178,4,2,'0.11\n'),(47589,8178,4,3,'1/12/10'),(47590,8178,4,4,'1532.0'),(47591,8178,4,5,'24'),(47592,8178,4,6,'1,508'),(47593,8178,4,7,'N/A'),(47594,8178,4,8,'N/A'),(47595,8179,4,2,'0.11\n'),(47596,8179,4,3,'2/8/10'),(47597,8179,4,4,'1760.0'),(47598,8179,4,5,'95'),(47599,8179,4,6,'1,665'),(47600,8179,4,7,'N/A'),(47601,8179,4,8,'N/A'),(47602,8180,4,2,'0.11\n'),(47603,8180,4,3,'1/3/17'),(47604,8180,4,4,'1192.0'),(47605,8180,4,5,'8'),(47606,8180,4,6,'1,184'),(47607,8180,4,7,'N/A'),(47608,8180,4,8,'N/A'),(47609,8181,4,2,'0.14\n'),(47610,8181,4,3,'1/11/10'),(47611,8181,4,4,'1942.0'),(47612,8181,4,5,'92'),(47613,8181,4,6,'1850'),(47614,8181,4,7,'N/A'),(47615,8181,4,8,'N/A'),(47616,8182,4,2,'0.14\n'),(47617,8182,4,3,'1/11/10'),(47618,8182,4,4,'2395.0'),(47619,8182,4,5,'62'),(47620,8182,4,6,'2333'),(47621,8182,4,7,'N/A'),(47622,8182,4,8,'N/A'),(47623,8183,4,2,'0.14\n'),(47624,8183,4,3,'1/11/10'),(47625,8183,4,4,'1946.0'),(47626,8183,4,5,'76'),(47627,8183,4,6,'1870'),(47628,8183,4,7,'N/A'),(47629,8183,4,8,'N/A'),(47630,7112,4,2,'0.14\n'),(47631,7112,4,3,'4/11/15'),(47632,7112,4,4,'945.0'),(47633,7112,4,5,'20'),(47634,7112,4,6,'925'),(47635,7112,4,7,'N/A'),(47636,7112,4,8,'N/A'),(47637,8184,4,2,'0.14\n'),(47638,8184,4,3,'1/11/16'),(47639,8184,4,4,'366.0'),(47640,8184,4,5,'0'),(47641,8184,4,6,'366'),(47642,8184,4,7,'N/A'),(47643,8184,4,8,'N/A'),(47644,8185,4,2,'0.14\n'),(47645,8185,4,3,'1/3/17'),(47646,8185,4,4,'951.0'),(47647,8185,4,5,'7'),(47648,8185,4,6,'944'),(47649,8185,4,7,'N/A'),(47650,8185,4,8,'N/A'),(47651,8186,4,2,'0.14\n'),(47652,8186,4,3,'1/4/17'),(47653,8186,4,4,'190.0'),(47654,8186,4,5,'0'),(47655,8186,4,6,'190'),(47656,8186,4,7,'N/A'),(47657,8186,4,8,'N/A'),(47658,8187,4,2,'0.21'),(47659,8187,4,3,'4/7/11'),(47660,8187,4,4,'2172.0'),(47661,8187,4,5,'79'),(47662,8187,4,6,'2093'),(47663,8187,4,7,'N/A'),(47664,8187,4,8,'N/A'),(47665,8188,4,2,'0.21'),(47666,8188,4,3,'1/1/12'),(47667,8188,4,4,'1917.0'),(47668,8188,4,5,'77'),(47669,8188,4,6,'1840'),(47670,8188,4,7,'N/A'),(47671,8188,4,8,'N/A'),(47672,7134,4,2,'0.21'),(47673,7134,4,3,'1/12/12'),(47674,7134,4,4,'1833.0'),(47675,7134,4,5,'50'),(47676,7134,4,6,'1,783'),(47677,7134,4,7,'N/A'),(47678,7134,4,8,'N/A'),(47679,8189,4,2,'0.21'),(47680,8189,4,3,'4/8/14'),(47681,8189,4,4,'1231.0'),(47682,8189,4,5,'15'),(47683,8189,4,6,'1216'),(47684,8189,4,7,'N/A'),(47685,8189,4,8,'N/A'),(47686,7326,4,2,'0.21'),(47687,7326,4,3,'2/2/15'),(47688,7326,4,4,'1216.0'),(47689,7326,4,5,'15'),(47690,7326,4,6,'1,201'),(47691,7326,4,7,'N/A'),(47692,7326,4,8,'N/A'),(47693,8190,4,2,'0.21'),(47694,8190,4,3,'1/8/11'),(47695,8190,4,4,'2287.0'),(47696,8190,4,5,'89'),(47697,8190,4,6,'2198'),(47698,8190,4,7,'N/A'),(47699,8190,4,8,'N/A'),(47700,8191,4,2,'0.05\n'),(47701,8191,4,3,'1/9/12'),(47702,8191,4,4,'1867.0'),(47703,8191,4,5,'51'),(47704,8191,4,6,'1816'),(47705,8191,4,7,'N/A'),(47706,8191,4,8,'N/A'),(47707,7527,4,2,'0.05\n'),(47708,7527,4,3,'15/08/2013'),(47709,7527,4,4,'1194.0'),(47710,7527,4,5,'28'),(47711,7527,4,6,'1166'),(47712,7527,4,7,'N/A'),(47713,7527,4,8,'N/A'),(47714,8192,4,2,'0'),(47715,8192,4,3,'1/10/15'),(47716,8192,4,4,'648.0'),(47717,8192,4,5,'12'),(47718,8192,4,6,'636'),(47719,8192,4,7,'N/A'),(47720,8192,4,8,'N/A'),(47721,8193,4,2,'0'),(47722,8193,4,3,'1/10/15'),(47723,8193,4,4,'1399.0'),(47724,8193,4,5,'11'),(47725,8193,4,6,'1388'),(47726,8193,4,7,'N/A'),(47727,8193,4,8,'N/A'),(47728,8194,4,2,'0'),(47729,8194,4,3,'1/3/17'),(47730,8194,4,4,'510.0'),(47731,8194,4,5,'2'),(47732,8194,4,6,'508'),(47733,8194,4,7,'N/A'),(47734,8194,4,8,'N/A'),(47735,8195,4,2,'0'),(47736,8195,4,3,'4/5/12'),(47737,8195,4,4,'1919.0'),(47738,8195,4,5,'44'),(47739,8195,4,6,'1875'),(47740,8195,4,7,'N/A'),(47741,8195,4,8,'N/A'),(47742,8196,4,2,'0'),(47743,8196,4,3,'1/4/17'),(47744,8196,4,4,'295.0'),(47745,8196,4,5,'0'),(47746,8196,4,6,'295'),(47747,8196,4,7,'N/A'),(47748,8196,4,8,'N/A'),(47749,8197,4,2,'0.36'),(47750,8197,4,3,'15/08/2013'),(47751,8197,4,4,'980.0'),(47752,8197,4,5,'22'),(47753,8197,4,6,'958'),(47754,8197,4,7,'N/A'),(47755,8197,4,8,'N/A'),(47756,8198,4,2,'0.28\n'),(47757,8198,4,3,'1/2/10'),(47758,8198,4,4,'2472.0'),(47759,8198,4,5,'88'),(47760,8198,4,6,'2384'),(47761,8198,4,7,'N/A'),(47762,8198,4,8,'N/A'),(47763,8199,4,2,'0.28\n'),(47764,8199,4,3,'1/2/10'),(47765,8199,4,4,'2476.0'),(47766,8199,4,5,'79'),(47767,8199,4,6,'2,397'),(47768,8199,4,7,'N/A'),(47769,8199,4,8,'N/A'),(47770,8200,4,2,'0.28\n'),(47771,8200,4,3,'1/4/10'),(47772,8200,4,4,'2532.0'),(47773,8200,4,5,'103'),(47774,8200,4,6,'2429'),(47775,8200,4,7,'N/A'),(47776,8200,4,8,'N/A'),(47777,8201,4,2,'0.28\n'),(47778,8201,4,3,'1/4/10'),(47779,8201,4,4,'2270.0'),(47780,8201,4,5,'86'),(47781,8201,4,6,'2184'),(47782,8201,4,7,'N/A'),(47783,8201,4,8,'N/A'),(47784,8202,4,2,'0.28\n'),(47785,8202,4,3,'2/8/10'),(47786,8202,4,4,'2371.0'),(47787,8202,4,5,'91'),(47788,8202,4,6,'2,280'),(47789,8202,4,7,'N/A'),(47790,8202,4,8,'N/A'),(47791,8203,4,2,'0.28\n'),(47792,8203,4,3,'5/4/10'),(47793,8203,4,4,'2379.0'),(47794,8203,4,5,'62'),(47795,8203,4,6,'2317'),(47796,8203,4,7,'N/A'),(47797,8203,4,8,'N/A'),(47798,7144,4,2,'0.28\n'),(47799,7144,4,3,'1/8/11'),(47800,7144,4,4,'2506.0'),(47801,7144,4,5,'82'),(47802,7144,4,6,'2424'),(47803,7144,4,7,'N/A'),(47804,7144,4,8,'N/A'),(47805,8204,4,2,'0.28\n'),(47806,8204,4,3,'1/4/14'),(47807,8204,4,4,'1551.0'),(47808,8204,4,5,'5'),(47809,8204,4,6,'1,546'),(47810,8204,4,7,'N/A'),(47811,8204,4,8,'N/A'),(47812,8205,4,2,'0.28\n'),(47813,8205,4,3,'1/5/14'),(47814,8205,4,4,'1703.0'),(47815,8205,4,5,'44'),(47816,8205,4,6,'1659'),(47817,8205,4,7,'N/A'),(47818,8205,4,8,'N/A'),(47819,8206,4,2,'0.28\n'),(47820,8206,4,3,'4/8/14'),(47821,8206,4,4,'2626.0'),(47822,8206,4,5,'104'),(47823,8206,4,6,'2522'),(47824,8206,4,7,'N/A'),(47825,8206,4,8,'N/A'),(47826,8207,4,2,'0.28\n'),(47827,8207,4,3,'1/4/17'),(47828,8207,4,4,'1254.0'),(47829,8207,4,5,'20'),(47830,8207,4,6,'1,234'),(47831,8207,4,7,'N/A'),(47832,8207,4,8,'N/A'),(47833,8208,4,2,'0.28\n'),(47834,8208,4,3,'1/11/17'),(47835,8208,4,4,'10.0'),(47836,8208,4,5,'0'),(47837,8208,4,6,'10'),(47838,8208,4,7,'N/A'),(47839,8208,4,8,'N/A'),(47840,8209,4,2,'0.28\n'),(47841,8209,4,3,'16/08/2010'),(47842,8209,4,4,'2228.0'),(47843,8209,4,5,'77'),(47844,8209,4,6,'2,151'),(47845,8209,4,7,'N/A'),(47846,8209,4,8,'N/A'),(47847,8210,4,2,'0.27\n'),(47848,8210,4,3,'1/6/10'),(47849,8210,4,4,'2273.0'),(47850,8210,4,5,'87'),(47851,8210,4,6,'2186'),(47852,8210,4,7,'N/A'),(47853,8210,4,8,'N/A'),(47854,8211,4,2,'0.27\n'),(47855,8211,4,3,'1/10/10'),(47856,8211,4,4,'1990.0'),(47857,8211,4,5,'65'),(47858,8211,4,6,'1,925'),(47859,8211,4,7,'N/A'),(47860,8211,4,8,'N/A'),(47861,8212,4,2,'0.27\n'),(47862,8212,4,3,'1/12/10'),(47863,8212,4,4,'2190.0'),(47864,8212,4,5,'95'),(47865,8212,4,6,'2,095'),(47866,8212,4,7,'N/A'),(47867,8212,4,8,'N/A'),(47868,8213,4,2,'0.27\n'),(47869,8213,4,3,'5/7/10'),(47870,8213,4,4,'2360.0'),(47871,8213,4,5,'124'),(47872,8213,4,6,'2236'),(47873,8213,4,7,'N/A'),(47874,8213,4,8,'N/A'),(47875,8214,4,2,'0.27\n'),(47876,8214,4,3,'1/8/11'),(47877,8214,4,4,'1824.0'),(47878,8214,4,5,'77'),(47879,8214,4,6,'1747'),(47880,8214,4,7,'N/A'),(47881,8214,4,8,'N/A'),(47882,8215,4,2,'0.27\n'),(47883,8215,4,3,'1/4/16'),(47884,8215,4,4,'564.0'),(47885,8215,4,5,'3'),(47886,8215,4,6,'561'),(47887,8215,4,7,'N/A'),(47888,8215,4,8,'N/A'),(47889,8216,4,2,'0.27\n'),(47890,8216,4,3,'1/2/17'),(47891,8216,4,4,'1671.0'),(47892,8216,4,5,'47'),(47893,8216,4,6,'1,624'),(47894,8216,4,7,'N/A'),(47895,8216,4,8,'N/A'),(47896,7494,4,2,'0.25\n'),(47897,7494,4,3,'1/6/15'),(47898,7494,4,4,'559.0'),(47899,7494,4,5,'14'),(47900,7494,4,6,'545'),(47901,7494,4,7,'N/A'),(47902,7494,4,8,'N/A'),(47903,8217,4,2,'0.25\n'),(47904,8217,4,3,'1/8/15'),(47905,8217,4,4,'1081.0'),(47906,8217,4,5,'26'),(47907,8217,4,6,'1055'),(47908,8217,4,7,'N/A'),(47909,8217,4,8,'N/A'),(47910,8218,4,2,'0.25\n'),(47911,8218,4,3,'1/9/15'),(47912,8218,4,4,'765.0'),(47913,8218,4,5,'3'),(47914,8218,4,6,'762'),(47915,8218,4,7,'N/A'),(47916,8218,4,8,'N/A'),(47917,8219,4,2,'0.25\n'),(47918,8219,4,3,'2/2/15'),(47919,8219,4,4,'1132.0'),(47920,8219,4,5,'14'),(47921,8219,4,6,'1,118'),(47922,8219,4,7,'N/A'),(47923,8219,4,8,'N/A'),(47924,8220,4,2,'0.25\n'),(47925,8220,4,3,'2/2/15'),(47926,8220,4,4,'1042.0'),(47927,8220,4,5,'15'),(47928,8220,4,6,'1027'),(47929,8220,4,7,'N/A'),(47930,8220,4,8,'N/A'),(47931,8221,4,2,'0.21'),(47932,8221,4,3,'1/6/09'),(47933,8221,4,4,'2109.0'),(47934,8221,4,5,'71'),(47935,8221,4,6,'2,038'),(47936,8221,4,7,'N/A'),(47937,8221,4,8,'N/A'),(47938,8222,4,2,'0.21'),(47939,8222,4,3,'1/6/09'),(47940,8222,4,4,'2637.0'),(47941,8222,4,5,'85'),(47942,8222,4,6,'2,552'),(47943,8222,4,7,'N/A'),(47944,8222,4,8,'N/A'),(47945,8223,4,2,'0.21'),(47946,8223,4,3,'1/6/09'),(47947,8223,4,4,'2374.0'),(47948,8223,4,5,'72'),(47949,8223,4,6,'2,302'),(47950,8223,4,7,'N/A'),(47951,8223,4,8,'N/A'),(47952,8224,4,2,'0.21'),(47953,8224,4,3,'1/6/09'),(47954,8224,4,4,'1855.0'),(47955,8224,4,5,'55'),(47956,8224,4,6,'1,800'),(47957,8224,4,7,'N/A'),(47958,8224,4,8,'N/A'),(47959,8225,4,2,'0.21'),(47960,8225,4,3,'1/7/11'),(47961,8225,4,4,'1343.0'),(47962,8225,4,5,'20'),(47963,8225,4,6,'1,323'),(47964,8225,4,7,'N/A'),(47965,8225,4,8,'N/A'),(47966,7142,4,2,'0.11\n'),(47967,7142,4,3,'1/8/16'),(47968,7142,4,4,'729.0'),(47969,7142,4,5,'5'),(47970,7142,4,6,'724'),(47971,7142,4,7,'N/A'),(47972,7142,4,8,'N/A'),(47973,8226,4,2,'0.11\n'),(47974,8226,4,3,'15/02/2016'),(47975,8226,4,4,'875.0'),(47976,8226,4,5,'1'),(47977,8226,4,6,'874'),(47978,8226,4,7,'N/A'),(47979,8226,4,8,'N/A'),(47980,8227,4,2,'0.18\n'),(47981,8227,4,3,'1/1/09'),(47982,8227,4,4,'976.0'),(47983,8227,4,5,'14'),(47984,8227,4,6,'962'),(47985,8227,4,7,'N/A'),(47986,8227,4,8,'N/A'),(47987,8228,4,2,'0.18\n'),(47988,8228,4,3,'2/11/15'),(47989,8228,4,4,'1209.0'),(47990,8228,4,5,'13'),(47991,8228,4,6,'1,196'),(47992,8228,4,7,'N/A'),(47993,8228,4,8,'N/A'),(47994,8229,4,2,'0.18\n'),(47995,8229,4,3,'1/8/16'),(47996,8229,4,4,'787.0'),(47997,8229,4,5,'30'),(47998,8229,4,6,'757'),(47999,8229,4,7,'N/A'),(48000,8229,4,8,'N/A'),(48001,8230,4,2,'1.59\n'),(48002,8230,4,3,'2/8/10'),(48003,8230,4,4,'2011.0'),(48004,8230,4,5,'70'),(48005,8230,4,6,'1,941'),(48006,8230,4,7,'N/A'),(48007,8230,4,8,'N/A'),(48008,8231,4,2,'1.59\n'),(48009,8231,4,3,'2/2/15'),(48010,8231,4,4,'1382.0'),(48011,8231,4,5,'14'),(48012,8231,4,6,'1,368'),(48013,8231,4,7,'N/A'),(48014,8231,4,8,'N/A'),(48015,8232,4,2,'1.59\n'),(48016,8232,4,3,'2/11/15'),(48017,8232,4,4,'1254.0'),(48018,8232,4,5,'9'),(48019,8232,4,6,'1,245'),(48020,8232,4,7,'N/A'),(48021,8232,4,8,'N/A'),(48022,8233,4,2,'0.25\n'),(48023,8233,4,3,'1/8/11'),(48024,8233,4,4,'1822.0'),(48025,8233,4,5,'67'),(48026,8233,4,6,'1,755'),(48027,8233,4,7,'N/A'),(48028,8233,4,8,'N/A'),(48029,7166,4,2,'0.25\n'),(48030,7166,4,3,'1/7/13'),(48031,7166,4,4,'1976.0'),(48032,7166,4,5,'40'),(48033,7166,4,6,'1,936'),(48034,7166,4,7,'N/A'),(48035,7166,4,8,'N/A'),(48036,8234,4,2,'0.32\n'),(48037,8234,4,3,'2/11/09'),(48038,8234,4,4,'2142.0'),(48039,8234,4,5,'91'),(48040,8234,4,6,'2051'),(48041,8234,4,7,'N/A'),(48042,8234,4,8,'N/A'),(48043,8235,4,2,'0.32\n'),(48044,8235,4,3,'2/11/09'),(48045,8235,4,4,'1583.0'),(48046,8235,4,5,'38'),(48047,8235,4,6,'1,545'),(48048,8235,4,7,'N/A'),(48049,8235,4,8,'N/A'),(48050,8236,4,2,'0.32\n'),(48051,8236,4,3,'2/11/09'),(48052,8236,4,4,'2165.0'),(48053,8236,4,5,'49'),(48054,8236,4,6,'2,116'),(48055,8236,4,7,'N/A'),(48056,8236,4,8,'N/A'),(48057,8237,4,2,'0.32\n'),(48058,8237,4,3,'2/11/09'),(48059,8237,4,4,'2131.0'),(48060,8237,4,5,'79'),(48061,8237,4,6,'2,052'),(48062,8237,4,7,'N/A'),(48063,8237,4,8,'N/A'),(48064,8238,4,2,'0.32\n'),(48065,8238,4,3,'2/11/09'),(48066,8238,4,4,'1775.0'),(48067,8238,4,5,'75'),(48068,8238,4,6,'1,700'),(48069,8238,4,7,'N/A'),(48070,8238,4,8,'N/A'),(48071,8239,4,2,'0.32\n'),(48072,8239,4,3,'1/2/10'),(48073,8239,4,4,'1802.0'),(48074,8239,4,5,'81'),(48075,8239,4,6,'1,721'),(48076,8239,4,7,'N/A'),(48077,8239,4,8,'N/A'),(48078,8240,4,2,'0.32\n'),(48079,8240,4,3,'1/4/10'),(48080,8240,4,4,'1682.0'),(48081,8240,4,5,'49'),(48082,8240,4,6,'1,633'),(48083,8240,4,7,'N/A'),(48084,8240,4,8,'N/A'),(48085,7188,4,2,'0.32\n'),(48086,7188,4,3,'1/4/10'),(48087,7188,4,4,'1516.0'),(48088,7188,4,5,'82'),(48089,7188,4,6,'1,434'),(48090,7188,4,7,'N/A'),(48091,7188,4,8,'N/A'),(48092,8241,4,2,'0.32\n'),(48093,8241,4,3,'1/4/10'),(48094,8241,4,4,'2117.0'),(48095,8241,4,5,'73'),(48096,8241,4,6,'2,044'),(48097,8241,4,7,'N/A'),(48098,8241,4,8,'N/A'),(48099,8242,4,2,'0.32\n'),(48100,8242,4,3,'1/6/10'),(48101,8242,4,4,'1778.0'),(48102,8242,4,5,'72'),(48103,8242,4,6,'1706'),(48104,8242,4,7,'N/A'),(48105,8242,4,8,'N/A'),(48106,8243,4,2,'0.32\n'),(48107,8243,4,3,'1/6/10'),(48108,8243,4,4,'1999.0'),(48109,8243,4,5,'110'),(48110,8243,4,6,'1,889'),(48111,8243,4,7,'N/A'),(48112,8243,4,8,'N/A'),(48113,8244,4,2,'0.32\n'),(48114,8244,4,3,'2/8/10'),(48115,8244,4,4,'2161.0'),(48116,8244,4,5,'90'),(48117,8244,4,6,'2,071'),(48118,8244,4,7,'N/A'),(48119,8244,4,8,'N/A'),(48120,8245,4,2,'0.32\n'),(48121,8245,4,3,'1/4/14'),(48122,8245,4,4,'1440.0'),(48123,8245,4,5,'24'),(48124,8245,4,6,'1,416'),(48125,8245,4,7,'N/A'),(48126,8245,4,8,'N/A'),(48127,8246,4,2,'0.32\n'),(48128,8246,4,3,'1/4/14'),(48129,8246,4,4,'948.0'),(48130,8246,4,5,'8'),(48131,8246,4,6,'940'),(48132,8246,4,7,'N/A'),(48133,8246,4,8,'N/A'),(48134,8247,4,2,'0.32\n'),(48135,8247,4,3,'1/5/14'),(48136,8247,4,4,'1574.0'),(48137,8247,4,5,'42'),(48138,8247,4,6,'1532'),(48139,8247,4,7,'N/A'),(48140,8247,4,8,'N/A'),(48141,7178,4,2,'0.32\n'),(48142,7178,4,3,'10/10/14'),(48143,7178,4,4,'1361.0'),(48144,7178,4,5,'36'),(48145,7178,4,6,'1,325'),(48146,7178,4,7,'N/A'),(48147,7178,4,8,'N/A'),(48148,8248,4,2,'0.32\n'),(48149,8248,4,3,'1/9/15'),(48150,8248,4,4,'1471.0'),(48151,8248,4,5,'64'),(48152,8248,4,6,'1,407'),(48153,8248,4,7,'N/A'),(48154,8248,4,8,'N/A'),(48155,8249,4,2,'0.32\n'),(48156,8249,4,3,'1/9/15'),(48157,8249,4,4,'894.0'),(48158,8249,4,5,'9'),(48159,8249,4,6,'885'),(48160,8249,4,7,'N/A'),(48161,8249,4,8,'N/A'),(48162,8250,4,2,'0.32\n'),(48163,8250,4,3,'2/11/15'),(48164,8250,4,4,'1456.0'),(48165,8250,4,5,'32'),(48166,8250,4,6,'1424'),(48167,8250,4,7,'N/A'),(48168,8250,4,8,'N/A'),(48169,8251,4,2,'0.32\n'),(48170,8251,4,3,'1/9/16'),(48171,8251,4,4,'877.0'),(48172,8251,4,5,'11'),(48173,8251,4,6,'866'),(48174,8251,4,7,'N/A'),(48175,8251,4,8,'N/A'),(48176,8252,4,2,'0.32\n'),(48177,8252,4,3,'15/05/2017'),(48178,8252,4,4,'901.0'),(48179,8252,4,5,'13'),(48180,8252,4,6,'888'),(48181,8252,4,7,'N/A'),(48182,8252,4,8,'N/A'),(48183,8253,4,2,'0.32\n'),(48184,8253,4,3,'16/09/2010'),(48185,8253,4,4,'2059.0'),(48186,8253,4,5,'53'),(48187,8253,4,6,'2006'),(48188,8253,4,7,'N/A'),(48189,8253,4,8,'N/A'),(48190,8254,4,2,'0.32'),(48191,8254,4,3,'1/9/12'),(48192,8254,4,4,'1673.0'),(48193,8254,4,5,'64'),(48194,8254,4,6,'1609'),(48195,8254,4,7,'N/A'),(48196,8254,4,8,'N/A'),(48197,8255,4,2,'0.32'),(48198,8255,4,3,'5/7/12'),(48199,8255,4,4,'1169.0'),(48200,8255,4,5,'13'),(48201,8255,4,6,'1,156'),(48202,8255,4,7,'N/A'),(48203,8255,4,8,'N/A'),(48204,8256,4,2,'0.32'),(48205,8256,4,3,'1/4/13'),(48206,8256,4,4,'1047.0'),(48207,8256,4,5,'42'),(48208,8256,4,6,'1,005'),(48209,8256,4,7,'N/A'),(48210,8256,4,8,'N/A'),(48211,8257,4,2,'0.32'),(48212,8257,4,3,'1/4/14'),(48213,8257,4,4,'1040.0'),(48214,8257,4,5,'22'),(48215,8257,4,6,'1018'),(48216,8257,4,7,'N/A'),(48217,8257,4,8,'N/A'),(48218,8258,4,2,'0.31\n'),(48219,8258,4,3,'1/12/12'),(48220,8258,4,4,'1713.0'),(48221,8258,4,5,'55'),(48222,8258,4,6,'1,658'),(48223,8258,4,7,'N/A'),(48224,8258,4,8,'N/A'),(48225,7204,4,2,'0.31\n'),(48226,7204,4,3,'1/7/13'),(48227,7204,4,4,'750.0'),(48228,7204,4,5,'0'),(48229,7204,4,6,'750'),(48230,7204,4,7,'N/A'),(48231,7204,4,8,'N/A'),(48232,8259,4,2,'0.31\n'),(48233,8259,4,3,'1/7/13'),(48234,8259,4,4,'1600.0'),(48235,8259,4,5,'16'),(48236,8259,4,6,'1,584'),(48237,8259,4,7,'N/A'),(48238,8259,4,8,'N/A'),(48239,8260,4,2,'0.31\n'),(48240,8260,4,3,'2/2/15'),(48241,8260,4,4,'984.0'),(48242,8260,4,5,'5'),(48243,8260,4,6,'979'),(48244,8260,4,7,'N/A'),(48245,8260,4,8,'N/A'),(48246,8261,4,2,'0.31\n'),(48247,8261,4,3,'10/8/16'),(48248,8261,4,4,'578.0'),(48249,8261,4,5,'2'),(48250,8261,4,6,'576'),(48251,8261,4,7,'N/A'),(48252,8261,4,8,'N/A'),(48253,8262,4,2,'0.2\n'),(48254,8262,4,3,'1/10/15'),(48255,8262,4,4,'1186.0'),(48256,8262,4,5,'19'),(48257,8262,4,6,'1,167'),(48258,8262,4,7,'N/A'),(48259,8262,4,8,'N/A'),(48260,7261,4,2,'0.2\n'),(48261,7261,4,3,'15/02/2016'),(48262,7261,4,4,'857.0'),(48263,7261,4,5,'7'),(48264,7261,4,6,'850'),(48265,7261,4,7,'N/A'),(48266,7261,4,8,'N/A'),(48267,7288,4,2,'0.06\n'),(48268,7288,4,3,'1/5/14'),(48269,7288,4,4,'1389.0'),(48270,7288,4,5,'22'),(48271,7288,4,6,'1,367'),(48272,7288,4,7,'N/A'),(48273,7288,4,8,'N/A'),(48274,8263,4,2,'0.06\n'),(48275,8263,4,3,'15/02/2016'),(48276,8263,4,4,'750.0'),(48277,8263,4,5,'21'),(48278,8263,4,6,'729'),(48279,8263,4,7,'N/A'),(48280,8263,4,8,'N/A'),(48281,7213,4,2,'0.83'),(48282,7213,4,3,'4/7/11'),(48283,7213,4,4,'1759.0'),(48284,7213,4,5,'30'),(48285,7213,4,6,'1,729'),(48286,7213,4,7,'N/A'),(48287,7213,4,8,'N/A'),(48288,8264,4,2,'0.83'),(48289,8264,4,3,'1/12/12'),(48290,8264,4,4,'2000.0'),(48291,8264,4,5,'61'),(48292,8264,4,6,'1,939'),(48293,8264,4,7,'N/A'),(48294,8264,4,8,'N/A'),(48295,7215,4,2,'0.54\n'),(48296,7215,4,3,'1/7/13'),(48297,7215,4,4,'1593.0'),(48298,7215,4,5,'48'),(48299,7215,4,6,'1,545'),(48300,7215,4,7,'N/A'),(48301,7215,4,8,'N/A'),(48302,8265,4,2,'0.54\n'),(48303,8265,4,3,'2/2/15'),(48304,8265,4,4,'787.0'),(48305,8265,4,5,'22'),(48306,8265,4,6,'765'),(48307,8265,4,7,'N/A'),(48308,8265,4,8,'N/A'),(48309,8266,4,2,'0.54\n'),(48310,8266,4,3,'1/2/17'),(48311,8266,4,4,'941.0'),(48312,8266,4,5,'8'),(48313,8266,4,6,'933'),(48314,8266,4,7,'N/A'),(48315,8266,4,8,'N/A'),(48316,8267,4,2,'0.32'),(48317,8267,4,3,'1/4/13'),(48318,8267,4,4,'1410.0'),(48319,8267,4,5,'29'),(48320,8267,4,6,'1381'),(48321,8267,4,7,'N/A'),(48322,8267,4,8,'N/A'),(48323,7358,4,2,'0.32'),(48324,7358,4,3,'15/08/2013'),(48325,7358,4,4,'1230.0'),(48326,7358,4,5,'12'),(48327,7358,4,6,'1,218'),(48328,7358,4,7,'N/A'),(48329,7358,4,8,'N/A'),(48330,8268,4,2,'0.47\n'),(48331,8268,4,3,'1/1/16'),(48332,8268,4,4,'702.0'),(48333,8268,4,5,'3'),(48334,8268,4,6,'699'),(48335,8268,4,7,'N/A'),(48336,8268,4,8,'N/A'),(48337,8269,4,2,'0.47\n'),(48338,8269,4,3,'1/3/16'),(48339,8269,4,4,'675.0'),(48340,8269,4,5,'7'),(48341,8269,4,6,'668'),(48342,8269,4,7,'N/A'),(48343,8269,4,8,'N/A'),(48344,8270,4,2,'0.47\n'),(48345,8270,4,3,'1/3/16'),(48346,8270,4,4,'575.0'),(48347,8270,4,5,'5'),(48348,8270,4,6,'570'),(48349,8270,4,7,'N/A'),(48350,8270,4,8,'N/A'),(48351,8271,4,2,'0.47\n'),(48352,8271,4,3,'1/4/16'),(48353,8271,4,4,'656.0'),(48354,8271,4,5,'7'),(48355,8271,4,6,'649'),(48356,8271,4,7,'N/A'),(48357,8271,4,8,'N/A'),(48358,7391,4,2,'0.47\n'),(48359,7391,4,3,'1/4/16'),(48360,7391,4,4,'596.0'),(48361,7391,4,5,'4'),(48362,7391,4,6,'592'),(48363,7391,4,7,'N/A'),(48364,7391,4,8,'N/A'),(48365,8272,4,2,'0.47\n'),(48366,8272,4,3,'1/8/16'),(48367,8272,4,4,'511.0'),(48368,8272,4,5,'3'),(48369,8272,4,6,'508'),(48370,8272,4,7,'N/A'),(48371,8272,4,8,'N/A'),(48372,8273,4,2,'0.28'),(48373,8273,4,3,'1/4/11'),(48374,8273,4,4,'2533.0'),(48375,8273,4,5,'89'),(48376,8273,4,6,'2444'),(48377,8273,4,7,'N/A'),(48378,8273,4,8,'N/A'),(48379,8274,4,2,'0.28'),(48380,8274,4,3,'1/4/11'),(48381,8274,4,4,'2040.0'),(48382,8274,4,5,'50'),(48383,8274,4,6,'1,990'),(48384,8274,4,7,'N/A'),(48385,8274,4,8,'N/A'),(48386,8275,4,2,'81.87'),(48387,8275,4,3,'5/9/11'),(48388,8275,4,4,'287.0'),(48389,8275,4,5,'11'),(48390,8275,4,6,'276'),(48391,8275,4,7,'N/A'),(48392,8275,4,8,'N/A'),(48393,8276,4,2,'81.87'),(48394,8276,4,3,'5/9/11'),(48395,8276,4,4,'440.0'),(48396,8276,4,5,'24'),(48397,8276,4,6,'416'),(48398,8276,4,7,'N/A'),(48399,8276,4,8,'N/A'),(48400,8277,4,2,'81.87'),(48401,8277,4,3,'1/12/12'),(48402,8277,4,4,'169.0'),(48403,8277,4,5,'2'),(48404,8277,4,6,'167'),(48405,8277,4,7,'N/A'),(48406,8277,4,8,'N/A'),(48407,8278,4,2,'0.44'),(48408,8278,4,3,'1/8/10'),(48409,8278,4,4,'1542.0'),(48410,8278,4,5,'70'),(48411,8278,4,6,'1472'),(48412,8278,4,7,'N/A'),(48413,8278,4,8,'N/A'),(48414,8279,4,2,'0.44'),(48415,8279,4,3,'1/8/10'),(48416,8279,4,4,'1605.0'),(48417,8279,4,5,'60'),(48418,8279,4,6,'1,545'),(48419,8279,4,7,'N/A'),(48420,8279,4,8,'N/A'),(48421,8280,4,2,'0.44'),(48422,8280,4,3,'5/6/10'),(48423,8280,4,4,'1948.0'),(48424,8280,4,5,'90'),(48425,8280,4,6,'1858'),(48426,8280,4,7,'N/A'),(48427,8280,4,8,'N/A'),(48428,7259,4,2,'0.15\n'),(48429,7259,4,3,'2/5/14'),(48430,7259,4,4,'1430.0'),(48431,7259,4,5,'26'),(48432,7259,4,6,'1,404'),(48433,7259,4,7,'N/A'),(48434,7259,4,8,'N/A'),(48587,8305,5,2,'0.82'),(48588,8305,5,3,'2015'),(48589,8305,5,4,'971'),(48590,8305,5,5,'764'),(48591,8305,5,6,'207'),(48592,8305,5,7,'1010'),(48593,8305,5,8,'971'),(48594,8306,5,2,'2.48'),(48595,8306,5,3,'2013'),(48596,8306,5,4,'1252'),(48597,8306,5,5,'806'),(48598,8306,5,6,'446'),(48599,8306,5,7,'2769'),(48600,8306,5,8,'1252'),(48601,8307,5,2,'0.82'),(48602,8307,5,3,'2013'),(48603,8307,5,4,'1328'),(48604,8307,5,5,'1205'),(48605,8307,5,6,'123'),(48606,8307,5,7,'3751'),(48607,8307,5,8,'1328'),(48608,8308,5,2,'2.25'),(48609,8308,5,3,'2016'),(48610,8308,5,4,'915'),(48611,8308,5,5,'817'),(48612,8308,5,6,'98'),(48613,8308,5,7,'1377'),(48614,8308,5,8,'915'),(48615,8309,5,2,'2.02'),(48616,8309,5,3,'2015'),(48617,8309,5,4,'510'),(48618,8309,5,5,'427'),(48619,8309,5,6,'83'),(48620,8309,5,7,'724'),(48621,8309,5,8,'510'),(48622,8310,5,2,'0.00'),(48623,8310,5,3,'2017'),(48624,8310,5,4,'450'),(48625,8310,5,5,'427'),(48626,8310,5,6,'23'),(48627,8310,5,7,'513'),(48628,8310,5,8,'450'),(48629,8311,5,2,'3.36'),(48630,8311,5,3,'2017'),(48631,8311,5,4,'352'),(48632,8311,5,5,'323'),(48633,8311,5,6,'29'),(48634,8311,5,7,'179'),(48635,8311,5,8,'352');

--
-- Table structure for table `microeye_indicators`
--

CREATE TABLE `microeye_indicators` (
  `I_ID` int(11) NOT NULL AUTO_INCREMENT,
  `INDICATOR_NAME` varchar(45) DEFAULT NULL,
  `CREATED` timestamp NULL DEFAULT CURRENT_TIMESTAMP,
  PRIMARY KEY (`I_ID`)
) ENGINE=InnoDB AUTO_INCREMENT=9 DEFAULT CHARSET=utf8;

--
-- Dumping data for table `microeye_indicators`
--

INSERT INTO `microeye_indicators` VALUES (2,'District PAR (>30)','2018-05-15 12:41:16'),(3,'Year of establishment','2018-05-15 12:41:28'),(4,'No. of Active Borrowers','2018-05-15 12:41:40'),(5,'No. of Active Borrowers - Male','2018-05-15 12:41:46'),(6,'No. of Active Borrowers - Female','2018-05-15 12:41:59'),(7,'No. of Active Savers','2018-05-15 12:42:09'),(8,'No. of Active Policy Holders','2018-05-15 12:42:16');

--
-- Table structure for table `microeye_organization`
--

CREATE TABLE `microeye_organization` (
  `O_ID` int(11) NOT NULL AUTO_INCREMENT,
  `ORG_NAME` varchar(45) NOT NULL,
  `ORG_ABV` varchar(45) NOT NULL,
  PRIMARY KEY (`O_ID`),
  UNIQUE KEY `ORG_NAME_UNIQUE` (`ORG_NAME`),
  UNIQUE KEY `ORG_ABV_UNIQUE` (`ORG_ABV`)
) ENGINE=InnoDB AUTO_INCREMENT=7 DEFAULT CHARSET=utf8;

--
-- Dumping data for table `microeye_organization`
--

INSERT INTO `microeye_organization` VALUES (2,'efgeffewef','AGAHE'),(3,'advance','Advance'),(4,'Akhuwat','Akhuwat'),(5,'ASA','ASA'),(6,'Damen','Damen');

--
-- Table structure for table `microeye_organization_type`
--

CREATE TABLE `microeye_organization_type` (
  `otid` int(11) NOT NULL AUTO_INCREMENT,
  `type_name` varchar(450) NOT NULL,
  PRIMARY KEY (`otid`)
) ENGINE=InnoDB DEFAULT CHARSET=utf8;

--
-- Dumping data for table `microeye_organization_type`
--


--
-- Table structure for table `microeye_other_markers`
--

CREATE TABLE `microeye_other_markers` (
  `ID` int(11) NOT NULL AUTO_INCREMENT,
  `ORG_NAME` varchar(250) NOT NULL,
  `CREATED` datetime(6) NOT NULL DEFAULT CURRENT_TIMESTAMP(6),
  `TYPE` varchar(250) NOT NULL,
  `LATITUDE` varchar(250) NOT NULL,
  `LONGITUDE` varchar(250) NOT NULL,
  PRIMARY KEY (`ID`)
) ENGINE=InnoDB AUTO_INCREMENT=17 DEFAULT CHARSET=utf8;

--
-- Dumping data for table `microeye_other_markers`
--

INSERT INTO `microeye_other_markers` VALUES (9,'MCB','2018-05-24 14:11:07.744031','ATM','24.853500','67.072827'),(10,'HBL','2018-05-24 14:11:07.757953','ATM','24.826050','67.153716'),(11,'Summit','2018-05-24 14:11:07.771875','ATM','24.885795','67.031490'),(12,'Allied','2018-05-24 14:11:07.785797','POS','24.916450','67.026758'),(13,'Alfalah','2018-05-24 14:11:07.799719','POS','24.985430','67.066798'),(14,'TMBL','2018-05-24 14:11:07.813641','Commercial','24.861251','67.030278'),(15,'MMBL','2018-05-24 14:11:07.813641','Agent','25.374503','68.353824'),(16,'KBL','2018-05-24 14:11:07.827563','Agent','24.941229','66.998765');

--
-- Table structure for table `microeye_province`
--

CREATE TABLE `microeye_province` (
  `P_ID` int(11) NOT NULL AUTO_INCREMENT,
  `PROVINCE_NAME` varchar(45) DEFAULT NULL,
  `CREATED` timestamp NULL DEFAULT CURRENT_TIMESTAMP,
  `C_ID` int(11) NOT NULL,
  PRIMARY KEY (`P_ID`),
  KEY `C_ID_idx` (`C_ID`),
  CONSTRAINT `C_ID` FOREIGN KEY (`C_ID`) REFERENCES `microeye_country` (`C_ID`) ON DELETE CASCADE ON UPDATE NO ACTION
) ENGINE=InnoDB AUTO_INCREMENT=14 DEFAULT CHARSET=utf8;

--
-- Dumping data for table `microeye_province`
--

INSERT INTO `microeye_province` VALUES (2,'Punjab','2018-05-14 08:09:48',1),(3,'Sindh','2018-05-14 08:09:58',1),(4,'Balochistan','2018-05-14 08:10:05',1),(5,'Gilgit-Baltistan','2018-05-14 08:10:27',1),(6,'FATA','2018-05-14 08:10:30',1),(7,'AJK','2018-05-14 08:10:34',1),(8,'ICT','2018-05-14 08:10:48',1),(13,'KPK','2018-05-14 08:17:11',1);

--
-- Table structure for table `microeye_town`
--

CREATE TABLE `microeye_town` (
  `T_ID` int(11) NOT NULL AUTO_INCREMENT,
  `TOWN_NAME` varchar(45) DEFAULT NULL,
  `CREATED` timestamp NULL DEFAULT CURRENT_TIMESTAMP,
  `D_ID` int(11) NOT NULL,
  PRIMARY KEY (`T_ID`),
  KEY `D_ID_idx` (`D_ID`),
  CONSTRAINT `D_ID` FOREIGN KEY (`D_ID`) REFERENCES `microeye_district` (`D_ID`) ON DELETE CASCADE ON UPDATE NO ACTION
) ENGINE=InnoDB AUTO_INCREMENT=472 DEFAULT CHARSET=utf8;

--
-- Dumping data for table `microeye_town`
--

INSERT INTO `microeye_town` VALUES (2,'Shamsabad','2018-05-14 14:15:00',2),(3,'Muslim Town','2018-05-15 13:23:08',3),(4,'Gulshan Rehman','2018-05-15 13:23:23',3),(5,'Saadaat Chowk Gago Mandi','2018-05-15 13:23:42',3),(6,'Ada Machiwal','2018-05-15 13:23:58',3),(7,'Ada Gharah Moor','2018-05-15 13:24:10',3),(8,'Rehmaniya colony','2018-05-15 13:24:26',3),(10,'Gulshan Iqbal','2018-05-15 13:26:07',4),(11,'Model Town','2018-05-15 13:26:21',4),(12,'Faisal Colony','2018-05-15 13:26:40',5),(16,'Attock','2018-05-15 15:33:48',8),(17,'Hazro','2018-05-15 15:34:10',8),(18,'Domail','2018-05-15 15:34:37',8),(19,'Narra','2018-05-15 15:34:44',8),(20,'Khour','2018-05-15 15:34:49',8),(21,'Qutbal','2018-05-15 15:34:57',8),(22,'Fateh Jang','2018-05-15 15:35:15',8),(23,'Jaffar','2018-05-15 15:35:24',8),(24,'Dhurnal','2018-05-15 15:35:30',8),(25,'Khunda','2018-05-15 15:35:34',8),(26,'Jand','2018-05-15 15:35:41',8),(27,'Chak Madressa','2018-05-15 15:36:26',9),(28,'Minchinabad','2018-05-15 15:36:35',9),(29,'Haroonabad','2018-05-15 15:36:46',9),(30,'Behawal Nagar','2018-05-15 15:37:01',9),(31,'Chishtian','2018-05-15 15:37:14',9),(32,'Bahawalpur','2018-05-15 15:37:40',13),(33,'Ahmed Pur Sharqia','2018-05-15 15:38:02',13),(34,'Chakwal','2018-05-15 15:38:15',10),(35,'Talagang','2018-05-15 15:38:21',10),(36,'Choa Saidanshah','2018-05-15 15:38:34',10),(37,'Balkasar','2018-05-15 15:38:45',10),(38,'Bhaun','2018-05-15 15:38:49',10),(39,'Khan our','2018-05-15 15:38:59',10),(40,'Dudiyal','2018-05-15 15:39:07',10),(41,'Chiniot','2018-05-15 15:39:22',11),(42,'Ali Pur','2018-05-15 15:41:56',5),(43,'Jatoi','2018-05-15 15:42:05',5),(44,'Shaher Sultan','2018-05-15 15:42:15',5),(45,'Uch Sharif','2018-05-15 15:42:48',13),(46,'Dijkot','2018-05-15 15:42:59',14),(47,'Raza Abad','2018-05-15 15:43:05',14),(48,'Samundari','2018-05-15 15:43:15',14),(49,'Ghulam Muhammad Abad','2018-05-15 15:43:23',14),(50,'Faisalabad','2018-05-15 15:43:28',14),(51,'Chak Jhumra','2018-05-15 15:43:35',14),(52,'Tandlianwala','2018-05-15 15:44:08',14),(53,'Jaranwala','2018-05-15 15:44:12',14),(54,'Kinjwani','2018-05-15 15:44:20',14),(55,'Khurianwala','2018-05-15 15:44:51',14),(56,'Bawa Chak','2018-05-15 15:45:26',14),(57,'Fort Abbas','2018-05-15 15:52:52',9),(58,'Madina Town','2018-05-15 15:54:03',9),(59,'Mecload Gunj','2018-05-15 15:54:20',9),(60,'Faqeer Wali','2018-05-15 15:54:35',9),(61,'Daharan Wali','2018-05-15 15:54:49',9),(62,'Hasilpur','2018-05-15 15:55:23',13),(63,'Yazman','2018-05-15 15:55:33',13),(64,'Khanqah Sharif','2018-05-15 15:57:33',13),(65,'Khairpur Tamiwali','2018-05-15 15:57:55',13),(66,'13 Soling','2018-05-15 15:58:37',13),(67,'Nathia Gali','2018-05-15 15:59:15',33),(68,'Abbottabad','2018-05-15 15:59:21',33),(69,'Miani (Kallar Kahar)','2018-05-15 16:00:57',10),(70,'Kallar Kahar','2018-05-15 16:01:03',10),(71,'Sehgalabad(Chakwal)','2018-05-15 16:01:17',10),(72,'Bhagwal (Talagang)','2018-05-15 16:01:22',10),(73,'Karyala','2018-05-15 16:01:28',10),(74,'Diawalian','2018-05-15 16:01:33',10),(75,'Dillarpur','2018-05-15 16:01:37',10),(76,'Mangwal','2018-05-15 16:01:39',10),(77,'Dahab','2018-05-15 16:01:43',10),(78,'Jhatla (Talagang)','2018-05-15 16:04:28',10),(79,'Chakbhon/Balukasar','2018-05-15 16:05:07',10),(80,'Mullhalmuglan','2018-05-15 16:05:30',10),(81,'Bheen','2018-05-15 16:05:37',10),(82,'Bhubhar','2018-05-15 16:05:44',10),(83,'Saghar','2018-05-15 16:05:50',10),(84,'Kotsarang','2018-05-15 16:06:01',10),(85,'Lawa','2018-05-15 16:06:49',10),(86,'Pechnad','2018-05-15 16:07:03',10),(87,'Multan Khurad','2018-05-15 16:07:21',10),(88,'Taman','2018-05-15 16:07:25',10),(89,'Dandashahbilawal','2018-05-15 16:07:38',10),(90,'Wanhaar','2018-05-15 16:07:44',10),(91,'Astore','2018-05-15 16:08:01',43),(92,'Bhakkar','2018-05-15 16:08:47',48),(93,'Mankera','2018-05-15 16:08:53',48),(94,'Darya Khan','2018-05-15 16:08:57',48),(95,'Kaloor Kot','2018-05-15 16:09:03',48),(96,'Punj Grain','2018-05-15 16:09:09',48),(97,'Jahan Khan','2018-05-15 16:09:15',48),(98,'Bhawana','2018-05-15 16:09:52',11),(99,'Lalian','2018-05-15 16:10:06',11),(100,'Kot Chutta','2018-05-15 16:10:33',25),(101,'Sakhi Sarwar','2018-05-15 16:11:08',25),(102,'Taunsa Sharif','2018-05-15 16:12:00',25),(103,'Khan Pur','2018-05-15 16:12:08',25),(104,'Chillass','2018-05-15 16:13:40',57),(105,'Mamu kanjan','2018-05-15 16:14:12',14),(106,'Ghakuch','2018-05-15 16:14:35',32),(107,'Singul','2018-05-15 16:14:38',32),(108,'Yasin','2018-05-15 16:14:41',32),(109,'Barklti','2018-05-15 16:14:48',32),(110,'Immit','2018-05-15 16:14:52',32),(113,'Baseen','2018-05-15 16:15:35',34),(114,'Danyor','2018-05-15 16:15:39',34),(115,'Gilgit','2018-05-15 16:15:43',34),(116,'Jaglote','2018-05-15 16:15:50',34),(117,'Nomal','2018-05-15 16:15:53',34),(118,'Shikyote','2018-05-15 16:16:00',34),(119,'Kamoke','2018-05-15 16:16:49',16),(120,'Kala Shah Kaku','2018-05-15 16:16:57',16),(121,'Sadoki','2018-05-15 16:17:04',16),(122,'Nizam Pur','2018-05-15 16:17:14',16),(123,'Rahwali cant','2018-05-15 16:17:21',16),(124,'Noushehra Virkan','2018-05-15 16:17:30',16),(125,'Ali pur Chahtha','2018-05-15 16:17:39',16),(126,'Klaskey','2018-05-15 16:17:43',16),(127,'Nokhar','2018-05-15 16:17:49',16),(128,'Domail','2018-05-15 16:18:09',66),(129,'F.R Bannu','2018-05-15 16:18:15',66),(130,'Kunjha','2018-05-15 16:18:57',18),(131,'Maghowal','2018-05-15 16:19:01',18),(132,'Kharian','2018-05-15 16:19:06',18),(133,'Sarai Alamgir','2018-05-15 16:19:21',18),(134,'Dinga','2018-05-15 16:19:25',18),(136,'Pindi Bhattian','2018-05-15 16:20:40',19),(137,'Chak Chattah','2018-05-15 16:20:46',19),(138,'Kasoki','2018-05-15 16:20:54',19),(139,'kalay ki mandi','2018-05-15 16:21:32',19),(140,'Ghazi','2018-05-15 16:21:50',49),(141,'Sarai Sala','2018-05-15 16:21:54',49),(142,'Nagar','2018-05-15 16:22:04',44),(143,'Sost','2018-05-15 16:22:12',44),(144,'Ahmadpur Sial','2018-05-15 16:23:15',15),(145,'Gar Mord','2018-05-15 16:23:32',15),(146,'Mouza Bagh','2018-05-15 16:23:49',15),(147,'Dina','2018-05-15 16:23:58',20),(148,'Saowal','2018-05-15 16:24:03',20),(149,'Pind Dadan Khan','2018-05-15 16:24:12',20),(150,'Jalapur Shareef','2018-05-15 16:24:20',20),(151,'Pinanwala','2018-05-15 16:24:26',20),(152,'Khewra','2018-05-15 16:24:31',20),(153,'Tobah','2018-05-15 16:24:56',20),(154,'Lyari','2018-05-15 16:26:18',6),(155,'Shireen Jinnah Colony','2018-05-15 16:26:37',6),(156,'Pattoki','2018-05-15 16:28:02',21),(157,'Kot Radha Kishan','2018-05-15 16:28:12',21),(158,'Changa Manga','2018-05-15 16:28:17',21),(159,'Chunian','2018-05-15 16:28:21',21),(160,'Theeng More','2018-05-15 16:28:27',21),(161,'Khudian','2018-05-15 16:28:35',21),(162,'Kasur','2018-05-15 16:28:38',21),(163,'Kanganpur','2018-05-15 16:28:46',21),(164,'Habibi Abad','2018-05-15 16:28:55',21),(165,'Talwandi','2018-05-15 16:29:06',21),(166,'Mandi Usman Wala','2018-05-15 16:29:29',21),(167,'Hardo Muhammad Ky','2018-05-15 16:29:43',21),(168,'Mian Channu','2018-05-15 16:30:09',22),(169,'Jahania','2018-05-15 16:30:13',22),(170,'Tulamba','2018-05-15 16:30:16',22),(171,'Kabeerwala','2018-05-15 16:30:21',22),(172,'Abdul Hakeem','2018-05-15 16:30:32',22),(173,'Thatha Saddiqueabad','2018-05-15 16:31:17',22),(174,'Mediabad','2018-05-15 16:32:08',84),(175,'Nowshehra','2018-05-15 16:33:15',46),(176,'Qaida Abad','2018-05-15 16:33:19',46),(177,'Mitha Tiwana','2018-05-15 16:34:05',46),(178,'Bijar','2018-05-15 16:34:07',46),(179,'Khaliqabad','2018-05-15 16:34:14',46),(180,'Landi Kotal','2018-05-15 16:34:15',72),(181,'Adikot','2018-05-15 16:34:19',46),(182,'Chak No 8','2018-05-15 16:34:29',46),(183,'Khyber agency','2018-05-15 16:34:31',72),(184,'Jabbi','2018-05-15 16:34:36',46),(185,'Khyber Bazar','2018-05-15 16:36:51',72),(186,'Bara','2018-05-15 16:36:58',72),(187,'F.R Kohat','2018-05-15 16:37:03',62),(188,'Para chanar','2018-05-15 16:37:15',74),(189,'Sadda','2018-05-15 16:37:21',74),(190,'Bagan','2018-05-15 16:37:30',74),(191,'Raiwind','2018-05-15 16:37:32',1),(192,'Manga Mandi','2018-05-15 16:37:41',1),(193,'Kahna Nau','2018-05-15 16:37:47',1),(194,'Layyah','2018-05-15 16:38:04',53),(195,'Karor Lal Eason','2018-05-15 16:38:12',53),(196,'Duniya Pur','2018-05-15 16:38:15',63),(197,'Fateh Pur','2018-05-15 16:38:19',53),(198,'Kror Paka','2018-05-15 16:38:24',63),(199,'Chowk Azam','2018-05-15 16:38:26',53),(200,'Dhanot','2018-05-15 16:38:28',63),(201,'Kot Sultan ','2018-05-15 16:38:31',53),(202,'Kazmi Chowk','2018-05-15 16:38:44',53),(203,'Thana','2018-05-15 16:38:48',41),(204,'Lala Zaar','2018-05-15 16:38:51',53),(205,'Dhori Adda','2018-05-15 16:38:58',53),(206,'Batkhela','2018-05-15 16:39:00',41),(207,'Maleer','2018-05-15 16:39:17',6),(208,'Ughi','2018-05-15 16:39:43',24),(209,'Balakot','2018-05-15 16:39:46',24),(210,'Malakwal','2018-05-15 16:39:50',23),(211,'Shinkiari','2018-05-15 16:39:51',24),(212,'Mardan','2018-05-15 16:39:59',40),(213,'Mandi Bahauddin','2018-05-15 16:39:59',23),(214,'Phalia','2018-05-15 16:40:06',23),(215,'Takht Bahi','2018-05-15 16:40:11',40),(216,'Kuthiala Sheikhan','2018-05-15 16:40:21',23),(217,'Harya','2018-05-15 16:40:27',23),(218,'Head Faqiriyan','2018-05-15 16:40:36',23),(219,'Wan Bachran','2018-05-15 16:40:37',47),(220,'Qundiyan','2018-05-15 16:40:43',47),(222,'Piplan','2018-05-15 16:40:48',47),(223,'Kalabagh','2018-05-15 16:40:56',47),(224,'Esakhail','2018-05-15 16:41:03',47),(225,'Kamar Mushani','2018-05-15 16:41:11',47),(226,'Mooch','2018-05-15 16:41:14',47),(227,'Kot Chandna','2018-05-15 16:41:23',47),(228,'Traag','2018-05-15 16:41:27',47),(229,'Van Bachran','2018-05-15 16:41:39',47),(230,'Digri','2018-05-15 16:42:36',69),(231,'Multan','2018-05-15 16:42:40',26),(232,'Shuja Abad','2018-05-15 16:42:48',26),(233,'Tandi Jan Muhammad','2018-05-15 16:43:20',69),(234,'Jalal Pur Peer Wala','2018-05-15 16:43:26',26),(235,'Makhdoom Rasheed','2018-05-15 16:43:35',26),(236,'Bumb Mor','2018-05-15 16:43:50',26),(237,'Mandi Gundhab','2018-05-15 16:44:03',73),(238,'Yaka Ghund','2018-05-15 16:44:10',73),(239,'Muredkay','2018-05-15 16:44:17',82),(240,'Chalt','2018-05-15 16:44:52',85),(241,'Sangla Hill','2018-05-15 16:45:08',27),(242,'Shah Kot','2018-05-15 16:45:14',27),(243,'Shakargarh','2018-05-15 16:45:43',45),(244,'Baseerah','2018-05-15 16:45:45',5),(245,'Zafarwal','2018-05-15 16:45:48',45),(246,'Dhamthal','2018-05-15 16:46:00',45),(247,'Kasba Gujraat','2018-05-15 16:46:02',5),(248,'Qila Ahmad Abad','2018-05-15 16:46:05',45),(249,'Khan Garh','2018-05-15 16:46:08',5),(250,'Darman','2018-05-15 16:46:12',45),(251,'Khanpur Baga Sheer','2018-05-15 16:46:17',5),(252,'Kot Addu','2018-05-15 16:46:30',5),(253,'Muzaffargarh','2018-05-15 16:46:49',5),(254,'Sanawa','2018-05-15 16:46:56',5),(255,'Daira Deen Panah','2018-05-15 16:47:04',5),(256,'Shiva','2018-05-15 16:47:13',78),(257,'Chowk Karam Dad Quresh','2018-05-15 16:47:15',5),(258,'Rohilan wali','2018-05-15 16:47:40',5),(259,'Akora Khatak','2018-05-15 16:47:50',28),(260,'jhangira','2018-05-15 16:48:01',28),(261,'Okara','2018-05-15 16:48:02',29),(262,'Depalpur','2018-05-15 16:48:09',29),(263,'Renala Khurd','2018-05-15 16:48:21',29),(264,'Haveli Lakha','2018-05-15 16:48:30',29),(265,'Kalaya','2018-05-15 16:48:33',75),(266,'Hangu','2018-05-15 16:48:36',75),(267,'Hujra shah Muqeem','2018-05-15 16:48:38',29),(268,'Arif Wala','2018-05-15 16:48:47',30),(269,'Sadiq Abad','2018-05-15 16:49:17',54),(270,'Dajal','2018-05-15 16:49:19',4),(271,'Liaqat Pur','2018-05-15 16:49:22',54),(272,'Fazalpur','2018-05-15 16:49:25',4),(273,'Khan Pur','2018-05-15 16:49:26',54),(274,'Jampur','2018-05-15 16:49:33',4),(275,'Kot Mithan','2018-05-15 16:49:42',4),(276,'Kot Smaba','2018-05-15 16:49:43',54),(277,'Kotla Mughlan','2018-05-15 16:49:50',4),(278,'Zahir Peer','2018-05-15 16:49:53',54),(279,'Muhammad Pur','2018-05-15 16:49:58',4),(280,'Gulshan-E-Iqbal Town, Rahim Yar Khan','2018-05-15 16:50:11',54),(281,'Trinda Sway Khan','2018-05-15 16:50:27',54),(282,'Rajanpur','2018-05-15 16:50:29',4),(283,'Sadiqabad-3','2018-05-15 16:50:35',54),(284,'Ahmad Pur Lamma','2018-05-15 16:50:41',54),(285,'Iqbala Baad','2018-05-15 16:50:47',54),(286,'Rawalpindi','2018-05-15 16:50:48',2),(287,'Muree','2018-05-15 16:53:21',2),(288,'Chicha Watani','2018-05-15 16:53:22',35),(289,'Taxila','2018-05-15 16:53:30',2),(290,'Qadir Abad','2018-05-15 16:53:32',35),(291,'Harappa','2018-05-15 16:53:37',35),(292,'Chakri','2018-05-15 16:53:39',2),(293,'Pariyal','2018-05-15 16:53:50',2),(294,'Sargodha','2018-05-15 16:54:10',37),(295,'Miani','2018-05-15 16:54:21',37),(296,'Wahmiana','2018-05-15 16:54:31',37),(297,'Bhera','2018-05-15 16:54:35',37),(298,'Kalar Syedan','2018-05-15 16:54:42',2),(299,'Bhalwal','2018-05-15 16:54:46',37),(300,'Kahuta','2018-05-15 16:54:52',2),(301,'Kot momin','2018-05-15 16:54:55',37),(302,'Chack Beli Khan','2018-05-15 16:55:02',2),(303,'Silanwali','2018-05-15 16:55:10',37),(304,'Adhwal','2018-05-15 16:55:16',2),(305,'Shah Pur','2018-05-15 16:55:16',37),(306,'Phularwan','2018-05-15 16:55:28',37),(307,'Shahpur Sadar(carpuration)','2018-05-15 16:56:19',37),(308,'Sahiwal/ sargodha','2018-05-15 16:56:59',37),(309,'Cant Area/sargodha','2018-05-15 16:58:59',37),(310,'Farooqa / Sargodha','2018-05-15 16:59:08',37),(311,'Nehang / Sahiwal','2018-05-15 16:59:29',37),(312,'Farooqa Bad','2018-05-15 16:59:30',17),(313,'Shaikhupura','2018-05-15 16:59:39',17),(314,'Shahpur','2018-05-15 16:59:42',37),(315,'Maila','2018-05-15 16:59:48',37),(316,'Mandi Faiz Abad','2018-05-15 16:59:53',17),(317,'Topi','2018-05-15 17:00:11',51),(318,'Safdar Abad','2018-05-15 17:00:12',17),(319,'Kot Roshan Deen','2018-05-15 17:00:22',17),(320,'Narang Mandi','2018-05-15 17:00:30',17),(321,'Daska','2018-05-15 17:00:45',38),(322,'Sambriyal','2018-05-15 17:00:52',38),(323,'Ugoki','2018-05-15 17:00:54',38),(324,'Pindi Porbiyaan','2018-05-15 17:00:55',17),(325,'Badiyana','2018-05-15 17:01:00',38),(326,'Noor Kot','2018-05-15 17:01:00',17),(327,'Kalaswala','2018-05-15 17:01:04',38),(328,'Mianwali Bangla','2018-05-15 17:01:08',38),(329,'Sibi','2018-05-15 17:01:13',83),(330,'Rohri','2018-05-15 17:01:20',36),(331,'Skardu','2018-05-15 17:01:22',59),(332,'Pano Aqil','2018-05-15 17:01:38',36),(333,'Gamba','2018-05-15 17:01:43',59),(334,'Barri Kot','2018-05-15 17:01:57',50),(335,'Tando Allahyar','2018-05-15 17:02:04',76),(336,'Khawazakhel','2018-05-15 17:02:07',50),(337,'Madyan','2018-05-15 17:02:14',50),(338,'Tank','2018-05-15 17:02:29',79),(339,'Gharo Town','2018-05-15 17:02:36',70),(340,'Rajana','2018-05-15 17:02:47',39),(341,'Luddan','2018-05-15 17:02:54',3),(342,'Toba Tek Singh','2018-05-15 17:03:02',39),(343,'Mailsy','2018-05-15 17:03:04',3),(344,'Gojra','2018-05-15 17:03:33',39),(346,'Borewala','2018-05-15 17:03:45',3),(347,'Kamalia','2018-05-15 17:03:50',39),(348,'Havelian','2018-05-15 17:10:31',33),(349,'Pindi Gheb','2018-05-15 17:10:31',8),(350,'Gondal','2018-05-15 17:10:33',8),(351,'Kamra','2018-05-15 17:10:33',8),(352,'Bahawalnagar','2018-05-15 17:10:34',9),(353,'Donga Bonga','2018-05-15 17:10:34',9),(354,'Daharan Wala','2018-05-15 17:10:35',9),(355,'Dera Bakha','2018-05-15 17:10:37',13),(356,'Khaar','2018-05-15 17:10:37',71),(357,'Inyat Kaly','2018-05-15 17:10:37',71),(358,'Nawaghai','2018-05-15 17:10:37',71),(359,'Pashut','2018-05-15 17:10:37',71),(360,'Rahgan','2018-05-15 17:10:38',71),(361,'Qazafi','2018-05-15 17:10:38',71),(362,'Bannu','2018-05-15 17:10:38',66),(363,'Batagram','2018-05-15 17:10:38',77),(364,'Nautak','2018-05-15 17:10:39',48),(365,'Khan pur','2018-05-15 17:10:40',10),(366,'Diwalian','2018-05-15 17:10:41',10),(367,'Charsadda','2018-05-15 17:10:42',61),(368,'D. I. Khan','2018-05-15 17:10:43',80),(369,'D. G. Khan','2018-05-15 17:10:43',25),(370,'Toba Tek Singh','2018-05-15 17:10:46',14),(371,'Khaplu','2018-05-15 17:10:48',68),(372,'Ghowari','2018-05-15 17:10:48',68),(373,'Ghizer','2018-05-15 17:10:48',32),(374,'Barkolti','2018-05-15 17:10:49',32),(375,'Gujranwala','2018-05-15 17:10:50',16),(376,'Ali pur Chatha','2018-05-15 17:10:53',16),(377,'Gujrat','2018-05-15 17:10:53',18),(378,'Lalamusa','2018-05-15 17:10:53',18),(379,'Jilal pur jattan','2018-05-15 17:10:53',18),(380,'Hafizabad','2018-05-15 17:10:55',19),(381,'Hari pur','2018-05-15 17:10:56',49),(382,'Hunza','2018-05-15 17:10:56',44),(383,'Hyder Abad/Latif Abad','2018-05-15 17:10:57',7),(384,'Islamabad','2018-05-15 17:10:57',56),(385,'Jhang','2018-05-15 17:10:58',15),(386,'Jhelum','2018-05-15 17:10:59',20),(387,'Jalalpur Shareef','2018-05-15 17:11:00',20),(388,'Pinanwal','2018-05-15 17:11:00',20),(389,'Karachi','2018-05-15 17:11:00',6),(390,'New Karachi','2018-05-15 17:11:01',6),(391,'Kiamari Town','2018-05-15 17:11:01',6),(392,'Lyari Town','2018-05-15 17:11:01',6),(393,'Habib Abad','2018-05-15 17:11:03',21),(394,'Kasur City','2018-05-15 17:11:05',21),(396,'Khairpur','2018-05-15 17:11:06',55),(397,'Khanewal','2018-05-15 17:11:06',22),(398,'Mehdiabad','2018-05-15 17:11:07',84),(399,'Khushab','2018-05-15 17:11:08',46),(400,'Bijaar','2018-05-15 17:11:08',46),(401,'Kohat','2018-05-15 17:11:10',62),(402,'Lahore','2018-05-15 17:11:11',1),(403,'Lodhran','2018-05-15 17:11:22',63),(404,'Luky Marwat ','2018-05-15 17:11:22',65),(405,'Gojra','2018-05-15 17:11:24',23),(406,'Mansehra','2018-05-15 17:11:25',24),(407,'Mianwali','2018-05-15 17:11:27',47),(408,'Mirpur','2018-05-15 17:11:29',42),(409,'Mirpur Khas','2018-05-15 17:11:29',69),(410,'Tando Jan Muhammad','2018-05-15 17:11:29',69),(411,'Mithi','2018-05-15 17:11:29',64),(412,'Chowk Karam Dad Qureshi','2018-05-15 17:11:35',5),(413,'Muzaffarabad','2018-05-15 17:11:35',67),(414,'Nankana Sahib','2018-05-15 17:11:36',27),(415,'Lahore','2018-05-15 17:11:37',27),(416,'Narowal','2018-05-15 17:11:37',45),(417,'Nowshehra','2018-05-15 17:11:38',28),(418,'Town','2018-05-15 17:11:39',28),(419,'Pakpattan','2018-05-15 17:11:40',30),(420,'Peshawar','2018-05-15 17:11:41',31),(421,'Quetta','2018-05-15 17:11:41',52),(422,'Rahim Yar Khan','2018-05-15 17:11:42',54),(423,'Kotli Sattian','2018-05-15 17:11:47',2),(424,'Sahiwal','2018-05-15 17:11:48',35),(425,'Sillanwlai ','2018-05-15 17:11:51',37),(426,'Town','2018-05-15 17:11:52',37),(427,'Muredkay','2018-05-15 17:11:52',17),(428,'Lahore','2018-05-15 17:11:53',17),(429,'Pindi Porbiyaan','2018-05-15 17:11:53',81),(430,'Noor Kot','2018-05-15 17:11:53',81),(431,'Shigar','2018-05-15 17:11:53',60),(432,'Sialkot','2018-05-15 17:11:53',38),(433,'Sukhar','2018-05-15 17:11:55',36),(434,'Sawat','2018-05-15 17:11:55',50),(435,'Thatha','2018-05-15 17:11:56',70),(436,'Vehari ','2018-05-15 17:11:56',3),(437,'Hyderabad','2018-05-17 06:35:05',7),(438,'Korangi','2018-05-17 07:05:01',6),(439,'Jacobabad','2018-05-17 10:05:34',58),(440,'Hasanabdal','2018-05-18 05:57:19',8),(441,'Matli','2018-05-18 06:04:34',86),(442,'Golarchi','2018-05-18 06:05:58',86),(443,'Talhar','2018-05-18 06:06:31',86),(444,'Badin','2018-05-18 06:10:54',86),(445,'Ahmedpur','2018-05-18 06:35:24',13),(446,'Pir Mahal','2018-05-18 09:52:01',14),(447,'Ghotki','2018-05-18 09:58:23',87),(448,'Daharki','2018-05-18 09:58:49',87),(449,'Wazirabad','2018-05-18 10:01:19',16),(450,'Tando Jam','2018-05-18 10:15:27',7),(451,'Jamshoro','2018-05-18 10:21:00',89),(452,'Kotri','2018-05-18 10:21:53',89),(453,'Sohawa','2018-05-18 10:25:42',20),(454,'Shorkot','2018-05-18 10:26:38',15),(455,'Federal B. Area','2018-05-18 10:33:36',6),(456,'Bin Qasim','2018-05-18 10:35:40',6),(457,'Jamshed','2018-05-18 10:36:42',6),(458,'Orangi town','2018-05-18 10:37:34',6),(459,'Landhi town','2018-05-18 10:38:07',6),(460,'Nazimabad','2018-05-18 10:39:40',6),(461,'North Karachi','2018-05-18 10:40:30',6),(462,'Khokhrapar','2018-05-18 10:45:37',64),(463,'Saeedabad','2018-05-18 10:50:41',6),(464,'Gulshan Town','2018-05-18 10:51:25',6),(465,'Shah Faisal Town','2018-05-18 10:51:19',6),(466,'Shah Latif Town','2018-05-18 10:52:08',6),(467,'Gambat','2018-05-18 11:07:28',55),(468,'Larkana','2018-05-18 11:11:21',90),(469,'Hala','2018-05-18 11:13:47',91),(470,'New Saeedabad','2018-05-18 11:15:03',91),(471,'Kot Ghulam Muhammad','2018-05-18 11:18:15',69);

--
-- Table structure for table `microwatch_category`
--

CREATE TABLE `microwatch_category` (
  `IC_ID` int(11) NOT NULL AUTO_INCREMENT,
  `IC_NAME` varchar(45) DEFAULT NULL,
  `IC_DESC` varchar(100) DEFAULT NULL,
  `CREATED` timestamp NULL DEFAULT CURRENT_TIMESTAMP,
  `CREATED_BY` varchar(20) DEFAULT NULL,
  PRIMARY KEY (`IC_ID`)
) ENGINE=InnoDB AUTO_INCREMENT=5 DEFAULT CHARSET=latin1;

--
-- Dumping data for table `microwatch_category`
--

INSERT INTO `microwatch_category` VALUES (1,'Microcredit','Microcredit','2018-01-03 13:37:17','ADMIN'),(2,'Micro-Savings','Micro-Savings','2018-01-03 13:37:17','ADMIN'),(3,'Micro-Insurance','Micro-Insurance','2018-01-03 13:37:18','admin'),(4,'Operations','Operations','0000-00-00 00:00:00','admin');

--
-- Table structure for table `microwatch_indicator_types`
--

CREATE TABLE `microwatch_indicator_types` (
  `MWIT_ID` int(11) NOT NULL AUTO_INCREMENT,
  `IT_NAME` varchar(25) NOT NULL,
  `IT_DESC` varchar(45) DEFAULT NULL,
  `indicator_ID` int(11) DEFAULT NULL,
  `CREATED` timestamp NOT NULL DEFAULT CURRENT_TIMESTAMP,
  `CREATED_BY` varchar(20) DEFAULT NULL,
  `ENDED` timestamp NULL DEFAULT '0000-00-00 00:00:00',
  `ENDED_BY` varchar(20) DEFAULT NULL,
  `UPDATED` timestamp NULL DEFAULT '0000-00-00 00:00:00',
  `UPDATED_BY` varchar(20) DEFAULT NULL,
  PRIMARY KEY (`MWIT_ID`)
) ENGINE=InnoDB AUTO_INCREMENT=71 DEFAULT CHARSET=latin1;

--
-- Dumping data for table `microwatch_indicator_types`
--

INSERT INTO `microwatch_indicator_types` VALUES (1,'Group','Group',1,'2018-01-03 17:01:39','ADMIN','0000-00-00 00:00:00',NULL,'0000-00-00 00:00:00',NULL),(2,'Individual','Individual',1,'2018-01-03 17:01:40','ADMIN','0000-00-00 00:00:00',NULL,'0000-00-00 00:00:00',NULL),(3,'Micro/Small Enterprise1','Micro/Small Enterprise1',1,'2018-01-03 17:01:40','ADMIN','0000-00-00 00:00:00',NULL,'0000-00-00 00:00:00',NULL),(4,'Male','Male',1,'2018-01-03 17:01:40','ADMIN','0000-00-00 00:00:00',NULL,'0000-00-00 00:00:00',NULL),(5,'Female','Female',1,'2018-01-03 17:01:40','ADMIN','0000-00-00 00:00:00',NULL,'0000-00-00 00:00:00',NULL),(6,'Urban','Urban',1,'2018-01-03 17:01:41','ADMIN','0000-00-00 00:00:00',NULL,'0000-00-00 00:00:00',NULL),(7,'Rural','Rural',1,'2018-01-03 17:01:41','ADMIN','0000-00-00 00:00:00',NULL,'0000-00-00 00:00:00',NULL),(8,'Agriculture','Agriculture',1,'2018-01-03 17:01:41','ADMIN','0000-00-00 00:00:00',NULL,'0000-00-00 00:00:00',NULL),(9,'Livestock/Poultry','Livestock/Poultry',1,'2018-01-03 17:01:41','ADMIN','0000-00-00 00:00:00',NULL,'0000-00-00 00:00:00',NULL),(10,'Trade','Trade',1,'2018-01-03 17:01:42','ADMIN','0000-00-00 00:00:00',NULL,'0000-00-00 00:00:00',NULL),(11,'Services','Services',1,'2018-01-03 17:01:42','ADMIN','0000-00-00 00:00:00',NULL,'0000-00-00 00:00:00',NULL),(12,'Manufacturing/Production','Manufacturing/Production',1,'2018-01-03 17:01:42','ADMIN','0000-00-00 00:00:00',NULL,'0000-00-00 00:00:00',NULL),(13,'Housing','Housing',1,'2018-01-03 17:01:42','ADMIN','0000-00-00 00:00:00',NULL,'0000-00-00 00:00:00',NULL),(14,'Other','Other',1,'2018-01-03 17:01:43','ADMIN','0000-00-00 00:00:00',NULL,'0000-00-00 00:00:00',NULL),(15,'Secured2','Secured2',1,'2018-01-03 17:01:43','ADMIN','0000-00-00 00:00:00',NULL,'0000-00-00 00:00:00',NULL),(16,'Unsecured3','Unsecured3',1,'2018-01-03 17:01:43','ADMIN','0000-00-00 00:00:00',NULL,'0000-00-00 00:00:00',NULL),(17,'Islamic Microfinance ','Islamic Microfinance ',1,'2018-01-03 17:01:44','ADMIN','0000-00-00 00:00:00',NULL,'0000-00-00 00:00:00',NULL),(18,'Conventional','Conventional',1,'2018-01-03 17:01:44','ADMIN','0000-00-00 00:00:00',NULL,'0000-00-00 00:00:00',NULL),(19,'Total','Total',1,'2018-01-03 17:01:45','ADMIN','0000-00-00 00:00:00',NULL,'0000-00-00 00:00:00',NULL),(20,'Group','Group',2,'2018-01-03 17:01:45','ADMIN','0000-00-00 00:00:00',NULL,'0000-00-00 00:00:00',NULL),(21,'Individual','Individual',2,'2018-01-03 17:01:45','ADMIN','0000-00-00 00:00:00',NULL,'0000-00-00 00:00:00',NULL),(22,'Micro/Small Enterprise','Micro/Small Enterprise',2,'2018-01-03 17:01:45','ADMIN','0000-00-00 00:00:00',NULL,'0000-00-00 00:00:00',NULL),(23,'Male','Male',2,'2018-01-03 17:01:46','ADMIN','0000-00-00 00:00:00',NULL,'0000-00-00 00:00:00',NULL),(24,'Female','Female',2,'2018-01-03 17:01:46','ADMIN','0000-00-00 00:00:00',NULL,'0000-00-00 00:00:00',NULL),(25,'Secured','Secured',2,'2018-01-03 17:01:46','ADMIN','0000-00-00 00:00:00',NULL,'0000-00-00 00:00:00',NULL),(26,'Unsecured','Unsecured',2,'2018-01-03 17:01:46','ADMIN','0000-00-00 00:00:00',NULL,'0000-00-00 00:00:00',NULL),(27,'Islamic','Islamic',2,'2018-01-03 17:01:47','ADMIN','0000-00-00 00:00:00',NULL,'0000-00-00 00:00:00',NULL),(28,'Conventional','Conventional',2,'2018-01-03 17:01:47','ADMIN','0000-00-00 00:00:00',NULL,'0000-00-00 00:00:00',NULL),(29,'Total','Total',2,'2018-01-03 17:01:47','ADMIN','0000-00-00 00:00:00',NULL,'0000-00-00 00:00:00',NULL),(30,'Group','Group',3,'2018-01-03 17:01:47','ADMIN','0000-00-00 00:00:00',NULL,'0000-00-00 00:00:00',NULL),(31,'Individual','Individual',3,'2018-01-03 17:01:48','ADMIN','0000-00-00 00:00:00',NULL,'0000-00-00 00:00:00',NULL),(32,'Micro/Small Enterprise','Micro/Small Enterprise',3,'2018-01-03 17:01:48','ADMIN','0000-00-00 00:00:00',NULL,'0000-00-00 00:00:00',NULL),(33,'Total','Total',3,'2018-01-03 17:01:48','ADMIN','0000-00-00 00:00:00',NULL,'0000-00-00 00:00:00',NULL),(34,'Group','Group',4,'2018-01-03 17:01:48','ADMIN','0000-00-00 00:00:00',NULL,'0000-00-00 00:00:00',NULL),(35,'Individual','Individual',4,'2018-01-03 17:01:49','ADMIN','0000-00-00 00:00:00',NULL,'0000-00-00 00:00:00',NULL),(36,'Micro/Small Enterprise','Micro/Small Enterprise',4,'2018-01-03 17:01:49','ADMIN','0000-00-00 00:00:00',NULL,'0000-00-00 00:00:00',NULL),(37,'Total','Total',4,'2018-01-03 17:01:50','ADMIN','0000-00-00 00:00:00',NULL,'0000-00-00 00:00:00',NULL),(38,'Total','Total',5,'2018-01-03 17:01:50','ADMIN','0000-00-00 00:00:00',NULL,'0000-00-00 00:00:00',NULL),(39,'Male','Male',6,'2018-01-03 17:01:50','ADMIN','0000-00-00 00:00:00',NULL,'0000-00-00 00:00:00',NULL),(40,'Female','Female',6,'2018-01-03 17:01:51','ADMIN','0000-00-00 00:00:00',NULL,'0000-00-00 00:00:00',NULL),(41,'Rural','Rural',6,'2018-01-03 17:01:51','ADMIN','0000-00-00 00:00:00',NULL,'0000-00-00 00:00:00',NULL),(42,'Urban','Urban',6,'2018-01-03 17:01:51','ADMIN','0000-00-00 00:00:00',NULL,'0000-00-00 00:00:00',NULL),(43,'Intermediated','Intermediated',6,'2018-01-03 17:01:52','ADMIN','0000-00-00 00:00:00',NULL,'0000-00-00 00:00:00',NULL),(44,'Mobilized','Mobilized',6,'2018-01-03 17:01:52','ADMIN','0000-00-00 00:00:00',NULL,'0000-00-00 00:00:00',NULL),(45,'Branches4','Branches4',6,'2018-01-03 17:01:52','ADMIN','0000-00-00 00:00:00',NULL,'0000-00-00 00:00:00',NULL),(46,'Mobile Wallets5','Mobile Wallets5',6,'2018-01-03 17:01:53','ADMIN','0000-00-00 00:00:00',NULL,'0000-00-00 00:00:00',NULL),(47,'Total','Total',6,'2018-01-03 17:01:53','ADMIN','0000-00-00 00:00:00',NULL,'0000-00-00 00:00:00',NULL),(48,'Male','Male',7,'2018-01-03 17:01:53','ADMIN','0000-00-00 00:00:00',NULL,'0000-00-00 00:00:00',NULL),(49,'Female','Female',7,'2018-01-03 17:01:53','ADMIN','0000-00-00 00:00:00',NULL,'0000-00-00 00:00:00',NULL),(50,'Branches4','Branches4',7,'2018-01-03 17:01:54','ADMIN','0000-00-00 00:00:00',NULL,'0000-00-00 00:00:00',NULL),(51,'Mobile Wallets5','Mobile Wallets5',7,'2018-01-03 17:01:54','ADMIN','0000-00-00 00:00:00',NULL,'0000-00-00 00:00:00',NULL),(52,'Total','Total',7,'2018-01-03 17:01:54','ADMIN','0000-00-00 00:00:00',NULL,'0000-00-00 00:00:00',NULL),(53,'Health','Health',8,'2018-01-03 17:01:54','ADMIN','0000-00-00 00:00:00',NULL,'0000-00-00 00:00:00',NULL),(54,'Agriculture/Livestock','Agriculture/Livestock',8,'2018-01-03 17:01:55','ADMIN','0000-00-00 00:00:00',NULL,'0000-00-00 00:00:00',NULL),(55,'Life','Life',8,'2018-01-03 17:01:55','ADMIN','0000-00-00 00:00:00',NULL,'0000-00-00 00:00:00',NULL),(56,'Property','Property',8,'2018-01-03 17:01:55','ADMIN','0000-00-00 00:00:00',NULL,'0000-00-00 00:00:00',NULL),(57,'Other','Other',8,'2018-01-03 17:01:56','ADMIN','0000-00-00 00:00:00',NULL,'0000-00-00 00:00:00',NULL),(58,'Male','Male',8,'2018-01-03 17:01:56','ADMIN','0000-00-00 00:00:00',NULL,'0000-00-00 00:00:00',NULL),(59,'Female','Female',8,'2018-01-03 17:01:56','ADMIN','0000-00-00 00:00:00',NULL,'0000-00-00 00:00:00',NULL),(60,'Urban','Urban',8,'2018-01-03 17:01:56','ADMIN','0000-00-00 00:00:00',NULL,'0000-00-00 00:00:00',NULL),(61,'Rural','Rural',8,'2018-01-03 17:01:57','ADMIN','0000-00-00 00:00:00',NULL,'0000-00-00 00:00:00',NULL),(62,'Total','Total',8,'2018-01-03 17:01:57','ADMIN','0000-00-00 00:00:00',NULL,'0000-00-00 00:00:00',NULL),(63,'Male','Male',9,'2018-01-03 17:01:57','ADMIN','0000-00-00 00:00:00',NULL,'0000-00-00 00:00:00',NULL),(64,'Female','Female',9,'2018-01-03 17:01:57','ADMIN','0000-00-00 00:00:00',NULL,'0000-00-00 00:00:00',NULL),(65,'Total','Total',9,'2018-01-03 17:01:58','ADMIN','0000-00-00 00:00:00',NULL,'0000-00-00 00:00:00',NULL),(66,'Fixed','Fixed',10,'2018-01-03 17:01:58','ADMIN','0000-00-00 00:00:00',NULL,'0000-00-00 00:00:00',NULL),(67,'Mobile','Mobile',10,'2018-01-03 17:01:58','ADMIN','0000-00-00 00:00:00',NULL,'0000-00-00 00:00:00',NULL),(68,'Total','Total',10,'2018-01-03 17:01:58','ADMIN','0000-00-00 00:00:00',NULL,'0000-00-00 00:00:00',NULL),(69,'Total6','Total6',11,'2018-01-03 17:01:59','ADMIN','0000-00-00 00:00:00',NULL,'0000-00-00 00:00:00',NULL),(70,'Total','Total',12,'2018-01-03 17:01:59','ADMIN','0000-00-00 00:00:00',NULL,'0000-00-00 00:00:00',NULL);

--
-- Table structure for table `microwatch_indicators`
--

CREATE TABLE `microwatch_indicators` (
  `MWI_ID` int(11) NOT NULL AUTO_INCREMENT,
  `INDICATOR_NAME` varchar(250) DEFAULT NULL,
  `INDICATOR_DESCRIPTION` varchar(1000) DEFAULT NULL,
  `CATEGORY_ID` int(11) DEFAULT NULL,
  `CREATED` timestamp NOT NULL DEFAULT CURRENT_TIMESTAMP,
  `CREATED_BY` varchar(20) DEFAULT NULL,
  `ENDED` timestamp NULL DEFAULT '0000-00-00 00:00:00',
  `ENDED_BY` varchar(20) DEFAULT NULL,
  `UPDATED` timestamp NULL DEFAULT '0000-00-00 00:00:00',
  `UPDATED_BY` varchar(20) DEFAULT NULL,
  PRIMARY KEY (`MWI_ID`)
) ENGINE=InnoDB AUTO_INCREMENT=15 DEFAULT CHARSET=latin1;

--
-- Dumping data for table `microwatch_indicators`
--

INSERT INTO `microwatch_indicators` VALUES (1,'Number of Active Borrowers',NULL,1,'2018-01-03 13:45:23','ADMIN','0000-00-00 00:00:00',NULL,'0000-00-00 00:00:00',NULL),(2,'Gross Loan Portfolio',NULL,1,'2018-01-03 13:45:23','ADMIN','0000-00-00 00:00:00',NULL,'0000-00-00 00:00:00',NULL),(3,'Number of Loans Disbursed',NULL,1,'2018-01-03 13:45:24','ADMIN','0000-00-00 00:00:00',NULL,'0000-00-00 00:00:00',NULL),(4,'Loan Amount Disbursed',NULL,1,'2018-01-03 13:45:24','ADMIN','0000-00-00 00:00:00',NULL,'0000-00-00 00:00:00',NULL),(5,'PAR > 30 Days',NULL,1,'2018-01-03 13:45:25','ADMIN','0000-00-00 00:00:00',NULL,'0000-00-00 00:00:00',NULL),(6,'Number of Active Savers',NULL,2,'2018-01-03 16:54:08','ADMIN','0000-00-00 00:00:00',NULL,'0000-00-00 00:00:00',NULL),(7,'Value of Savings',NULL,2,'2018-01-03 16:54:09','ADMIN','0000-00-00 00:00:00',NULL,'0000-00-00 00:00:00',NULL),(8,'Number of Policy Holders',NULL,3,'2018-01-03 16:54:09','ADMIN','0000-00-00 00:00:00',NULL,'0000-00-00 00:00:00',NULL),(9,'Sum Insured',NULL,3,'2018-01-03 16:54:10','ADMIN','0000-00-00 00:00:00',NULL,'0000-00-00 00:00:00',NULL),(10,'Number of Offices',NULL,4,'2018-01-03 16:54:11','ADMIN','0000-00-00 00:00:00',NULL,'0000-00-00 00:00:00',NULL),(11,'Number of Agents',NULL,4,'2018-01-03 16:54:11','ADMIN','0000-00-00 00:00:00',NULL,'0000-00-00 00:00:00',NULL),(12,'Total Microfinance Staff',NULL,4,'2018-01-03 16:54:12','ADMIN','0000-00-00 00:00:00',NULL,'0000-00-00 00:00:00',NULL),(13,'Number of offices Fixed',NULL,4,'2018-01-03 16:54:12','ADMIN','0000-00-00 00:00:00',NULL,'0000-00-00 00:00:00',NULL),(14,'Number of offices Mobile',NULL,4,'2018-01-03 16:54:13','ADMIN','0000-00-00 00:00:00',NULL,'0000-00-00 00:00:00',NULL);

--
-- Table structure for table `organization`
--

CREATE TABLE `organization` (
  `oid` int(11) NOT NULL AUTO_INCREMENT,
  `ORGANIZATION_NAME` varchar(250) DEFAULT NULL,
  `ORGANIZATION_DESCRIPTION` varchar(1000) DEFAULT NULL,
  `OTID` int(11) DEFAULT NULL,
  `ORG_ABV` varchar(20) DEFAULT NULL,
  `ORGANIZATION_COUNTRY` varchar(150) DEFAULT NULL,
  `CREATED` datetime NOT NULL DEFAULT CURRENT_TIMESTAMP,
  `CREATED_BY` varchar(20) DEFAULT NULL,
  `ENDED` datetime(6) DEFAULT NULL,
  `ENDED_BY` varchar(20) DEFAULT NULL,
  `UPDATED` datetime(6) DEFAULT NULL,
  `UPDATED_BY` varchar(250) DEFAULT NULL,
  PRIMARY KEY (`oid`)
) ENGINE=InnoDB AUTO_INCREMENT=56 DEFAULT CHARSET=latin1;

--
-- Dumping data for table `organization`
--

INSERT INTO `organization` VALUES (1,'Advans Pakistan Micronance Bank','DES',2,'ADVANS','Pakistan','2018-01-11 15:20:19','admin',NULL,NULL,NULL,NULL),(2,'Apna MicroFinance Bank Ltd','DES',2,'AMFB','Pakistan','2018-01-11 16:18:37','admin',NULL,NULL,NULL,NULL),(3,'FINCA MicroFinance Bank','DES',2,'FINCA','Pakistan','2018-01-11 16:19:19','admin',NULL,NULL,NULL,NULL),(4,'Association for Gender Awareness and Human Empowerment','DES',4,'AGAHE','Pakistan','2018-01-11 16:19:51','admin',NULL,NULL,'2018-04-17 15:53:18.000000','admin'),(5,'Mobilink Microfinance Bank','DES',2,'MMFB','Pakistan','2018-01-11 16:20:33','admin',NULL,NULL,NULL,NULL),(6,'National Rural Support Programme Bank Ltd','DES',2,'NRSP-B','Pakistan','2018-01-11 16:21:05','admin',NULL,NULL,NULL,NULL),(7,'Pak-Oman Microfinance Bank Ltd','DES',2,'POMFB','Pakistan','2018-01-11 16:21:30','admin',NULL,NULL,'2018-01-17 18:42:05.000000','admin'),(8,'Telenor Microfinance Bank Ltd','DES',2,'TMFB','Pakistan','2018-01-11 16:26:20','admin',NULL,NULL,'2018-01-17 18:42:49.000000','admin'),(9,'The First MicroFinanceBank Ltd','DES',2,'FMFB','Pakistan','2018-01-11 16:26:49','admin',NULL,NULL,NULL,NULL),(10,'U Microfinance Bank Ltd','DES',2,'UBANK','Pakistan','2018-01-11 16:27:09','admin',NULL,NULL,'2018-01-17 18:43:05.000000','admin'),(11,'Akhuwat','DES',1,'AKHU','Pakistan','2018-01-11 16:29:14','admin',NULL,NULL,'2018-04-17 19:40:14.000000','admin'),(12,'ASA Pakistan','DES',1,'ASA','Pakistan','2018-01-11 16:29:32','admin',NULL,NULL,NULL,NULL),(14,'Community Support Concern','DES',1,'CSC','Pakistan','2018-01-11 16:30:20','admin',NULL,NULL,'2018-04-17 19:14:55.000000','admin'),(15,'DAMEN Support Program','DES',1,'DSP','Pakistan','2018-01-11 16:30:40','admin',NULL,NULL,NULL,NULL),(17,'Jinnah Welfare Society','DES',1,'JWS','Pakistan','2018-01-11 16:32:02','admin',NULL,NULL,NULL,NULL),(18,'Kashf Foundation','DES',1,'KASHF','Pakistan','2018-01-11 16:32:26','admin',NULL,NULL,NULL,NULL),(19,'Micro Options','DES',1,'MO','Pakistan','2018-01-11 16:32:45','admin',NULL,NULL,NULL,NULL),(20,'MOJAZ Foundation','DES',1,'MOJAZ','Pakistan','2018-01-11 16:33:00','admin',NULL,NULL,NULL,NULL),(21,'Farmers Friend Organization','DES',1,'FFO','Pakistan','2018-01-11 16:34:27','admin',NULL,NULL,'2018-04-18 11:33:29.000000','admin'),(22,'Sindh Microfinance Bank','DES',2,'SMFB','Pakistan','2018-01-11 16:37:01','admin',NULL,NULL,NULL,NULL),(23,'Naymet Trust','DES',1,'NAYMET','Pakistan','2018-01-11 16:39:28','admin',NULL,NULL,NULL,NULL),(24,'Orangi Charitable Trust','DES',1,'OCT','Pakistan','2018-01-11 16:40:56','admin',NULL,NULL,'2018-01-13 12:11:01.000000','admin'),(25,'SAFCO Support Foundation','DES',1,'SSF','Pakistan','2018-01-11 16:41:57','admin',NULL,NULL,NULL,NULL),(26,'Soon Valley Development Program','DES',1,'SVDP','Pakistan','2018-01-11 16:42:10','admin',NULL,NULL,NULL,NULL),(27,'Wasil Foundation','DES',1,'WASIL','Pakistan','2018-01-11 16:42:28','admin',NULL,NULL,NULL,NULL),(28,'Ghazi Barotha Taraqiati Idara','DES',3,'GBTI','Pakistan','2018-01-11 16:42:48','admin',NULL,NULL,'2018-02-26 16:13:08.000000','admin'),(29,'National Rural Support Programme','DES',3,'NRSP','Pakistan','2018-01-11 16:43:09','admin',NULL,NULL,NULL,NULL),(30,'Punjab Rural Support Programme','DES',3,'PRSP','Pakistan','2018-01-11 16:43:24','admin',NULL,NULL,NULL,NULL),(31,'Sarhad Rural Support Programme','DES',3,'SRSP','Pakistan','2018-01-11 16:43:47','admin',NULL,NULL,NULL,NULL),(32,'Sindh Rural Support Organization','DES',3,'SRSO','Pakistan','2018-01-11 16:44:05','admin',NULL,NULL,NULL,NULL),(33,'Thardeep Microfinance Foundation','DES',1,'TMF','Pakistan','2018-01-11 16:44:26','admin',NULL,NULL,'2018-06-25 05:26:53.000000','admin'),(34,'Al-Mehran Rural Development Organization','DES',4,'AMRDO','Pakistan','2018-01-11 16:44:54','admin',NULL,NULL,NULL,NULL),(36,'Badbaan Enterprise Development Forum','DES',4,'BEDF','Pakistan','2018-01-11 16:45:30','admin',NULL,NULL,NULL,NULL),(38,'BRAC Pakistan','DES',4,'BRAC','Pakistan','2018-01-11 16:46:16','admin',NULL,NULL,NULL,NULL),(41,'National Rural Development Programme','DES',4,'NRDP','Pakistan','2018-01-11 16:47:01','admin',NULL,NULL,NULL,NULL),(42,'Organization for Participatory Development','DES',4,'OPD','Pakistan','2018-01-11 16:47:28','admin',NULL,NULL,NULL,NULL),(44,'ORIX Leasing Pakistan Ltd','DES',4,'OLP','Pakistan','2018-01-11 16:48:09','admin',NULL,NULL,NULL,NULL),(45,'Rural Community Development Society','DES',4,'RCDS','Pakistan','2018-01-11 16:48:28','admin',NULL,NULL,NULL,NULL),(46,'Saath Development Society','DES',4,'SDS','Pakistan','2018-01-11 16:48:35','admin',NULL,NULL,NULL,NULL),(47,'Shadab Rural Development Organization','DES',4,'SRDO','Pakistan','2018-01-11 16:48:48','admin',NULL,NULL,NULL,NULL),(48,'Shah Sachal Sami Foundation','DES',4,'SSSF','Pakistan','2018-01-11 16:49:01','admin',NULL,NULL,NULL,NULL),(49,'Sungi Development Foundation','DES',4,'SDF','Pakistan','2018-01-11 16:49:14','admin',NULL,NULL,NULL,NULL),(50,'Support With Working Solutions','DES',4,'SWWS','Pakistan','2018-01-11 16:49:37','admin',NULL,NULL,NULL,NULL),(51,'Villagers Development Organization','DES',4,'VDO','Pakistan','2018-01-11 16:49:51','admin',NULL,NULL,NULL,NULL),(52,'Islamic Relief Pakistan','des',1,'IRP','Pakistan','2018-02-27 12:11:40','admin',NULL,NULL,NULL,NULL),(53,'Kushali Microfinance Bank','DES',2,'KBL','Pakistan','2018-05-08 21:26:45','admin',NULL,NULL,NULL,NULL),(54,'Villagers Development Organization','DES',4,'VDO','Pakistan','2018-05-09 18:46:35','admin',NULL,'admin',NULL,NULL),(55,'Development Action for Mobilization and Emancipation','DES',1,'DAMEN','Pakistan','2018-05-09 18:52:48','admin',NULL,'admin',NULL,NULL);

--
-- Table structure for table `organization_type`
--

CREATE TABLE `organization_type` (
  `otid` int(11) NOT NULL AUTO_INCREMENT,
  `ORGANIZATION_TYPE` varchar(100) DEFAULT NULL,
  `DESCRIPTION` varchar(500) DEFAULT NULL,
  `CREATED` datetime(6) NOT NULL DEFAULT CURRENT_TIMESTAMP(6),
  `CREATED_BY` varchar(250) DEFAULT NULL,
  `ENDED` datetime(6) DEFAULT NULL,
  `ENDED_BY` varchar(250) DEFAULT NULL,
  PRIMARY KEY (`otid`)
) ENGINE=InnoDB AUTO_INCREMENT=5 DEFAULT CHARSET=latin1;

--
-- Dumping data for table `organization_type`
--

INSERT INTO `organization_type` VALUES (1,'MFI','MFI','2017-11-16 21:18:34.680809','ADMIN',NULL,NULL),(2,'MFB','MFB','2017-11-16 21:18:34.702706','ADMIN',NULL,NULL),(3,'RSP','RSP','2018-01-05 00:17:19.792380','ADMIN',NULL,NULL),(4,'Other MFPs','Other MFPs','2018-01-05 00:17:19.795558','ADMIN',NULL,NULL);

--
-- Table structure for table `pmr_categories`
--

CREATE TABLE `pmr_categories` (
  `cid` int(11) NOT NULL,
  `CATEGORY_NAME` varchar(250) DEFAULT NULL,
  `CATEGORY_DESCRIPTION` varchar(1000) DEFAULT NULL,
  `CREATED` datetime(6) NOT NULL DEFAULT CURRENT_TIMESTAMP(6),
  `CREATED_BY` varchar(20) DEFAULT NULL,
  `ENDED` datetime(6) DEFAULT NULL,
  `ENDED_BY` varchar(20) DEFAULT NULL,
  `UPDATED` datetime(6) DEFAULT NULL,
  `UPDATED_BY` varchar(250) DEFAULT NULL,
  PRIMARY KEY (`cid`)
) ENGINE=InnoDB DEFAULT CHARSET=utf8;

--
-- Dumping data for table `pmr_categories`
--

INSERT INTO `pmr_categories` VALUES (1,'Infrastructure','Infrastructure','2018-03-29 10:16:07.173811',NULL,NULL,NULL,NULL,NULL),(2,'Clients',NULL,'2018-03-29 10:19:58.142561',NULL,NULL,NULL,NULL,NULL),(3,'Credit products',NULL,'2018-03-29 10:19:58.158186',NULL,NULL,NULL,NULL,NULL),(4,'Deposit products',NULL,'2018-03-29 10:19:58.158186',NULL,NULL,NULL,NULL,NULL),(5,'Delinquency',NULL,'2018-03-29 10:19:58.158186',NULL,NULL,NULL,NULL,NULL),(6,'Non-financial services',NULL,'2018-03-29 10:19:58.158186',NULL,NULL,NULL,NULL,NULL),(7,'Enterprises financed',NULL,'2018-03-29 10:19:58.158186',NULL,NULL,NULL,NULL,NULL),(8,'Job creation',NULL,'2018-03-29 10:19:58.158186',NULL,NULL,NULL,NULL,NULL),(9,'Poverty outreach',NULL,'2018-03-29 10:19:58.158186',NULL,NULL,NULL,NULL,NULL),(10,'Balance Sheet',NULL,'2018-03-29 10:19:58.158186',NULL,NULL,NULL,NULL,NULL),(11,'Income Statement',NULL,'2018-03-29 10:19:58.173811',NULL,NULL,NULL,NULL,NULL);

--
-- Table structure for table `pmr_data`
--

CREATE TABLE `pmr_data` (
  `pdid` int(11) NOT NULL AUTO_INCREMENT,
  `OID` double DEFAULT NULL,
  `CID` double DEFAULT NULL,
  `IID` double DEFAULT NULL,
  `VALUE` double DEFAULT NULL,
  `CREATED` datetime(6) NOT NULL DEFAULT CURRENT_TIMESTAMP(6),
  `CREATED_BY` varchar(20) DEFAULT NULL,
  `ENDED` datetime(6) DEFAULT NULL,
  `ENDED_BY` varchar(20) DEFAULT NULL,
  `YEAR` double DEFAULT NULL,
  PRIMARY KEY (`pdid`)
) ENGINE=InnoDB DEFAULT CHARSET=utf8;

--
-- Dumping data for table `pmr_data`
--


--
-- Table structure for table `pmr_dct_data`
--

CREATE TABLE `pmr_dct_data` (
  `id` int(11) NOT NULL AUTO_INCREMENT,
  `CAT_ID` int(11) NOT NULL,
  `SUB_CAT_ID` int(11) NOT NULL,
  `SUB_CAT_TYPE_ID` int(11) NOT NULL,
  `VALUE` double NOT NULL,
  `CREATED` datetime(6) NOT NULL DEFAULT CURRENT_TIMESTAMP(6),
  `CREATED_BY` varchar(20) DEFAULT NULL,
  `ENDED` datetime(6) DEFAULT NULL,
  `ENDED_BY` varchar(20) DEFAULT NULL,
  `FILE_ID` int(11) NOT NULL,
  PRIMARY KEY (`id`)
) ENGINE=InnoDB DEFAULT CHARSET=latin1;

--
-- Dumping data for table `pmr_dct_data`
--


--
-- Table structure for table `pmr_file_details`
--

CREATE TABLE `pmr_file_details` (
  `FILE_ID` int(11) NOT NULL,
  `FILE_NAME` varchar(100) DEFAULT NULL,
  `PATH` varchar(200) DEFAULT NULL,
  `TOTAL_LINES` int(11) DEFAULT NULL,
  `SIZE_BYTE` varchar(50) DEFAULT NULL,
  `CREATED` timestamp NOT NULL DEFAULT CURRENT_TIMESTAMP,
  `CREATED_BY` varchar(50) DEFAULT NULL,
  `STATUS` int(11) DEFAULT '0',
  `LAST_UPDATED` timestamp NULL DEFAULT NULL,
  `ORG_NAME` varchar(250) DEFAULT NULL,
  `YEAR` varchar(15) DEFAULT NULL,
  PRIMARY KEY (`FILE_ID`)
) ENGINE=InnoDB DEFAULT CHARSET=utf8;

--
-- Dumping data for table `pmr_file_details`
--


--
-- Table structure for table `pmr_file_details_del`
--

CREATE TABLE `pmr_file_details_del` (
  `FD_ID` int(11) NOT NULL AUTO_INCREMENT,
  `FILE_ID` int(11) NOT NULL,
  `FILE_NAME` varchar(100) DEFAULT NULL,
  `PATH` varchar(200) DEFAULT NULL,
  `TOTAL_LINES` int(11) DEFAULT NULL,
  `SIZE_BYTE` varchar(50) DEFAULT NULL,
  `CREATED` timestamp NULL DEFAULT NULL,
  `CREATED_BY` varchar(50) DEFAULT NULL,
  `STATUS` int(11) DEFAULT '0',
  `LAST_UPDATED` timestamp NULL DEFAULT NULL,
  `ORG_NAME` varchar(250) DEFAULT NULL,
  `YEAR` varchar(15) DEFAULT NULL,
  `QUARTER` varchar(40) DEFAULT NULL,
  `DELETE_DATE` timestamp NOT NULL DEFAULT '0000-00-00 00:00:00',
  `DELETE_BY` varchar(45) DEFAULT NULL,
  PRIMARY KEY (`FD_ID`)
) ENGINE=InnoDB DEFAULT CHARSET=utf8;

--
-- Dumping data for table `pmr_file_details_del`
--


--
-- Table structure for table `pmr_fixed_values`
--

CREATE TABLE `pmr_fixed_values` (
  `ID` int(11) NOT NULL AUTO_INCREMENT,
  `IID` int(11) DEFAULT NULL,
  `Value` double DEFAULT NULL,
  `Year` double DEFAULT NULL,
  PRIMARY KEY (`ID`)
) ENGINE=InnoDB AUTO_INCREMENT=17 DEFAULT CHARSET=utf8;

--
-- Dumping data for table `pmr_fixed_values`
--

INSERT INTO `pmr_fixed_values` VALUES (11,NULL,3.7,2016),(12,84,3.7,2016),(13,48,170508,2016),(14,NULL,12123123,1999),(15,NULL,123132,1999),(16,NULL,463,1999);

--
-- Table structure for table `pmr_organization`
--

CREATE TABLE `pmr_organization` (
  `oid` int(11) NOT NULL AUTO_INCREMENT,
  `ORGANIZATION_NAME` varchar(250) DEFAULT NULL,
  `ORGANIZATION_DESCRIPTION` varchar(1000) DEFAULT NULL,
  `OTID` int(11) DEFAULT NULL,
  `ORG_ABV` varchar(20) DEFAULT NULL,
  `ORGANIZATION_COUNTRY` varchar(150) DEFAULT NULL,
  `CREATED` datetime NOT NULL DEFAULT CURRENT_TIMESTAMP,
  `CREATED_BY` varchar(20) DEFAULT NULL,
  `ENDED` datetime(6) DEFAULT NULL,
  `ENDED_BY` varchar(20) DEFAULT NULL,
  `UPDATED` datetime(6) DEFAULT NULL,
  `UPDATED_BY` varchar(250) DEFAULT NULL,
  PRIMARY KEY (`oid`)
) ENGINE=InnoDB AUTO_INCREMENT=38 DEFAULT CHARSET=utf8;

--
-- Dumping data for table `pmr_organization`
--

INSERT INTO `pmr_organization` VALUES (1,'Advans Pakistan Microfinance Bank','DES',2,'ADVANS','Pakistan','2018-04-02 16:16:14','admin',NULL,NULL,'2018-04-17 19:31:56.000000','admin'),(2,'Akhuwat','DES',1,'AKHU','Pakistan','2018-04-05 12:15:16','admin',NULL,NULL,'2018-04-11 15:52:34.000000','admin'),(3,'Apna MicroFinance Bank Ltd','DES',2,'AMFB','Pakistan','2018-04-05 12:16:14','admin',NULL,NULL,NULL,NULL),(4,'Association for Gender Awareness and Human Empowerment','DES',4,'AGAHE','Pakistan','2018-04-12 19:18:27','admin',NULL,NULL,'2018-04-17 15:53:56.000000','admin'),(5,'Al-Mehran Rural Development Organization','DES',4,'AMRDO','Pakistan','2018-04-16 19:08:12','admin',NULL,NULL,'2018-04-17 16:47:13.000000','admin'),(6,'ASA Pakistan','DES',1,'ASA','Pakistan','2018-04-16 19:19:37','admin',NULL,NULL,NULL,NULL),(7,'BRAC Pakistan','DES',4,'BRAC','Pakistan','2018-04-16 19:22:24','admin',NULL,NULL,NULL,NULL),(8,'Community Support Concern','DES',1,'CSC','Pakistan','2018-04-16 19:23:17','admin',NULL,NULL,NULL,NULL),(9,'DAMEN Support Program','DES',1,'DSP','Pakistan','2018-04-16 19:24:04','admin',NULL,NULL,'2018-04-17 16:51:16.000000','admin'),(10,'Farmers Friend Organization','DES',1,'FFO','Pakistan','2018-04-16 19:24:45','admin',NULL,NULL,'2018-04-17 16:51:26.000000','admin'),(11,'FINCA MicroFinance Bank','des',2,'FINCA','Pakistan','2018-04-16 19:25:17','admin',NULL,NULL,NULL,NULL),(12,'The First MicroFinanceBank Ltd','des',2,'FMFB','Pakistan','2018-04-16 19:25:58','admin',NULL,NULL,NULL,NULL),(13,'Ghazi Barotha Taraqiati Idara','des',3,'GBTI','Pakistan','2018-04-16 19:26:46','admin',NULL,NULL,NULL,NULL),(14,'Jinnah Welfare Society','des',1,'JWS','Pakistan','2018-04-16 19:28:58','admin',NULL,NULL,NULL,NULL),(15,'Kashf Foundation','des',1,'KASHF','Pakistan','2018-04-16 19:29:39','admin',NULL,NULL,NULL,NULL),(16,'Khushahali Bank','des',2,'KBL','Pakistan','2018-04-16 19:30:38','admin',NULL,NULL,NULL,NULL),(17,'Mobilink Microfinance Bank','des',2,'MMFB','Pakistan','2018-04-16 19:31:21','admin',NULL,NULL,NULL,NULL),(18,'Micro Options','des',1,'MO','Pakistan','2018-04-16 19:31:51','admin',NULL,NULL,NULL,NULL),(19,'MOJAZ Foundation','des',1,'MOJAZ','Pakistan','2018-04-16 19:32:14','admin',NULL,NULL,NULL,NULL),(20,'National Rural Support Programme','des',3,'NRSP','Pakistan','2018-04-16 19:32:46','admin',NULL,NULL,NULL,NULL),(21,'National Rural Support Programme Bank Ltd','des',2,'NRSP-B','Pakistan','2018-04-17 11:28:46','admin',NULL,NULL,NULL,NULL),(22,'Orangi Charitable Trust','des',1,'OCT','Pakistan','2018-04-17 11:34:35','admin',NULL,NULL,NULL,NULL),(23,'Organization for Participatory Development','des',4,'OPD','Pakistan','2018-04-17 11:35:30','admin',NULL,NULL,NULL,NULL),(24,'ORIX Leasing Pakistan Ltd','des',4,'OLP','Pakistan','2018-04-17 11:36:24','admin',NULL,NULL,NULL,NULL),(25,'Organization for Social Development Inititatives','des',4,'OSDI','Pakistan','2018-04-17 11:37:17','admin',NULL,NULL,NULL,NULL),(26,'Pak-Oman Microfinance Bank Ltd','des',2,'POMFB','Pakistan','2018-04-17 11:47:42','admin',NULL,NULL,NULL,NULL),(27,'Punjab Rural Support Programme','des',3,'PRSP','Pakistan','2018-04-17 11:48:11','admin',NULL,NULL,NULL,NULL),(28,'Rural Community Development Society','des',4,'RCDS','Pakistan','2018-04-17 11:48:47','admin',NULL,NULL,NULL,NULL),(29,'Saath Development Society','des',4,'SDS','Pakistan','2018-04-17 11:49:48','admin',NULL,NULL,NULL,NULL),(30,'SAFCO Support Foundation','des',1,'SSF','Pakistan','2018-04-17 11:50:35','admin',NULL,NULL,NULL,NULL),(31,'Shadab Rural Development Organization','des',4,'SRDO','Pakistan','2018-04-17 11:50:59','admin',NULL,NULL,NULL,NULL),(32,'Sindh Rural Support Organization','des',3,'SRSO','Pakistan','2018-04-17 11:51:21','admin',NULL,NULL,NULL,NULL),(33,'Soon Valley Development Program','des',1,'SVDP','Pakistan','2018-04-17 11:52:15','admin',NULL,NULL,NULL,NULL),(34,'Thardeep Microfinance Foundation','des',3,'TMF','Pakistan','2018-04-17 11:53:01','admin',NULL,NULL,NULL,NULL),(35,'Telenor Microfinance Bank Ltd','des',2,'TMFB','Pakistan','2018-04-17 11:53:40','admin',NULL,NULL,NULL,NULL),(36,'U Microfinance Bank Ltd','des',2,'UBANK','Pakistan','2018-04-17 11:54:10','admin',NULL,NULL,NULL,NULL),(37,'Villagers Development Organization','des',4,'VDO','Pakistan','2018-04-17 11:54:36','admin',NULL,NULL,NULL,NULL);

--
-- Table structure for table `pmr_sub_categories_1`
--

CREATE TABLE `pmr_sub_categories_1` (
  `cid` int(11) NOT NULL,
  `CATEGORY_NAME` varchar(250) DEFAULT NULL,
  `CATEGORY_ID` int(11) NOT NULL,
  `CREATED` datetime(6) NOT NULL DEFAULT CURRENT_TIMESTAMP(6),
  `CREATED_BY` varchar(20) DEFAULT NULL,
  `ENDED` datetime(6) DEFAULT NULL,
  `ENDED_BY` varchar(20) DEFAULT NULL,
  `UPDATED` datetime(6) DEFAULT NULL,
  `UPDATED_BY` varchar(250) DEFAULT NULL,
  PRIMARY KEY (`cid`)
) ENGINE=InnoDB DEFAULT CHARSET=utf8;

--
-- Dumping data for table `pmr_sub_categories_1`
--

INSERT INTO `pmr_sub_categories_1` VALUES (1,'FSP Name',1,'2018-03-29 10:30:39.600514',NULL,NULL,NULL,NULL,NULL),(2,'Currency',1,'2018-03-29 10:30:39.600514',NULL,NULL,NULL,NULL,NULL),(3,'Fiscal Year',1,'2018-03-29 10:30:39.600514',NULL,NULL,NULL,NULL,NULL),(4,'Period Type',1,'2018-03-29 10:30:39.600514',NULL,NULL,NULL,NULL,NULL),(5,'As of Date',1,'2018-03-29 10:30:39.617600',NULL,NULL,NULL,NULL,NULL),(6,'Stakeholder(s)',1,'2018-03-29 10:30:39.617600',NULL,NULL,NULL,NULL,NULL),(7,'Units',1,'2018-03-29 10:30:39.617600',NULL,NULL,NULL,NULL,NULL),(8,'Number of personnel',1,'2018-03-29 10:30:39.617600',NULL,NULL,NULL,NULL,NULL),(9,'Number of managers',1,'2018-03-29 10:30:39.617600',NULL,NULL,NULL,NULL,NULL),(10,'Number of loan officers',1,'2018-03-29 10:30:39.617600',NULL,NULL,NULL,NULL,NULL),(11,'Number of board members',1,'2018-03-29 10:30:39.617600',NULL,NULL,NULL,NULL,NULL),(12,'Number of staff leaving the organization  during the period',1,'2018-03-29 10:30:39.617600',NULL,NULL,NULL,NULL,NULL),(13,'Number of offices / branches',1,'2018-03-29 10:30:39.634687',NULL,NULL,NULL,NULL,NULL),(14,'Number of other points of service',1,'2018-03-29 10:30:39.634687',NULL,NULL,NULL,NULL,NULL),(15,'Number of active borrowers',2,'2018-03-30 15:29:42.413770',NULL,NULL,NULL,NULL,NULL),(16,'Number of loans outstanding',2,'2018-03-30 15:29:42.413770',NULL,NULL,NULL,NULL,NULL),(17,'Gross loan portfolio',2,'2018-03-30 15:29:42.413770',NULL,NULL,NULL,NULL,NULL),(18,'Number of loans outstanding',3,'2018-03-30 15:29:42.413770',NULL,NULL,NULL,NULL,NULL),(19,'Gross loan portfolio',3,'2018-03-30 15:29:42.413770',NULL,NULL,NULL,NULL,NULL),(20,'Loan portoflio disbursed',3,'2018-03-30 15:29:42.435181',NULL,NULL,NULL,NULL,NULL),(21,'Number of loans disbursed',3,'2018-03-30 15:29:42.435181',NULL,NULL,NULL,NULL,NULL),(22,'Number of depositors',4,'2018-03-30 15:29:42.435181',NULL,NULL,NULL,NULL,NULL),(23,'Number of deposit accounts',4,'2018-03-30 15:29:42.435181',NULL,NULL,NULL,NULL,NULL),(24,'Deposits',4,'2018-03-30 15:29:42.435181',NULL,NULL,NULL,NULL,NULL),(25,'Gross loan portfolio',5,'2018-03-30 15:29:42.435181',NULL,NULL,NULL,NULL,NULL),(26,'Write-offs',5,'2018-03-30 15:29:42.435181',NULL,NULL,NULL,NULL,NULL),(27,'Enterprise services outreach',6,'2018-03-30 15:29:42.435181',NULL,NULL,NULL,NULL,NULL),(28,'Education services outreach',6,'2018-03-30 15:29:42.456592',NULL,NULL,NULL,NULL,NULL),(29,'Women\'s empowerment services outreach',6,'2018-03-30 15:29:42.456592',NULL,NULL,NULL,NULL,NULL),(30,'Number of enterprises financed',7,'2018-03-30 15:29:42.456592',NULL,NULL,NULL,NULL,NULL),(31,'Number of start-up enterprises financed',7,'2018-03-30 15:29:42.456592',NULL,NULL,NULL,NULL,NULL),(32,'Number of clients sampled for enterprise data',7,'2018-03-30 15:29:42.456592',NULL,NULL,NULL,NULL,NULL),(33,'Number of workers hired by financed enterprises (excluding owners and unpaid family members)',8,'2018-03-30 15:29:42.456592',NULL,NULL,NULL,NULL,NULL),(34,'Number of enterprises sampled for employment data',8,'2018-03-30 15:29:42.456592',NULL,NULL,NULL,NULL,NULL),(35,'Number of clients sampled for poverty measurement',9,'2018-03-30 15:29:42.478002',NULL,NULL,NULL,NULL,NULL),(36,'Poverty measurement tool used',9,'2018-03-30 15:29:42.478002',NULL,NULL,NULL,NULL,NULL),(37,'Poverty line considered',9,'2018-03-30 15:29:42.478002',NULL,NULL,NULL,NULL,NULL),(38,'Percent of clients below poverty line',9,'2018-04-04 14:57:48.207895',NULL,NULL,NULL,NULL,NULL),(39,'Assets',10,'2018-03-30 15:29:42.478002',NULL,NULL,NULL,NULL,NULL),(40,'Liabilities',10,'2018-03-30 15:29:42.478002',NULL,NULL,NULL,NULL,NULL),(41,'Equity',10,'2018-03-30 15:29:42.499413',NULL,NULL,NULL,NULL,NULL),(42,'Financial revenue from loans',11,'2018-03-30 15:29:42.499413',NULL,NULL,NULL,NULL,NULL),(43,'Net impairment loss, gross loan portfolio',11,'2018-03-30 15:29:42.499413',NULL,NULL,NULL,NULL,NULL),(44,'Financial expense on funding liabilities',11,'2018-03-30 15:29:42.499413',NULL,NULL,NULL,NULL,NULL),(45,'Operating expense',11,'2018-03-30 15:29:42.499413',NULL,NULL,NULL,NULL,NULL),(46,'Net non-operating income',11,'2018-03-30 15:29:42.499413',NULL,NULL,NULL,NULL,NULL),(47,'Donations',11,'2018-03-30 15:29:42.499413',NULL,NULL,NULL,NULL,NULL),(48,'Tax expense',11,'2018-03-30 15:29:42.520824',NULL,NULL,NULL,NULL,NULL),(49,'Profit (loss)',11,'2018-03-30 15:29:42.520824',NULL,NULL,NULL,NULL,NULL);

--
-- Table structure for table `pmr_sub_category_type`
--

CREATE TABLE `pmr_sub_category_type` (
  `cid` int(11) NOT NULL,
  `CATEGORY_TYPE_NAME` varchar(250) NOT NULL,
  `SUB_CATEGORY_1_ID` int(11) NOT NULL,
  `CREATED` datetime(6) NOT NULL DEFAULT CURRENT_TIMESTAMP(6),
  `CREATED_BY` varchar(20) DEFAULT NULL,
  `ENDED` datetime(6) DEFAULT NULL,
  `ENDED_BY` varchar(20) DEFAULT NULL,
  `UPDATED` datetime(6) DEFAULT NULL,
  `UPDATED_BY` varchar(250) DEFAULT NULL,
  PRIMARY KEY (`cid`)
) ENGINE=InnoDB DEFAULT CHARSET=utf8;

--
-- Dumping data for table `pmr_sub_category_type`
--

INSERT INTO `pmr_sub_category_type` VALUES (1,'Total',8,'2018-03-30 16:37:32.288709',NULL,NULL,NULL,NULL,NULL),(2,'Female',8,'2018-03-30 16:37:32.288709',NULL,NULL,NULL,NULL,NULL),(3,'Number of staff employed for one year or more',8,'2018-03-30 16:37:32.288709',NULL,NULL,NULL,NULL,NULL),(4,'Total',9,'2018-03-30 16:37:32.288709',NULL,NULL,NULL,NULL,NULL),(5,'Female',9,'2018-03-30 16:37:32.288709',NULL,NULL,NULL,NULL,NULL),(6,'Total',10,'2018-03-30 16:37:32.288709',NULL,NULL,NULL,NULL,NULL),(7,'Female',10,'2018-03-30 16:37:32.288709',NULL,NULL,NULL,NULL,NULL),(8,'Total',11,'2018-03-30 16:37:32.305896',NULL,NULL,NULL,NULL,NULL),(9,'Female',11,'2018-03-30 16:37:32.305896',NULL,NULL,NULL,NULL,NULL),(10,'Total',12,'2018-03-30 16:37:32.305896',NULL,NULL,NULL,NULL,NULL),(11,'Total',13,'2018-03-30 16:37:32.305896',NULL,NULL,NULL,NULL,NULL),(12,'Total',14,'2018-03-30 16:37:32.305896',NULL,NULL,NULL,NULL,NULL),(13,'Total',15,'2018-03-30 16:37:32.305896',NULL,NULL,NULL,NULL,NULL),(14,'External customers',15,'2018-03-30 16:37:32.305896',NULL,NULL,NULL,NULL,NULL),(15,'Management and staff',15,'2018-03-30 16:37:32.305896',NULL,NULL,NULL,NULL,NULL),(16,'Male',15,'2018-03-30 16:37:32.305896',NULL,NULL,NULL,NULL,NULL),(17,'Female',15,'2018-03-30 16:37:32.323084',NULL,NULL,NULL,NULL,NULL),(18,'Legal entity',15,'2018-03-30 16:37:32.323084',NULL,NULL,NULL,NULL,NULL),(19,'Urban',15,'2018-03-30 16:37:32.323084',NULL,NULL,NULL,NULL,NULL),(20,'Rural',15,'2018-03-30 16:37:32.323084',NULL,NULL,NULL,NULL,NULL),(21,'Number of new borrowers',15,'2018-03-30 16:37:32.323084',NULL,NULL,NULL,NULL,NULL),(22,'Total',16,'2018-03-30 16:37:32.323084',NULL,NULL,NULL,NULL,NULL),(23,'External customers',16,'2018-03-30 16:37:32.323084',NULL,NULL,NULL,NULL,NULL),(24,'Management and staff',16,'2018-03-30 16:37:32.323084',NULL,NULL,NULL,NULL,NULL),(25,'Male',16,'2018-03-30 16:37:32.323084',NULL,NULL,NULL,NULL,NULL),(26,'Female',16,'2018-03-30 16:37:32.323084',NULL,NULL,NULL,NULL,NULL),(27,'Legal entity',16,'2018-03-30 16:37:32.323084',NULL,NULL,NULL,NULL,NULL),(28,'Urban',16,'2018-03-30 16:37:32.323084',NULL,NULL,NULL,NULL,NULL),(29,'Rural',16,'2018-03-30 16:37:32.340271',NULL,NULL,NULL,NULL,NULL),(30,'Total',17,'2018-03-30 16:37:32.340271',NULL,NULL,NULL,NULL,NULL),(31,'External customers',17,'2018-03-30 16:37:32.340271',NULL,NULL,NULL,NULL,NULL),(32,'Management and staff',17,'2018-03-30 16:37:32.340271',NULL,NULL,NULL,NULL,NULL),(33,'Male',17,'2018-03-30 16:37:32.340271',NULL,NULL,NULL,NULL,NULL),(34,'Female',17,'2018-03-30 16:37:32.340271',NULL,NULL,NULL,NULL,NULL),(35,'Legal entity',17,'2018-03-30 16:37:32.340271',NULL,NULL,NULL,NULL,NULL),(36,'Urban',17,'2018-03-30 16:37:32.340271',NULL,NULL,NULL,NULL,NULL),(37,'Rural',17,'2018-03-30 16:37:32.340271',NULL,NULL,NULL,NULL,NULL),(39,'Microenterprise',18,'2018-03-30 16:37:32.340271',NULL,NULL,NULL,NULL,NULL),(40,'Small and medium enterprise',18,'2018-03-30 16:37:32.357459',NULL,NULL,NULL,NULL,NULL),(41,'Large corporations',18,'2018-03-30 16:37:32.357459',NULL,NULL,NULL,NULL,NULL),(42,'Consumption',18,'2018-03-30 16:37:32.357459',NULL,NULL,NULL,NULL,NULL),(43,'Mortgage/Housing',18,'2018-03-30 16:37:32.357459',NULL,NULL,NULL,NULL,NULL),(44,'Other household finance',18,'2018-03-30 16:37:32.357459',NULL,NULL,NULL,NULL,NULL),(45,'Individual',18,'2018-03-30 16:37:32.357459',NULL,NULL,NULL,NULL,NULL),(46,'Solidarity group',18,'2018-03-30 16:37:32.357459',NULL,NULL,NULL,NULL,NULL),(47,'Village banking SHG',18,'2018-03-30 16:37:32.357459',NULL,NULL,NULL,NULL,NULL),(49,'Microenterprise',19,'2018-03-30 16:37:32.374646',NULL,NULL,NULL,NULL,NULL),(50,'Small and medium enterprise',19,'2018-03-30 16:37:32.374646',NULL,NULL,NULL,NULL,NULL),(51,'Large corporations',19,'2018-03-30 16:37:32.374646',NULL,NULL,NULL,NULL,NULL),(52,'Consumption',19,'2018-03-30 16:37:32.374646',NULL,NULL,NULL,NULL,NULL),(53,'Mortgage/Housing',19,'2018-03-30 16:37:32.374646',NULL,NULL,NULL,NULL,NULL),(54,'Other household finance',19,'2018-03-30 16:37:32.374646',NULL,NULL,NULL,NULL,NULL),(55,'Individual',19,'2018-03-30 16:37:32.391834',NULL,NULL,NULL,NULL,NULL),(56,'Solidarity group',19,'2018-03-30 16:37:32.391834',NULL,NULL,NULL,NULL,NULL),(57,'Village banking SHG',19,'2018-03-30 16:37:32.391834',NULL,NULL,NULL,NULL,NULL),(58,'Total',20,'2018-03-30 16:37:32.391834',NULL,NULL,NULL,NULL,NULL),(59,'Total',21,'2018-03-30 16:37:32.391834',NULL,NULL,NULL,NULL,NULL),(60,'Total',22,'2018-03-30 16:37:32.391834',NULL,NULL,NULL,NULL,NULL),(61,'Deposits from corporations',22,'2018-03-30 16:37:32.409021',NULL,NULL,NULL,NULL,NULL),(62,'Deposits from financial institutions',22,'2018-03-30 16:37:32.409021',NULL,NULL,NULL,NULL,NULL),(63,'Deposits from governments',22,'2018-03-30 16:37:32.409021',NULL,NULL,NULL,NULL,NULL),(64,'Demand deposits',22,'2018-03-30 16:37:32.409021',NULL,NULL,NULL,NULL,NULL),(65,'Time deposits',22,'2018-03-30 16:37:32.409021',NULL,NULL,NULL,NULL,NULL),(66,'Compulsory deposits',22,'2018-03-30 16:37:32.409021',NULL,NULL,NULL,NULL,NULL),(67,'Total',23,'2018-03-30 16:37:32.409021',NULL,NULL,NULL,NULL,NULL),(68,'Deposits from corporations',23,'2018-03-30 16:37:32.426209',NULL,NULL,NULL,NULL,NULL),(69,'Deposits from financial institutions',23,'2018-03-30 16:37:32.426209',NULL,NULL,NULL,NULL,NULL),(70,'Deposits from governments',23,'2018-03-30 16:37:32.426209',NULL,NULL,NULL,NULL,NULL),(71,'Demand deposits',23,'2018-03-30 16:37:32.426209',NULL,NULL,NULL,NULL,NULL),(72,'Time deposits',23,'2018-03-30 16:37:32.426209',NULL,NULL,NULL,NULL,NULL),(73,'Compulsory deposits',23,'2018-03-30 16:37:32.426209',NULL,NULL,NULL,NULL,NULL),(74,'Total',24,'2018-03-30 16:37:32.443396',NULL,NULL,NULL,NULL,NULL),(75,'Deposits from corporations',24,'2018-03-30 16:37:32.443396',NULL,NULL,NULL,NULL,NULL),(76,'Deposits from financial institutions',24,'2018-03-30 16:37:32.443396',NULL,NULL,NULL,NULL,NULL),(77,'Deposits from governments',24,'2018-03-30 16:37:32.443396',NULL,NULL,NULL,NULL,NULL),(78,'Demand deposits',24,'2018-03-30 16:37:32.443396',NULL,NULL,NULL,NULL,NULL),(79,'Time deposits',24,'2018-03-30 16:37:32.443396',NULL,NULL,NULL,NULL,NULL),(80,'Compulsory deposits',24,'2018-03-30 16:37:32.443396',NULL,NULL,NULL,NULL,NULL),(82,'Current portfolio',25,'2018-03-30 16:37:32.460584',NULL,NULL,NULL,NULL,NULL),(83,'Renegotiated loans',25,'2018-03-30 16:37:32.460584',NULL,NULL,NULL,NULL,NULL),(84,'PAR 1-30 days',25,'2018-03-30 16:37:32.460584',NULL,NULL,NULL,NULL,NULL),(85,'PAR 31-90 days',25,'2018-03-30 16:37:32.460584',NULL,NULL,NULL,NULL,NULL),(86,'PAR 91-180 days',25,'2018-03-30 16:37:32.460584',NULL,NULL,NULL,NULL,NULL),(87,'PAR > 180 days',25,'2018-03-30 16:37:32.460584',NULL,NULL,NULL,NULL,NULL),(88,'Total',26,'2018-03-30 16:37:32.460584',NULL,NULL,NULL,NULL,NULL),(89,'Total',27,'2018-03-30 16:37:32.477771',NULL,NULL,NULL,NULL,NULL),(90,'Total',28,'2018-03-30 16:37:32.477771',NULL,NULL,NULL,NULL,NULL),(91,'Total',29,'2018-03-30 16:37:32.477771',NULL,NULL,NULL,NULL,NULL),(92,'Total',30,'2018-03-30 16:37:32.477771',NULL,NULL,NULL,NULL,NULL),(93,'Total',31,'2018-03-30 16:37:32.477771',NULL,NULL,NULL,NULL,NULL),(94,'Total',32,'2018-03-30 16:37:32.477771',NULL,NULL,NULL,NULL,NULL),(95,'Total',33,'2018-03-30 16:37:32.477771',NULL,NULL,NULL,NULL,NULL),(96,'Total',34,'2018-03-30 16:37:32.477771',NULL,NULL,NULL,NULL,NULL),(97,'Total',35,'2018-03-30 16:37:32.494959',NULL,NULL,NULL,NULL,NULL),(98,'Total',36,'2018-03-30 16:37:32.494959',NULL,NULL,NULL,NULL,NULL),(99,'Total',37,'2018-03-30 16:37:32.494959',NULL,NULL,NULL,NULL,NULL),(100,'Total',38,'2018-03-30 16:37:32.494959',NULL,NULL,NULL,NULL,NULL),(101,'Total assets',39,'2018-03-30 16:37:32.494959',NULL,NULL,NULL,NULL,NULL),(102,'Cash and cash equivalents',39,'2018-03-30 16:37:32.494959',NULL,NULL,NULL,NULL,NULL),(103,'Gross loan portfolio',39,'2018-03-30 16:37:32.494959',NULL,NULL,NULL,NULL,NULL),(104,'Impairment loss allowance',39,'2018-03-30 16:37:32.494959',NULL,NULL,NULL,NULL,NULL),(105,'Other assets',39,'2018-03-30 16:37:32.494959',NULL,NULL,NULL,NULL,NULL),(106,'Net fixed assets',39,'2018-03-30 16:37:32.512146',NULL,NULL,NULL,NULL,NULL),(107,'Total liabilities',40,'2018-03-30 16:37:32.512146',NULL,NULL,NULL,NULL,NULL),(108,'Deposits',40,'2018-03-30 16:37:32.512146',NULL,NULL,NULL,NULL,NULL),(109,'Borrowings',40,'2018-03-30 16:37:32.512146',NULL,NULL,NULL,NULL,NULL),(110,'Subordinated debt',40,'2018-03-30 16:37:32.512146',NULL,NULL,NULL,NULL,NULL),(111,'Other short-term financial liabilities',40,'2018-03-30 16:37:32.512146',NULL,NULL,NULL,NULL,NULL),(112,'Other liabilities',40,'2018-03-30 16:37:32.512146',NULL,NULL,NULL,NULL,NULL),(113,'Total equity',41,'2018-03-30 16:37:32.512146',NULL,NULL,NULL,NULL,NULL),(114,'Paid in capital',41,'2018-03-30 16:37:32.529334',NULL,NULL,NULL,NULL,NULL),(115,'Donated equity',41,'2018-03-30 16:37:32.529334',NULL,NULL,NULL,NULL,NULL),(116,'Retained earnings',41,'2018-03-30 16:37:32.529334',NULL,NULL,NULL,NULL,NULL),(117,'Other equity',41,'2018-03-30 16:37:32.529334',NULL,NULL,NULL,NULL,NULL),(118,'Total',42,'2018-03-30 16:37:32.529334',NULL,NULL,NULL,NULL,NULL),(119,'Interest income on loan portfolio',42,'2018-03-30 16:37:32.529334',NULL,NULL,NULL,NULL,NULL),(120,'Fee and commission income',42,'2018-03-30 16:37:32.529334',NULL,NULL,NULL,NULL,NULL),(121,'Income from penalty fees',42,'2018-03-30 16:37:32.529334',NULL,NULL,NULL,NULL,NULL),(122,'Other financial revenue',42,'2018-03-30 16:37:32.529334',NULL,NULL,NULL,NULL,NULL),(123,'Other income from operations',42,'2018-03-30 16:37:32.529334',NULL,NULL,NULL,NULL,NULL),(124,'Other income',42,'2018-03-30 16:37:32.529334',NULL,NULL,NULL,NULL,NULL),(125,'Total',43,'2018-03-30 16:37:32.546521',NULL,NULL,NULL,NULL,NULL),(126,'Impairment loss (reversal of impairment loss), gross loan portfolio',43,'2018-03-30 16:37:32.546521',NULL,NULL,NULL,NULL,NULL),(127,'Recoveries on loans written off',43,'2018-03-30 16:37:32.546521',NULL,NULL,NULL,NULL,NULL),(128,'Total',44,'2018-03-30 16:37:32.546521',NULL,NULL,NULL,NULL,NULL),(129,'Interest expense on borrowings',44,'2018-03-30 16:37:32.546521',NULL,NULL,NULL,NULL,NULL),(130,'Interest expense on deposits',44,'2018-03-30 16:37:32.546521',NULL,NULL,NULL,NULL,NULL),(131,'Other financial expense',44,'2018-03-30 16:37:32.546521',NULL,NULL,NULL,NULL,NULL),(132,'Total',45,'2018-03-30 16:37:32.546521',NULL,NULL,NULL,NULL,NULL),(133,'Personnel expense',45,'2018-03-30 16:37:32.546521',NULL,NULL,NULL,NULL,NULL),(134,'Depreciation and amortisation expense',45,'2018-03-30 16:37:32.563709',NULL,NULL,NULL,NULL,NULL),(135,'Administrative expense',45,'2018-03-30 16:37:32.563709',NULL,NULL,NULL,NULL,NULL),(136,'Total',46,'2018-03-30 16:37:32.563709',NULL,NULL,NULL,NULL,NULL),(137,'Non-operating revenue',46,'2018-03-30 16:37:32.563709',NULL,NULL,NULL,NULL,NULL),(138,'Non-operating expense',46,'2018-03-30 16:37:32.563709',NULL,NULL,NULL,NULL,NULL),(139,'Total',47,'2018-03-30 16:37:32.563709',NULL,NULL,NULL,NULL,NULL),(140,'Total',48,'2018-03-30 16:37:32.563709',NULL,NULL,NULL,NULL,NULL),(141,'Total',49,'2018-03-30 16:37:32.563709',NULL,NULL,NULL,NULL,NULL),(142,'PAR > 30 days',25,'2018-04-04 15:49:13.046092',NULL,NULL,NULL,NULL,NULL),(143,'PAR > 90 days',25,'2018-04-04 15:49:24.280467',NULL,NULL,NULL,NULL,NULL);

--
-- Table structure for table `potential`
--

CREATE TABLE `potential` (
  `P_ID` int(11) NOT NULL AUTO_INCREMENT,
  `REGION_ID` int(11) DEFAULT NULL,
  `POTENTIAL_RATE` double DEFAULT NULL,
  `YEAR` varchar(20) DEFAULT NULL,
  `CREATED` timestamp NULL DEFAULT CURRENT_TIMESTAMP,
  `CREATED_BY` varchar(25) DEFAULT NULL,
  PRIMARY KEY (`P_ID`)
) ENGINE=InnoDB AUTO_INCREMENT=1497 DEFAULT CHARSET=latin1;

--
-- Dumping data for table `potential`
--

INSERT INTO `potential` VALUES (1,146,20500000,'2017','2018-01-05 10:36:24','ADMIN'),(2,147,500000,'2017','2018-01-05 10:36:24','ADMIN'),(3,148,0,'2017','2018-01-05 10:36:24','ADMIN'),(4,149,0,'2017','2018-01-05 10:36:25','ADMIN'),(5,150,0,'2017','2018-01-05 10:36:25','ADMIN'),(6,151,0,'2017','2018-01-05 10:36:25','ADMIN'),(7,152,0,'2017','2018-01-05 10:36:25','ADMIN'),(8,153,0,'2017','2018-01-05 10:36:25','ADMIN'),(9,154,0,'2017','2018-01-05 10:36:25','ADMIN'),(10,155,0,'2017','2018-01-05 10:36:25','ADMIN'),(11,156,0,'2017','2018-01-05 10:36:25','ADMIN'),(12,157,0,'2017','2018-01-05 10:36:25','ADMIN'),(13,158,0,'2017','2018-01-05 10:36:25','ADMIN'),(14,159,0,'2017','2018-01-05 10:36:25','ADMIN'),(15,160,0,'2017','2018-01-05 10:36:25','ADMIN'),(16,161,0,'2017','2018-01-05 10:36:25','ADMIN'),(17,162,0,'2017','2018-01-05 10:36:25','ADMIN'),(18,163,0,'2017','2018-01-05 10:36:25','ADMIN'),(19,164,0,'2017','2018-01-05 10:36:25','ADMIN'),(20,165,0,'2017','2018-01-05 10:36:25','ADMIN'),(21,166,0,'2017','2018-01-05 10:36:25','ADMIN'),(22,167,0,'2017','2018-01-05 10:36:25','ADMIN'),(23,168,0,'2017','2018-01-05 10:36:25','ADMIN'),(24,169,0,'2017','2018-01-05 10:36:25','ADMIN'),(25,170,0,'2017','2018-01-05 10:36:25','ADMIN'),(26,171,0,'2017','2018-01-05 10:36:26','ADMIN'),(27,172,0,'2017','2018-01-05 10:36:26','ADMIN'),(28,173,0,'2017','2018-01-05 10:36:26','ADMIN'),(29,174,0,'2017','2018-01-05 10:36:26','ADMIN'),(30,175,0,'2017','2018-01-05 10:36:26','ADMIN'),(31,176,0,'2017','2018-01-05 10:36:26','ADMIN'),(32,177,5000000,'2017','2018-01-05 10:36:26','ADMIN'),(33,178,0,'2017','2018-01-05 10:36:26','ADMIN'),(34,179,0,'2017','2018-01-05 10:36:26','ADMIN'),(35,180,0,'2017','2018-01-05 10:36:26','ADMIN'),(36,181,0,'2017','2018-01-05 10:36:26','ADMIN'),(37,182,0,'2017','2018-01-05 10:36:26','ADMIN'),(38,183,0,'2017','2018-01-05 10:36:26','ADMIN'),(39,184,0,'2017','2018-01-05 10:36:26','ADMIN'),(40,185,0,'2017','2018-01-05 10:36:26','ADMIN'),(41,186,0,'2017','2018-01-05 10:36:26','ADMIN'),(42,187,0,'2017','2018-01-05 10:36:26','ADMIN'),(43,188,0,'2017','2018-01-05 10:36:26','ADMIN'),(44,189,0,'2017','2018-01-05 10:36:26','ADMIN'),(45,190,0,'2017','2018-01-05 10:36:26','ADMIN'),(46,191,0,'2017','2018-01-05 10:36:26','ADMIN'),(47,192,0,'2017','2018-01-05 10:36:26','ADMIN'),(48,193,0,'2017','2018-01-05 10:36:27','ADMIN'),(49,194,0,'2017','2018-01-05 10:36:27','ADMIN'),(50,195,0,'2017','2018-01-05 10:36:27','ADMIN'),(51,196,0,'2017','2018-01-05 10:36:27','ADMIN'),(52,197,0,'2017','2018-01-05 10:36:27','ADMIN'),(53,198,0,'2017','2018-01-05 10:36:27','ADMIN'),(54,199,0,'2017','2018-01-05 10:36:27','ADMIN'),(55,200,0,'2017','2018-01-05 10:36:27','ADMIN'),(56,201,0,'2017','2018-01-05 10:36:27','ADMIN'),(57,202,0,'2017','2018-01-05 10:36:27','ADMIN'),(58,203,12600000,'2017','2018-01-05 10:36:27','ADMIN'),(59,204,0,'2017','2018-01-05 10:36:27','ADMIN'),(60,205,0,'2017','2018-01-05 10:36:27','ADMIN'),(61,206,0,'2017','2018-01-05 10:36:27','ADMIN'),(62,207,0,'2017','2018-01-05 10:36:27','ADMIN'),(63,208,0,'2017','2018-01-05 10:36:27','ADMIN'),(64,209,0,'2017','2018-01-05 10:36:27','ADMIN'),(65,210,0,'2017','2018-01-05 10:36:27','ADMIN'),(66,211,0,'2017','2018-01-05 10:36:27','ADMIN'),(67,212,0,'2017','2018-01-05 10:36:27','ADMIN'),(68,213,0,'2017','2018-01-05 10:36:27','ADMIN'),(69,214,0,'2017','2018-01-05 10:36:27','ADMIN'),(70,215,0,'2017','2018-01-05 10:36:27','ADMIN'),(71,216,0,'2017','2018-01-05 10:36:27','ADMIN'),(72,217,0,'2017','2018-01-05 10:36:27','ADMIN'),(73,218,0,'2017','2018-01-05 10:36:28','ADMIN'),(74,219,0,'2017','2018-01-05 10:36:28','ADMIN'),(75,220,0,'2017','2018-01-05 10:36:28','ADMIN'),(76,221,0,'2017','2018-01-05 10:36:28','ADMIN'),(77,222,0,'2017','2018-01-05 10:36:28','ADMIN'),(78,223,0,'2017','2018-01-05 10:36:28','ADMIN'),(79,224,0,'2017','2018-01-05 10:36:28','ADMIN'),(80,225,0,'2017','2018-01-05 10:36:28','ADMIN'),(81,226,0,'2017','2018-01-05 10:36:28','ADMIN'),(82,227,0,'2017','2018-01-05 10:36:28','ADMIN'),(83,228,0,'2017','2018-01-05 10:36:28','ADMIN'),(84,229,0,'2017','2018-01-05 10:36:28','ADMIN'),(85,230,0,'2017','2018-01-05 10:36:28','ADMIN'),(86,231,0,'2017','2018-01-05 10:36:28','ADMIN'),(87,232,0,'2017','2018-01-05 10:36:28','ADMIN'),(88,233,0,'2017','2018-01-05 10:36:28','ADMIN'),(89,234,0,'2017','2018-01-05 10:36:28','ADMIN'),(90,235,0,'2017','2018-01-05 10:36:28','ADMIN'),(91,236,0,'2017','2018-01-05 10:36:28','ADMIN'),(92,237,0,'2017','2018-01-05 10:36:28','ADMIN'),(93,238,0,'2017','2018-01-05 10:36:28','ADMIN'),(94,239,0,'2017','2018-01-05 10:36:28','ADMIN'),(95,240,2400000,'2017','2018-01-05 10:36:29','ADMIN'),(96,241,0,'2017','2018-01-05 10:36:29','ADMIN'),(97,242,0,'2017','2018-01-05 10:36:29','ADMIN'),(98,243,0,'2017','2018-01-05 10:36:29','ADMIN'),(99,244,0,'2017','2018-01-05 10:36:29','ADMIN'),(100,245,0,'2017','2018-01-05 10:36:29','ADMIN'),(101,246,0,'2017','2018-01-05 10:36:29','ADMIN'),(102,247,0,'2017','2018-01-05 10:36:29','ADMIN'),(103,248,0,'2017','2018-01-05 10:36:29','ADMIN'),(104,249,0,'2017','2018-01-05 10:36:29','ADMIN'),(105,250,0,'2017','2018-01-05 10:36:29','ADMIN'),(106,251,0,'2017','2018-01-05 10:36:29','ADMIN'),(107,252,0,'2017','2018-01-05 10:36:29','ADMIN'),(108,253,0,'2017','2018-01-05 10:36:29','ADMIN'),(109,254,0,'2017','2018-01-05 10:36:29','ADMIN'),(110,255,0,'2017','2018-01-05 10:36:29','ADMIN'),(111,256,0,'2017','2018-01-05 10:36:29','ADMIN'),(112,257,0,'2017','2018-01-05 10:36:29','ADMIN'),(113,258,0,'2017','2018-01-05 10:36:29','ADMIN'),(114,259,0,'2017','2018-01-05 10:36:29','ADMIN'),(115,260,0,'2017','2018-01-05 10:36:29','ADMIN'),(116,261,0,'2017','2018-01-05 10:36:30','ADMIN'),(117,262,0,'2017','2018-01-05 10:36:30','ADMIN'),(118,263,0,'2017','2018-01-05 10:36:30','ADMIN'),(119,264,0,'2017','2018-01-05 10:36:30','ADMIN'),(120,265,0,'2017','2018-01-05 10:36:30','ADMIN'),(121,266,0,'2017','2018-01-05 10:36:30','ADMIN'),(122,267,0,'2017','2018-01-05 10:36:30','ADMIN'),(123,268,0,'2017','2018-01-05 10:36:30','ADMIN'),(124,269,0,'2017','2018-01-05 10:36:30','ADMIN'),(125,270,0,'2017','2018-01-05 10:36:30','ADMIN'),(126,271,0,'2017','2018-01-05 10:36:30','ADMIN'),(127,272,0,'2017','2018-01-05 10:36:30','ADMIN'),(128,273,0,'2017','2018-01-05 10:36:30','ADMIN'),(129,274,0,'2017','2018-01-05 10:36:30','ADMIN'),(130,275,0,'2017','2018-01-05 10:36:30','ADMIN'),(131,276,0,'2017','2018-01-05 10:36:30','ADMIN'),(132,277,0,'2017','2018-01-05 10:36:30','ADMIN'),(133,278,0,'2017','2018-01-05 10:36:30','ADMIN'),(134,279,0,'2017','2018-01-05 10:36:30','ADMIN'),(135,280,0,'2017','2018-01-05 10:36:30','ADMIN'),(136,281,0,'2017','2018-01-05 10:36:30','ADMIN'),(137,282,0,'2017','2018-01-05 10:36:30','ADMIN'),(138,283,0,'2017','2018-01-05 10:36:30','ADMIN'),(139,284,0,'2017','2018-01-05 10:36:30','ADMIN'),(140,285,0,'2017','2018-01-05 10:36:30','ADMIN'),(141,286,0,'2017','2018-01-05 10:36:31','ADMIN'),(142,287,0,'2017','2018-01-05 10:36:31','ADMIN'),(143,288,0,'2017','2018-01-05 10:36:31','ADMIN'),(144,289,0,'2017','2018-01-05 10:36:31','ADMIN'),(145,290,0,'2017','2018-01-05 10:36:31','ADMIN'),(146,291,0,'2017','2018-01-05 10:36:31','ADMIN'),(147,146,20500000,'2018','2018-06-21 11:14:31','ADMIN'),(148,147,500000,'2018','2018-06-21 11:14:31','ADMIN'),(149,148,0,'2018','2018-06-21 11:14:31','ADMIN'),(150,149,0,'2018','2018-06-21 11:14:31','ADMIN'),(151,150,0,'2018','2018-06-21 11:14:31','ADMIN'),(152,151,0,'2018','2018-06-21 11:14:31','ADMIN'),(153,152,0,'2018','2018-06-21 11:14:31','ADMIN'),(154,153,0,'2018','2018-06-21 11:14:31','ADMIN'),(155,154,0,'2018','2018-06-21 11:14:31','ADMIN'),(156,155,0,'2018','2018-06-21 11:14:31','ADMIN'),(157,156,0,'2018','2018-06-21 11:14:31','ADMIN'),(158,157,0,'2018','2018-06-21 11:14:31','ADMIN'),(159,158,0,'2018','2018-06-21 11:14:31','ADMIN'),(160,159,0,'2018','2018-06-21 11:14:31','ADMIN'),(161,160,0,'2018','2018-06-21 11:14:31','ADMIN'),(162,161,0,'2018','2018-06-21 11:14:31','ADMIN'),(163,162,0,'2018','2018-06-21 11:14:31','ADMIN'),(164,163,0,'2018','2018-06-21 11:14:31','ADMIN'),(165,164,0,'2018','2018-06-21 11:14:31','ADMIN'),(166,165,0,'2018','2018-06-21 11:14:31','ADMIN'),(167,166,0,'2018','2018-06-21 11:14:31','ADMIN'),(168,167,0,'2018','2018-06-21 11:14:31','ADMIN'),(169,168,0,'2018','2018-06-21 11:14:31','ADMIN'),(170,169,0,'2018','2018-06-21 11:14:31','ADMIN'),(171,170,0,'2018','2018-06-21 11:14:31','ADMIN'),(172,171,0,'2018','2018-06-21 11:14:31','ADMIN'),(173,172,0,'2018','2018-06-21 11:14:31','ADMIN'),(174,173,0,'2018','2018-06-21 11:14:31','ADMIN'),(175,174,0,'2018','2018-06-21 11:14:31','ADMIN'),(176,175,0,'2018','2018-06-21 11:14:31','ADMIN'),(177,176,0,'2018','2018-06-21 11:14:31','ADMIN'),(178,177,5000000,'2018','2018-06-21 11:14:31','ADMIN'),(179,178,0,'2018','2018-06-21 11:14:31','ADMIN'),(180,179,0,'2018','2018-06-21 11:14:31','ADMIN'),(181,180,0,'2018','2018-06-21 11:14:31','ADMIN'),(182,181,0,'2018','2018-06-21 11:14:31','ADMIN'),(183,182,0,'2018','2018-06-21 11:14:31','ADMIN'),(184,183,0,'2018','2018-06-21 11:14:31','ADMIN'),(185,184,0,'2018','2018-06-21 11:14:31','ADMIN'),(186,185,0,'2018','2018-06-21 11:14:31','ADMIN'),(187,186,0,'2018','2018-06-21 11:14:31','ADMIN'),(188,187,0,'2018','2018-06-21 11:14:31','ADMIN'),(189,188,0,'2018','2018-06-21 11:14:31','ADMIN'),(190,189,0,'2018','2018-06-21 11:14:31','ADMIN'),(191,190,0,'2018','2018-06-21 11:14:31','ADMIN'),(192,191,0,'2018','2018-06-21 11:14:31','ADMIN'),(193,192,0,'2018','2018-06-21 11:14:31','ADMIN'),(194,193,0,'2018','2018-06-21 11:14:31','ADMIN'),(195,194,0,'2018','2018-06-21 11:14:31','ADMIN'),(196,195,0,'2018','2018-06-21 11:14:31','ADMIN'),(197,196,0,'2018','2018-06-21 11:14:31','ADMIN'),(198,197,0,'2018','2018-06-21 11:14:31','ADMIN'),(199,198,0,'2018','2018-06-21 11:14:31','ADMIN'),(200,199,0,'2018','2018-06-21 11:14:31','ADMIN'),(201,200,0,'2018','2018-06-21 11:14:31','ADMIN'),(202,201,0,'2018','2018-06-21 11:14:31','ADMIN'),(203,202,0,'2018','2018-06-21 11:14:31','ADMIN'),(204,203,12600000,'2018','2018-06-21 11:14:31','ADMIN'),(205,204,0,'2018','2018-06-21 11:14:31','ADMIN'),(206,205,0,'2018','2018-06-21 11:14:31','ADMIN'),(207,206,0,'2018','2018-06-21 11:14:31','ADMIN'),(208,207,0,'2018','2018-06-21 11:14:31','ADMIN'),(209,208,0,'2018','2018-06-21 11:14:31','ADMIN'),(210,209,0,'2018','2018-06-21 11:14:31','ADMIN'),(211,210,0,'2018','2018-06-21 11:14:31','ADMIN'),(212,211,0,'2018','2018-06-21 11:14:31','ADMIN'),(213,212,0,'2018','2018-06-21 11:14:31','ADMIN'),(214,213,0,'2018','2018-06-21 11:14:31','ADMIN'),(215,214,0,'2018','2018-06-21 11:14:31','ADMIN'),(216,215,0,'2018','2018-06-21 11:14:31','ADMIN'),(217,216,0,'2018','2018-06-21 11:14:31','ADMIN'),(218,217,0,'2018','2018-06-21 11:14:31','ADMIN'),(219,218,0,'2018','2018-06-21 11:14:31','ADMIN'),(220,219,0,'2018','2018-06-21 11:14:31','ADMIN'),(221,220,0,'2018','2018-06-21 11:14:31','ADMIN'),(222,221,0,'2018','2018-06-21 11:14:31','ADMIN'),(223,222,0,'2018','2018-06-21 11:14:31','ADMIN'),(224,223,0,'2018','2018-06-21 11:14:31','ADMIN'),(225,224,0,'2018','2018-06-21 11:14:31','ADMIN'),(226,225,0,'2018','2018-06-21 11:14:31','ADMIN'),(227,226,0,'2018','2018-06-21 11:14:31','ADMIN'),(228,227,0,'2018','2018-06-21 11:14:31','ADMIN'),(229,228,0,'2018','2018-06-21 11:14:31','ADMIN'),(230,229,0,'2018','2018-06-21 11:14:31','ADMIN'),(231,230,0,'2018','2018-06-21 11:14:31','ADMIN'),(232,231,0,'2018','2018-06-21 11:14:31','ADMIN'),(233,232,0,'2018','2018-06-21 11:14:31','ADMIN'),(234,233,0,'2018','2018-06-21 11:14:31','ADMIN'),(235,234,0,'2018','2018-06-21 11:14:31','ADMIN'),(236,235,0,'2018','2018-06-21 11:14:31','ADMIN'),(237,236,0,'2018','2018-06-21 11:14:31','ADMIN'),(238,237,0,'2018','2018-06-21 11:14:31','ADMIN'),(239,238,0,'2018','2018-06-21 11:14:31','ADMIN'),(240,239,0,'2018','2018-06-21 11:14:31','ADMIN'),(241,240,2400000,'2018','2018-06-21 11:14:31','ADMIN'),(242,241,0,'2018','2018-06-21 11:14:31','ADMIN'),(243,242,0,'2018','2018-06-21 11:14:31','ADMIN'),(244,243,0,'2018','2018-06-21 11:14:31','ADMIN'),(245,244,0,'2018','2018-06-21 11:14:31','ADMIN'),(246,245,0,'2018','2018-06-21 11:14:31','ADMIN'),(247,246,0,'2018','2018-06-21 11:14:31','ADMIN'),(248,247,0,'2018','2018-06-21 11:14:31','ADMIN'),(249,248,0,'2018','2018-06-21 11:14:31','ADMIN'),(250,249,0,'2018','2018-06-21 11:14:31','ADMIN'),(251,250,0,'2018','2018-06-21 11:14:31','ADMIN'),(252,251,0,'2018','2018-06-21 11:14:31','ADMIN'),(253,252,0,'2018','2018-06-21 11:14:31','ADMIN'),(254,253,0,'2018','2018-06-21 11:14:31','ADMIN'),(255,254,0,'2018','2018-06-21 11:14:31','ADMIN'),(256,255,0,'2018','2018-06-21 11:14:31','ADMIN'),(257,256,0,'2018','2018-06-21 11:14:31','ADMIN'),(258,257,0,'2018','2018-06-21 11:14:31','ADMIN'),(259,258,0,'2018','2018-06-21 11:14:31','ADMIN'),(260,259,0,'2018','2018-06-21 11:14:31','ADMIN'),(261,260,0,'2018','2018-06-21 11:14:31','ADMIN'),(262,261,0,'2018','2018-06-21 11:14:31','ADMIN'),(263,262,0,'2018','2018-06-21 11:14:31','ADMIN'),(264,263,0,'2018','2018-06-21 11:14:31','ADMIN'),(265,264,0,'2018','2018-06-21 11:14:31','ADMIN'),(266,265,0,'2018','2018-06-21 11:14:31','ADMIN'),(267,266,0,'2018','2018-06-21 11:14:31','ADMIN'),(268,267,0,'2018','2018-06-21 11:14:31','ADMIN'),(269,268,0,'2018','2018-06-21 11:14:31','ADMIN'),(270,269,0,'2018','2018-06-21 11:14:31','ADMIN'),(271,270,0,'2018','2018-06-21 11:14:31','ADMIN'),(272,271,0,'2018','2018-06-21 11:14:31','ADMIN'),(273,272,0,'2018','2018-06-21 11:14:31','ADMIN'),(274,273,0,'2018','2018-06-21 11:14:31','ADMIN'),(275,274,0,'2018','2018-06-21 11:14:31','ADMIN'),(276,275,0,'2018','2018-06-21 11:14:31','ADMIN'),(277,276,0,'2018','2018-06-21 11:14:31','ADMIN'),(278,277,0,'2018','2018-06-21 11:14:31','ADMIN'),(279,278,0,'2018','2018-06-21 11:14:31','ADMIN'),(280,279,0,'2018','2018-06-21 11:14:31','ADMIN'),(281,280,0,'2018','2018-06-21 11:14:31','ADMIN'),(282,281,0,'2018','2018-06-21 11:14:31','ADMIN'),(283,282,0,'2018','2018-06-21 11:14:31','ADMIN'),(284,283,0,'2018','2018-06-21 11:14:31','ADMIN'),(285,284,0,'2018','2018-06-21 11:14:31','ADMIN'),(286,285,0,'2018','2018-06-21 11:14:31','ADMIN'),(287,286,0,'2018','2018-06-21 11:14:31','ADMIN'),(288,287,0,'2018','2018-06-21 11:14:31','ADMIN'),(289,288,0,'2018','2018-06-21 11:14:31','ADMIN'),(290,289,0,'2018','2018-06-21 11:14:31','ADMIN'),(291,290,0,'2018','2018-06-21 11:14:31','ADMIN'),(292,291,0,'2018','2018-06-21 11:14:31','ADMIN'),(402,146,20500000,'2019','2018-06-21 11:15:16','ADMIN'),(403,147,500000,'2019','2018-06-21 11:15:16','ADMIN'),(404,148,0,'2019','2018-06-21 11:15:16','ADMIN'),(405,149,0,'2019','2018-06-21 11:15:16','ADMIN'),(406,150,0,'2019','2018-06-21 11:15:16','ADMIN'),(407,151,0,'2019','2018-06-21 11:15:16','ADMIN'),(408,152,0,'2019','2018-06-21 11:15:16','ADMIN'),(409,153,0,'2019','2018-06-21 11:15:16','ADMIN'),(410,154,0,'2019','2018-06-21 11:15:16','ADMIN'),(411,155,0,'2019','2018-06-21 11:15:16','ADMIN'),(412,156,0,'2019','2018-06-21 11:15:16','ADMIN'),(413,157,0,'2019','2018-06-21 11:15:16','ADMIN'),(414,158,0,'2019','2018-06-21 11:15:16','ADMIN'),(415,159,0,'2019','2018-06-21 11:15:16','ADMIN'),(416,160,0,'2019','2018-06-21 11:15:16','ADMIN'),(417,161,0,'2019','2018-06-21 11:15:16','ADMIN'),(418,162,0,'2019','2018-06-21 11:15:16','ADMIN'),(419,163,0,'2019','2018-06-21 11:15:16','ADMIN'),(420,164,0,'2019','2018-06-21 11:15:16','ADMIN'),(421,165,0,'2019','2018-06-21 11:15:16','ADMIN'),(422,166,0,'2019','2018-06-21 11:15:16','ADMIN'),(423,167,0,'2019','2018-06-21 11:15:16','ADMIN'),(424,168,0,'2019','2018-06-21 11:15:16','ADMIN'),(425,169,0,'2019','2018-06-21 11:15:16','ADMIN'),(426,170,0,'2019','2018-06-21 11:15:16','ADMIN'),(427,171,0,'2019','2018-06-21 11:15:16','ADMIN'),(428,172,0,'2019','2018-06-21 11:15:16','ADMIN'),(429,173,0,'2019','2018-06-21 11:15:16','ADMIN'),(430,174,0,'2019','2018-06-21 11:15:16','ADMIN'),(431,175,0,'2019','2018-06-21 11:15:16','ADMIN'),(432,176,0,'2019','2018-06-21 11:15:16','ADMIN'),(433,177,5000000,'2019','2018-06-21 11:15:16','ADMIN'),(434,178,0,'2019','2018-06-21 11:15:16','ADMIN'),(435,179,0,'2019','2018-06-21 11:15:16','ADMIN'),(436,180,0,'2019','2018-06-21 11:15:16','ADMIN'),(437,181,0,'2019','2018-06-21 11:15:16','ADMIN'),(438,182,0,'2019','2018-06-21 11:15:16','ADMIN'),(439,183,0,'2019','2018-06-21 11:15:16','ADMIN'),(440,184,0,'2019','2018-06-21 11:15:16','ADMIN'),(441,185,0,'2019','2018-06-21 11:15:16','ADMIN'),(442,186,0,'2019','2018-06-21 11:15:16','ADMIN'),(443,187,0,'2019','2018-06-21 11:15:16','ADMIN'),(444,188,0,'2019','2018-06-21 11:15:16','ADMIN'),(445,189,0,'2019','2018-06-21 11:15:16','ADMIN'),(446,190,0,'2019','2018-06-21 11:15:16','ADMIN'),(447,191,0,'2019','2018-06-21 11:15:16','ADMIN'),(448,192,0,'2019','2018-06-21 11:15:16','ADMIN'),(449,193,0,'2019','2018-06-21 11:15:16','ADMIN'),(450,194,0,'2019','2018-06-21 11:15:16','ADMIN'),(451,195,0,'2019','2018-06-21 11:15:16','ADMIN'),(452,196,0,'2019','2018-06-21 11:15:16','ADMIN'),(453,197,0,'2019','2018-06-21 11:15:16','ADMIN'),(454,198,0,'2019','2018-06-21 11:15:16','ADMIN'),(455,199,0,'2019','2018-06-21 11:15:16','ADMIN'),(456,200,0,'2019','2018-06-21 11:15:16','ADMIN'),(457,201,0,'2019','2018-06-21 11:15:16','ADMIN'),(458,202,0,'2019','2018-06-21 11:15:16','ADMIN'),(459,203,12600000,'2019','2018-06-21 11:15:16','ADMIN'),(460,204,0,'2019','2018-06-21 11:15:16','ADMIN'),(461,205,0,'2019','2018-06-21 11:15:16','ADMIN'),(462,206,0,'2019','2018-06-21 11:15:16','ADMIN'),(463,207,0,'2019','2018-06-21 11:15:16','ADMIN'),(464,208,0,'2019','2018-06-21 11:15:16','ADMIN'),(465,209,0,'2019','2018-06-21 11:15:16','ADMIN'),(466,210,0,'2019','2018-06-21 11:15:16','ADMIN'),(467,211,0,'2019','2018-06-21 11:15:16','ADMIN'),(468,212,0,'2019','2018-06-21 11:15:16','ADMIN'),(469,213,0,'2019','2018-06-21 11:15:16','ADMIN'),(470,214,0,'2019','2018-06-21 11:15:16','ADMIN'),(471,215,0,'2019','2018-06-21 11:15:16','ADMIN'),(472,216,0,'2019','2018-06-21 11:15:16','ADMIN'),(473,217,0,'2019','2018-06-21 11:15:16','ADMIN'),(474,218,0,'2019','2018-06-21 11:15:16','ADMIN'),(475,219,0,'2019','2018-06-21 11:15:16','ADMIN'),(476,220,0,'2019','2018-06-21 11:15:16','ADMIN'),(477,221,0,'2019','2018-06-21 11:15:16','ADMIN'),(478,222,0,'2019','2018-06-21 11:15:16','ADMIN'),(479,223,0,'2019','2018-06-21 11:15:16','ADMIN'),(480,224,0,'2019','2018-06-21 11:15:16','ADMIN'),(481,225,0,'2019','2018-06-21 11:15:16','ADMIN'),(482,226,0,'2019','2018-06-21 11:15:16','ADMIN'),(483,227,0,'2019','2018-06-21 11:15:16','ADMIN'),(484,228,0,'2019','2018-06-21 11:15:16','ADMIN'),(485,229,0,'2019','2018-06-21 11:15:16','ADMIN'),(486,230,0,'2019','2018-06-21 11:15:16','ADMIN'),(487,231,0,'2019','2018-06-21 11:15:16','ADMIN'),(488,232,0,'2019','2018-06-21 11:15:16','ADMIN'),(489,233,0,'2019','2018-06-21 11:15:16','ADMIN'),(490,234,0,'2019','2018-06-21 11:15:16','ADMIN'),(491,235,0,'2019','2018-06-21 11:15:16','ADMIN'),(492,236,0,'2019','2018-06-21 11:15:16','ADMIN'),(493,237,0,'2019','2018-06-21 11:15:16','ADMIN'),(494,238,0,'2019','2018-06-21 11:15:16','ADMIN'),(495,239,0,'2019','2018-06-21 11:15:16','ADMIN'),(496,240,2400000,'2019','2018-06-21 11:15:16','ADMIN'),(497,241,0,'2019','2018-06-21 11:15:16','ADMIN'),(498,242,0,'2019','2018-06-21 11:15:16','ADMIN'),(499,243,0,'2019','2018-06-21 11:15:16','ADMIN'),(500,244,0,'2019','2018-06-21 11:15:16','ADMIN'),(501,245,0,'2019','2018-06-21 11:15:16','ADMIN'),(502,246,0,'2019','2018-06-21 11:15:16','ADMIN'),(503,247,0,'2019','2018-06-21 11:15:16','ADMIN'),(504,248,0,'2019','2018-06-21 11:15:16','ADMIN'),(505,249,0,'2019','2018-06-21 11:15:16','ADMIN'),(506,250,0,'2019','2018-06-21 11:15:16','ADMIN'),(507,251,0,'2019','2018-06-21 11:15:16','ADMIN'),(508,252,0,'2019','2018-06-21 11:15:16','ADMIN'),(509,253,0,'2019','2018-06-21 11:15:16','ADMIN'),(510,254,0,'2019','2018-06-21 11:15:16','ADMIN'),(511,255,0,'2019','2018-06-21 11:15:16','ADMIN'),(512,256,0,'2019','2018-06-21 11:15:16','ADMIN'),(513,257,0,'2019','2018-06-21 11:15:16','ADMIN'),(514,258,0,'2019','2018-06-21 11:15:16','ADMIN'),(515,259,0,'2019','2018-06-21 11:15:16','ADMIN'),(516,260,0,'2019','2018-06-21 11:15:16','ADMIN'),(517,261,0,'2019','2018-06-21 11:15:16','ADMIN'),(518,262,0,'2019','2018-06-21 11:15:16','ADMIN'),(519,263,0,'2019','2018-06-21 11:15:16','ADMIN'),(520,264,0,'2019','2018-06-21 11:15:16','ADMIN'),(521,265,0,'2019','2018-06-21 11:15:16','ADMIN'),(522,266,0,'2019','2018-06-21 11:15:16','ADMIN'),(523,267,0,'2019','2018-06-21 11:15:16','ADMIN'),(524,268,0,'2019','2018-06-21 11:15:16','ADMIN'),(525,269,0,'2019','2018-06-21 11:15:16','ADMIN'),(526,270,0,'2019','2018-06-21 11:15:16','ADMIN'),(527,271,0,'2019','2018-06-21 11:15:16','ADMIN'),(528,272,0,'2019','2018-06-21 11:15:16','ADMIN'),(529,273,0,'2019','2018-06-21 11:15:16','ADMIN'),(530,274,0,'2019','2018-06-21 11:15:16','ADMIN'),(531,275,0,'2019','2018-06-21 11:15:16','ADMIN'),(532,276,0,'2019','2018-06-21 11:15:16','ADMIN'),(533,277,0,'2019','2018-06-21 11:15:16','ADMIN'),(534,278,0,'2019','2018-06-21 11:15:16','ADMIN'),(535,279,0,'2019','2018-06-21 11:15:16','ADMIN'),(536,280,0,'2019','2018-06-21 11:15:16','ADMIN'),(537,281,0,'2019','2018-06-21 11:15:16','ADMIN'),(538,282,0,'2019','2018-06-21 11:15:16','ADMIN'),(539,283,0,'2019','2018-06-21 11:15:16','ADMIN'),(540,284,0,'2019','2018-06-21 11:15:16','ADMIN'),(541,285,0,'2019','2018-06-21 11:15:16','ADMIN'),(542,286,0,'2019','2018-06-21 11:15:16','ADMIN'),(543,287,0,'2019','2018-06-21 11:15:16','ADMIN'),(544,288,0,'2019','2018-06-21 11:15:16','ADMIN'),(545,289,0,'2019','2018-06-21 11:15:16','ADMIN'),(546,290,0,'2019','2018-06-21 11:15:16','ADMIN'),(547,291,0,'2019','2018-06-21 11:15:16','ADMIN'),(548,146,20500000,'2019','2018-06-21 11:15:16','ADMIN'),(549,147,500000,'2019','2018-06-21 11:15:16','ADMIN'),(550,148,0,'2019','2018-06-21 11:15:16','ADMIN'),(551,149,0,'2019','2018-06-21 11:15:16','ADMIN'),(552,150,0,'2019','2018-06-21 11:15:16','ADMIN'),(553,151,0,'2019','2018-06-21 11:15:16','ADMIN'),(554,152,0,'2019','2018-06-21 11:15:16','ADMIN'),(555,153,0,'2019','2018-06-21 11:15:16','ADMIN'),(556,154,0,'2019','2018-06-21 11:15:16','ADMIN'),(557,155,0,'2019','2018-06-21 11:15:16','ADMIN'),(558,156,0,'2019','2018-06-21 11:15:16','ADMIN'),(559,157,0,'2019','2018-06-21 11:15:16','ADMIN'),(560,158,0,'2019','2018-06-21 11:15:16','ADMIN'),(561,159,0,'2019','2018-06-21 11:15:16','ADMIN'),(562,160,0,'2019','2018-06-21 11:15:16','ADMIN'),(563,161,0,'2019','2018-06-21 11:15:16','ADMIN'),(564,162,0,'2019','2018-06-21 11:15:16','ADMIN'),(565,163,0,'2019','2018-06-21 11:15:16','ADMIN'),(566,164,0,'2019','2018-06-21 11:15:16','ADMIN'),(567,165,0,'2019','2018-06-21 11:15:16','ADMIN'),(568,166,0,'2019','2018-06-21 11:15:16','ADMIN'),(569,167,0,'2019','2018-06-21 11:15:16','ADMIN'),(570,168,0,'2019','2018-06-21 11:15:16','ADMIN'),(571,169,0,'2019','2018-06-21 11:15:16','ADMIN'),(572,170,0,'2019','2018-06-21 11:15:16','ADMIN'),(573,171,0,'2019','2018-06-21 11:15:16','ADMIN'),(574,172,0,'2019','2018-06-21 11:15:16','ADMIN'),(575,173,0,'2019','2018-06-21 11:15:16','ADMIN'),(576,174,0,'2019','2018-06-21 11:15:16','ADMIN'),(577,175,0,'2019','2018-06-21 11:15:16','ADMIN'),(578,176,0,'2019','2018-06-21 11:15:16','ADMIN'),(579,177,5000000,'2019','2018-06-21 11:15:16','ADMIN'),(580,178,0,'2019','2018-06-21 11:15:16','ADMIN'),(581,179,0,'2019','2018-06-21 11:15:16','ADMIN'),(582,180,0,'2019','2018-06-21 11:15:16','ADMIN'),(583,181,0,'2019','2018-06-21 11:15:16','ADMIN'),(584,182,0,'2019','2018-06-21 11:15:16','ADMIN'),(585,183,0,'2019','2018-06-21 11:15:16','ADMIN'),(586,184,0,'2019','2018-06-21 11:15:16','ADMIN'),(587,185,0,'2019','2018-06-21 11:15:16','ADMIN'),(588,186,0,'2019','2018-06-21 11:15:16','ADMIN'),(589,187,0,'2019','2018-06-21 11:15:16','ADMIN'),(590,188,0,'2019','2018-06-21 11:15:16','ADMIN'),(591,189,0,'2019','2018-06-21 11:15:16','ADMIN'),(592,190,0,'2019','2018-06-21 11:15:16','ADMIN'),(593,191,0,'2019','2018-06-21 11:15:16','ADMIN'),(594,192,0,'2019','2018-06-21 11:15:16','ADMIN'),(595,193,0,'2019','2018-06-21 11:15:16','ADMIN'),(596,194,0,'2019','2018-06-21 11:15:16','ADMIN'),(597,195,0,'2019','2018-06-21 11:15:16','ADMIN'),(598,196,0,'2019','2018-06-21 11:15:16','ADMIN'),(599,197,0,'2019','2018-06-21 11:15:16','ADMIN'),(600,198,0,'2019','2018-06-21 11:15:16','ADMIN'),(601,199,0,'2019','2018-06-21 11:15:16','ADMIN'),(602,200,0,'2019','2018-06-21 11:15:16','ADMIN'),(603,201,0,'2019','2018-06-21 11:15:16','ADMIN'),(604,202,0,'2019','2018-06-21 11:15:16','ADMIN'),(605,203,12600000,'2019','2018-06-21 11:15:16','ADMIN'),(606,204,0,'2019','2018-06-21 11:15:16','ADMIN'),(607,205,0,'2019','2018-06-21 11:15:16','ADMIN'),(608,206,0,'2019','2018-06-21 11:15:16','ADMIN'),(609,207,0,'2019','2018-06-21 11:15:16','ADMIN'),(610,208,0,'2019','2018-06-21 11:15:16','ADMIN'),(611,209,0,'2019','2018-06-21 11:15:16','ADMIN'),(612,210,0,'2019','2018-06-21 11:15:16','ADMIN'),(613,211,0,'2019','2018-06-21 11:15:16','ADMIN'),(614,212,0,'2019','2018-06-21 11:15:16','ADMIN'),(615,213,0,'2019','2018-06-21 11:15:16','ADMIN'),(616,214,0,'2019','2018-06-21 11:15:16','ADMIN'),(617,215,0,'2019','2018-06-21 11:15:16','ADMIN'),(618,216,0,'2019','2018-06-21 11:15:16','ADMIN'),(619,217,0,'2019','2018-06-21 11:15:16','ADMIN'),(620,218,0,'2019','2018-06-21 11:15:16','ADMIN'),(621,219,0,'2019','2018-06-21 11:15:16','ADMIN'),(622,220,0,'2019','2018-06-21 11:15:16','ADMIN'),(623,221,0,'2019','2018-06-21 11:15:16','ADMIN'),(624,222,0,'2019','2018-06-21 11:15:16','ADMIN'),(625,223,0,'2019','2018-06-21 11:15:16','ADMIN'),(626,224,0,'2019','2018-06-21 11:15:16','ADMIN'),(627,225,0,'2019','2018-06-21 11:15:16','ADMIN'),(628,226,0,'2019','2018-06-21 11:15:16','ADMIN'),(629,227,0,'2019','2018-06-21 11:15:16','ADMIN'),(630,228,0,'2019','2018-06-21 11:15:16','ADMIN'),(631,229,0,'2019','2018-06-21 11:15:16','ADMIN'),(632,230,0,'2019','2018-06-21 11:15:16','ADMIN'),(633,231,0,'2019','2018-06-21 11:15:16','ADMIN'),(634,232,0,'2019','2018-06-21 11:15:16','ADMIN'),(635,233,0,'2019','2018-06-21 11:15:16','ADMIN'),(636,234,0,'2019','2018-06-21 11:15:16','ADMIN'),(637,235,0,'2019','2018-06-21 11:15:16','ADMIN'),(638,236,0,'2019','2018-06-21 11:15:16','ADMIN'),(639,237,0,'2019','2018-06-21 11:15:16','ADMIN'),(640,238,0,'2019','2018-06-21 11:15:16','ADMIN'),(641,239,0,'2019','2018-06-21 11:15:16','ADMIN'),(642,240,2400000,'2019','2018-06-21 11:15:16','ADMIN'),(643,241,0,'2019','2018-06-21 11:15:16','ADMIN'),(644,242,0,'2019','2018-06-21 11:15:16','ADMIN'),(645,243,0,'2019','2018-06-21 11:15:16','ADMIN'),(646,244,0,'2019','2018-06-21 11:15:16','ADMIN'),(647,245,0,'2019','2018-06-21 11:15:16','ADMIN'),(648,246,0,'2019','2018-06-21 11:15:16','ADMIN'),(649,247,0,'2019','2018-06-21 11:15:16','ADMIN'),(650,248,0,'2019','2018-06-21 11:15:16','ADMIN'),(651,249,0,'2019','2018-06-21 11:15:16','ADMIN'),(652,250,0,'2019','2018-06-21 11:15:16','ADMIN'),(653,251,0,'2019','2018-06-21 11:15:16','ADMIN'),(654,252,0,'2019','2018-06-21 11:15:16','ADMIN'),(655,253,0,'2019','2018-06-21 11:15:16','ADMIN'),(656,254,0,'2019','2018-06-21 11:15:16','ADMIN'),(657,255,0,'2019','2018-06-21 11:15:16','ADMIN'),(658,256,0,'2019','2018-06-21 11:15:16','ADMIN'),(659,257,0,'2019','2018-06-21 11:15:16','ADMIN'),(660,258,0,'2019','2018-06-21 11:15:16','ADMIN'),(661,259,0,'2019','2018-06-21 11:15:16','ADMIN'),(662,260,0,'2019','2018-06-21 11:15:16','ADMIN'),(663,261,0,'2019','2018-06-21 11:15:16','ADMIN'),(664,262,0,'2019','2018-06-21 11:15:16','ADMIN'),(665,263,0,'2019','2018-06-21 11:15:16','ADMIN'),(666,264,0,'2019','2018-06-21 11:15:16','ADMIN'),(667,265,0,'2019','2018-06-21 11:15:16','ADMIN'),(668,266,0,'2019','2018-06-21 11:15:16','ADMIN'),(669,267,0,'2019','2018-06-21 11:15:16','ADMIN'),(670,268,0,'2019','2018-06-21 11:15:16','ADMIN'),(671,269,0,'2019','2018-06-21 11:15:16','ADMIN'),(672,270,0,'2019','2018-06-21 11:15:16','ADMIN'),(673,271,0,'2019','2018-06-21 11:15:16','ADMIN'),(674,272,0,'2019','2018-06-21 11:15:16','ADMIN'),(675,273,0,'2019','2018-06-21 11:15:16','ADMIN'),(676,274,0,'2019','2018-06-21 11:15:16','ADMIN'),(677,275,0,'2019','2018-06-21 11:15:16','ADMIN'),(678,276,0,'2019','2018-06-21 11:15:16','ADMIN'),(679,277,0,'2019','2018-06-21 11:15:16','ADMIN'),(680,278,0,'2019','2018-06-21 11:15:16','ADMIN'),(681,279,0,'2019','2018-06-21 11:15:16','ADMIN'),(682,280,0,'2019','2018-06-21 11:15:16','ADMIN'),(683,281,0,'2019','2018-06-21 11:15:16','ADMIN'),(684,282,0,'2019','2018-06-21 11:15:16','ADMIN'),(685,283,0,'2019','2018-06-21 11:15:16','ADMIN'),(686,284,0,'2019','2018-06-21 11:15:16','ADMIN'),(687,285,0,'2019','2018-06-21 11:15:16','ADMIN'),(688,286,0,'2019','2018-06-21 11:15:16','ADMIN'),(689,287,0,'2019','2018-06-21 11:15:16','ADMIN'),(690,288,0,'2019','2018-06-21 11:15:16','ADMIN'),(691,289,0,'2019','2018-06-21 11:15:16','ADMIN'),(692,290,0,'2019','2018-06-21 11:15:16','ADMIN'),(693,291,0,'2019','2018-06-21 11:15:16','ADMIN'),(913,146,20500000,'2020','2018-06-21 11:15:26','ADMIN'),(914,147,500000,'2020','2018-06-21 11:15:26','ADMIN'),(915,148,0,'2020','2018-06-21 11:15:26','ADMIN'),(916,149,0,'2020','2018-06-21 11:15:26','ADMIN'),(917,150,0,'2020','2018-06-21 11:15:26','ADMIN'),(918,151,0,'2020','2018-06-21 11:15:26','ADMIN'),(919,152,0,'2020','2018-06-21 11:15:26','ADMIN'),(920,153,0,'2020','2018-06-21 11:15:26','ADMIN'),(921,154,0,'2020','2018-06-21 11:15:26','ADMIN'),(922,155,0,'2020','2018-06-21 11:15:26','ADMIN'),(923,156,0,'2020','2018-06-21 11:15:26','ADMIN'),(924,157,0,'2020','2018-06-21 11:15:26','ADMIN'),(925,158,0,'2020','2018-06-21 11:15:26','ADMIN'),(926,159,0,'2020','2018-06-21 11:15:26','ADMIN'),(927,160,0,'2020','2018-06-21 11:15:26','ADMIN'),(928,161,0,'2020','2018-06-21 11:15:26','ADMIN'),(929,162,0,'2020','2018-06-21 11:15:26','ADMIN'),(930,163,0,'2020','2018-06-21 11:15:26','ADMIN'),(931,164,0,'2020','2018-06-21 11:15:26','ADMIN'),(932,165,0,'2020','2018-06-21 11:15:26','ADMIN'),(933,166,0,'2020','2018-06-21 11:15:26','ADMIN'),(934,167,0,'2020','2018-06-21 11:15:26','ADMIN'),(935,168,0,'2020','2018-06-21 11:15:26','ADMIN'),(936,169,0,'2020','2018-06-21 11:15:26','ADMIN'),(937,170,0,'2020','2018-06-21 11:15:26','ADMIN'),(938,171,0,'2020','2018-06-21 11:15:26','ADMIN'),(939,172,0,'2020','2018-06-21 11:15:26','ADMIN'),(940,173,0,'2020','2018-06-21 11:15:26','ADMIN'),(941,174,0,'2020','2018-06-21 11:15:26','ADMIN'),(942,175,0,'2020','2018-06-21 11:15:26','ADMIN'),(943,176,0,'2020','2018-06-21 11:15:26','ADMIN'),(944,177,5000000,'2020','2018-06-21 11:15:26','ADMIN'),(945,178,0,'2020','2018-06-21 11:15:26','ADMIN'),(946,179,0,'2020','2018-06-21 11:15:26','ADMIN'),(947,180,0,'2020','2018-06-21 11:15:26','ADMIN'),(948,181,0,'2020','2018-06-21 11:15:26','ADMIN'),(949,182,0,'2020','2018-06-21 11:15:26','ADMIN'),(950,183,0,'2020','2018-06-21 11:15:26','ADMIN'),(951,184,0,'2020','2018-06-21 11:15:26','ADMIN'),(952,185,0,'2020','2018-06-21 11:15:26','ADMIN'),(953,186,0,'2020','2018-06-21 11:15:26','ADMIN'),(954,187,0,'2020','2018-06-21 11:15:26','ADMIN'),(955,188,0,'2020','2018-06-21 11:15:26','ADMIN'),(956,189,0,'2020','2018-06-21 11:15:26','ADMIN'),(957,190,0,'2020','2018-06-21 11:15:26','ADMIN'),(958,191,0,'2020','2018-06-21 11:15:26','ADMIN'),(959,192,0,'2020','2018-06-21 11:15:26','ADMIN'),(960,193,0,'2020','2018-06-21 11:15:26','ADMIN'),(961,194,0,'2020','2018-06-21 11:15:26','ADMIN'),(962,195,0,'2020','2018-06-21 11:15:26','ADMIN'),(963,196,0,'2020','2018-06-21 11:15:26','ADMIN'),(964,197,0,'2020','2018-06-21 11:15:26','ADMIN'),(965,198,0,'2020','2018-06-21 11:15:26','ADMIN'),(966,199,0,'2020','2018-06-21 11:15:26','ADMIN'),(967,200,0,'2020','2018-06-21 11:15:26','ADMIN'),(968,201,0,'2020','2018-06-21 11:15:26','ADMIN'),(969,202,0,'2020','2018-06-21 11:15:26','ADMIN'),(970,203,12600000,'2020','2018-06-21 11:15:26','ADMIN'),(971,204,0,'2020','2018-06-21 11:15:26','ADMIN'),(972,205,0,'2020','2018-06-21 11:15:26','ADMIN'),(973,206,0,'2020','2018-06-21 11:15:26','ADMIN'),(974,207,0,'2020','2018-06-21 11:15:26','ADMIN'),(975,208,0,'2020','2018-06-21 11:15:26','ADMIN'),(976,209,0,'2020','2018-06-21 11:15:26','ADMIN'),(977,210,0,'2020','2018-06-21 11:15:26','ADMIN'),(978,211,0,'2020','2018-06-21 11:15:26','ADMIN'),(979,212,0,'2020','2018-06-21 11:15:26','ADMIN'),(980,213,0,'2020','2018-06-21 11:15:26','ADMIN'),(981,214,0,'2020','2018-06-21 11:15:26','ADMIN'),(982,215,0,'2020','2018-06-21 11:15:26','ADMIN'),(983,216,0,'2020','2018-06-21 11:15:26','ADMIN'),(984,217,0,'2020','2018-06-21 11:15:26','ADMIN'),(985,218,0,'2020','2018-06-21 11:15:26','ADMIN'),(986,219,0,'2020','2018-06-21 11:15:26','ADMIN'),(987,220,0,'2020','2018-06-21 11:15:26','ADMIN'),(988,221,0,'2020','2018-06-21 11:15:26','ADMIN'),(989,222,0,'2020','2018-06-21 11:15:26','ADMIN'),(990,223,0,'2020','2018-06-21 11:15:26','ADMIN'),(991,224,0,'2020','2018-06-21 11:15:26','ADMIN'),(992,225,0,'2020','2018-06-21 11:15:26','ADMIN'),(993,226,0,'2020','2018-06-21 11:15:26','ADMIN'),(994,227,0,'2020','2018-06-21 11:15:26','ADMIN'),(995,228,0,'2020','2018-06-21 11:15:26','ADMIN'),(996,229,0,'2020','2018-06-21 11:15:26','ADMIN'),(997,230,0,'2020','2018-06-21 11:15:26','ADMIN'),(998,231,0,'2020','2018-06-21 11:15:26','ADMIN'),(999,232,0,'2020','2018-06-21 11:15:26','ADMIN'),(1000,233,0,'2020','2018-06-21 11:15:26','ADMIN'),(1001,234,0,'2020','2018-06-21 11:15:26','ADMIN'),(1002,235,0,'2020','2018-06-21 11:15:26','ADMIN'),(1003,236,0,'2020','2018-06-21 11:15:26','ADMIN'),(1004,237,0,'2020','2018-06-21 11:15:26','ADMIN'),(1005,238,0,'2020','2018-06-21 11:15:26','ADMIN'),(1006,239,0,'2020','2018-06-21 11:15:26','ADMIN'),(1007,240,2400000,'2020','2018-06-21 11:15:26','ADMIN'),(1008,241,0,'2020','2018-06-21 11:15:26','ADMIN'),(1009,242,0,'2020','2018-06-21 11:15:26','ADMIN'),(1010,243,0,'2020','2018-06-21 11:15:26','ADMIN'),(1011,244,0,'2020','2018-06-21 11:15:26','ADMIN'),(1012,245,0,'2020','2018-06-21 11:15:26','ADMIN'),(1013,246,0,'2020','2018-06-21 11:15:26','ADMIN'),(1014,247,0,'2020','2018-06-21 11:15:26','ADMIN'),(1015,248,0,'2020','2018-06-21 11:15:26','ADMIN'),(1016,249,0,'2020','2018-06-21 11:15:26','ADMIN'),(1017,250,0,'2020','2018-06-21 11:15:26','ADMIN'),(1018,251,0,'2020','2018-06-21 11:15:26','ADMIN'),(1019,252,0,'2020','2018-06-21 11:15:26','ADMIN'),(1020,253,0,'2020','2018-06-21 11:15:26','ADMIN'),(1021,254,0,'2020','2018-06-21 11:15:26','ADMIN'),(1022,255,0,'2020','2018-06-21 11:15:26','ADMIN'),(1023,256,0,'2020','2018-06-21 11:15:26','ADMIN'),(1024,257,0,'2020','2018-06-21 11:15:26','ADMIN'),(1025,258,0,'2020','2018-06-21 11:15:26','ADMIN'),(1026,259,0,'2020','2018-06-21 11:15:26','ADMIN'),(1027,260,0,'2020','2018-06-21 11:15:26','ADMIN'),(1028,261,0,'2020','2018-06-21 11:15:26','ADMIN'),(1029,262,0,'2020','2018-06-21 11:15:26','ADMIN'),(1030,263,0,'2020','2018-06-21 11:15:26','ADMIN'),(1031,264,0,'2020','2018-06-21 11:15:26','ADMIN'),(1032,265,0,'2020','2018-06-21 11:15:26','ADMIN'),(1033,266,0,'2020','2018-06-21 11:15:26','ADMIN'),(1034,267,0,'2020','2018-06-21 11:15:26','ADMIN'),(1035,268,0,'2020','2018-06-21 11:15:26','ADMIN'),(1036,269,0,'2020','2018-06-21 11:15:26','ADMIN'),(1037,270,0,'2020','2018-06-21 11:15:26','ADMIN'),(1038,271,0,'2020','2018-06-21 11:15:26','ADMIN'),(1039,272,0,'2020','2018-06-21 11:15:26','ADMIN'),(1040,273,0,'2020','2018-06-21 11:15:26','ADMIN'),(1041,274,0,'2020','2018-06-21 11:15:26','ADMIN'),(1042,275,0,'2020','2018-06-21 11:15:26','ADMIN'),(1043,276,0,'2020','2018-06-21 11:15:26','ADMIN'),(1044,277,0,'2020','2018-06-21 11:15:26','ADMIN'),(1045,278,0,'2020','2018-06-21 11:15:26','ADMIN'),(1046,279,0,'2020','2018-06-21 11:15:26','ADMIN'),(1047,280,0,'2020','2018-06-21 11:15:26','ADMIN'),(1048,281,0,'2020','2018-06-21 11:15:26','ADMIN'),(1049,282,0,'2020','2018-06-21 11:15:26','ADMIN'),(1050,283,0,'2020','2018-06-21 11:15:26','ADMIN'),(1051,284,0,'2020','2018-06-21 11:15:26','ADMIN'),(1052,285,0,'2020','2018-06-21 11:15:26','ADMIN'),(1053,286,0,'2020','2018-06-21 11:15:26','ADMIN'),(1054,287,0,'2020','2018-06-21 11:15:26','ADMIN'),(1055,288,0,'2020','2018-06-21 11:15:26','ADMIN'),(1056,289,0,'2020','2018-06-21 11:15:26','ADMIN'),(1057,290,0,'2020','2018-06-21 11:15:26','ADMIN'),(1058,291,0,'2020','2018-06-21 11:15:26','ADMIN'),(1059,146,20500000,'2020','2018-06-21 11:15:26','ADMIN'),(1060,147,500000,'2020','2018-06-21 11:15:26','ADMIN'),(1061,148,0,'2020','2018-06-21 11:15:26','ADMIN'),(1062,149,0,'2020','2018-06-21 11:15:26','ADMIN'),(1063,150,0,'2020','2018-06-21 11:15:26','ADMIN'),(1064,151,0,'2020','2018-06-21 11:15:26','ADMIN'),(1065,152,0,'2020','2018-06-21 11:15:26','ADMIN'),(1066,153,0,'2020','2018-06-21 11:15:26','ADMIN'),(1067,154,0,'2020','2018-06-21 11:15:26','ADMIN'),(1068,155,0,'2020','2018-06-21 11:15:26','ADMIN'),(1069,156,0,'2020','2018-06-21 11:15:26','ADMIN'),(1070,157,0,'2020','2018-06-21 11:15:26','ADMIN'),(1071,158,0,'2020','2018-06-21 11:15:26','ADMIN'),(1072,159,0,'2020','2018-06-21 11:15:26','ADMIN'),(1073,160,0,'2020','2018-06-21 11:15:26','ADMIN'),(1074,161,0,'2020','2018-06-21 11:15:26','ADMIN'),(1075,162,0,'2020','2018-06-21 11:15:26','ADMIN'),(1076,163,0,'2020','2018-06-21 11:15:26','ADMIN'),(1077,164,0,'2020','2018-06-21 11:15:26','ADMIN'),(1078,165,0,'2020','2018-06-21 11:15:26','ADMIN'),(1079,166,0,'2020','2018-06-21 11:15:26','ADMIN'),(1080,167,0,'2020','2018-06-21 11:15:26','ADMIN'),(1081,168,0,'2020','2018-06-21 11:15:26','ADMIN'),(1082,169,0,'2020','2018-06-21 11:15:26','ADMIN'),(1083,170,0,'2020','2018-06-21 11:15:26','ADMIN'),(1084,171,0,'2020','2018-06-21 11:15:26','ADMIN'),(1085,172,0,'2020','2018-06-21 11:15:26','ADMIN'),(1086,173,0,'2020','2018-06-21 11:15:26','ADMIN'),(1087,174,0,'2020','2018-06-21 11:15:26','ADMIN'),(1088,175,0,'2020','2018-06-21 11:15:26','ADMIN'),(1089,176,0,'2020','2018-06-21 11:15:26','ADMIN'),(1090,177,5000000,'2020','2018-06-21 11:15:26','ADMIN'),(1091,178,0,'2020','2018-06-21 11:15:26','ADMIN'),(1092,179,0,'2020','2018-06-21 11:15:26','ADMIN'),(1093,180,0,'2020','2018-06-21 11:15:26','ADMIN'),(1094,181,0,'2020','2018-06-21 11:15:26','ADMIN'),(1095,182,0,'2020','2018-06-21 11:15:26','ADMIN'),(1096,183,0,'2020','2018-06-21 11:15:26','ADMIN'),(1097,184,0,'2020','2018-06-21 11:15:26','ADMIN'),(1098,185,0,'2020','2018-06-21 11:15:26','ADMIN'),(1099,186,0,'2020','2018-06-21 11:15:26','ADMIN'),(1100,187,0,'2020','2018-06-21 11:15:26','ADMIN'),(1101,188,0,'2020','2018-06-21 11:15:26','ADMIN'),(1102,189,0,'2020','2018-06-21 11:15:26','ADMIN'),(1103,190,0,'2020','2018-06-21 11:15:26','ADMIN'),(1104,191,0,'2020','2018-06-21 11:15:26','ADMIN'),(1105,192,0,'2020','2018-06-21 11:15:26','ADMIN'),(1106,193,0,'2020','2018-06-21 11:15:26','ADMIN'),(1107,194,0,'2020','2018-06-21 11:15:26','ADMIN'),(1108,195,0,'2020','2018-06-21 11:15:26','ADMIN'),(1109,196,0,'2020','2018-06-21 11:15:26','ADMIN'),(1110,197,0,'2020','2018-06-21 11:15:26','ADMIN'),(1111,198,0,'2020','2018-06-21 11:15:26','ADMIN'),(1112,199,0,'2020','2018-06-21 11:15:26','ADMIN'),(1113,200,0,'2020','2018-06-21 11:15:26','ADMIN'),(1114,201,0,'2020','2018-06-21 11:15:26','ADMIN'),(1115,202,0,'2020','2018-06-21 11:15:26','ADMIN'),(1116,203,12600000,'2020','2018-06-21 11:15:26','ADMIN'),(1117,204,0,'2020','2018-06-21 11:15:26','ADMIN'),(1118,205,0,'2020','2018-06-21 11:15:26','ADMIN'),(1119,206,0,'2020','2018-06-21 11:15:26','ADMIN'),(1120,207,0,'2020','2018-06-21 11:15:26','ADMIN'),(1121,208,0,'2020','2018-06-21 11:15:26','ADMIN'),(1122,209,0,'2020','2018-06-21 11:15:26','ADMIN'),(1123,210,0,'2020','2018-06-21 11:15:26','ADMIN'),(1124,211,0,'2020','2018-06-21 11:15:26','ADMIN'),(1125,212,0,'2020','2018-06-21 11:15:26','ADMIN'),(1126,213,0,'2020','2018-06-21 11:15:26','ADMIN'),(1127,214,0,'2020','2018-06-21 11:15:26','ADMIN'),(1128,215,0,'2020','2018-06-21 11:15:26','ADMIN'),(1129,216,0,'2020','2018-06-21 11:15:26','ADMIN'),(1130,217,0,'2020','2018-06-21 11:15:26','ADMIN'),(1131,218,0,'2020','2018-06-21 11:15:26','ADMIN'),(1132,219,0,'2020','2018-06-21 11:15:26','ADMIN'),(1133,220,0,'2020','2018-06-21 11:15:26','ADMIN'),(1134,221,0,'2020','2018-06-21 11:15:26','ADMIN'),(1135,222,0,'2020','2018-06-21 11:15:26','ADMIN'),(1136,223,0,'2020','2018-06-21 11:15:26','ADMIN'),(1137,224,0,'2020','2018-06-21 11:15:26','ADMIN'),(1138,225,0,'2020','2018-06-21 11:15:26','ADMIN'),(1139,226,0,'2020','2018-06-21 11:15:26','ADMIN'),(1140,227,0,'2020','2018-06-21 11:15:26','ADMIN'),(1141,228,0,'2020','2018-06-21 11:15:26','ADMIN'),(1142,229,0,'2020','2018-06-21 11:15:26','ADMIN'),(1143,230,0,'2020','2018-06-21 11:15:26','ADMIN'),(1144,231,0,'2020','2018-06-21 11:15:26','ADMIN'),(1145,232,0,'2020','2018-06-21 11:15:26','ADMIN'),(1146,233,0,'2020','2018-06-21 11:15:26','ADMIN'),(1147,234,0,'2020','2018-06-21 11:15:26','ADMIN'),(1148,235,0,'2020','2018-06-21 11:15:26','ADMIN'),(1149,236,0,'2020','2018-06-21 11:15:26','ADMIN'),(1150,237,0,'2020','2018-06-21 11:15:26','ADMIN'),(1151,238,0,'2020','2018-06-21 11:15:26','ADMIN'),(1152,239,0,'2020','2018-06-21 11:15:26','ADMIN'),(1153,240,2400000,'2020','2018-06-21 11:15:26','ADMIN'),(1154,241,0,'2020','2018-06-21 11:15:26','ADMIN'),(1155,242,0,'2020','2018-06-21 11:15:26','ADMIN'),(1156,243,0,'2020','2018-06-21 11:15:26','ADMIN'),(1157,244,0,'2020','2018-06-21 11:15:26','ADMIN'),(1158,245,0,'2020','2018-06-21 11:15:26','ADMIN'),(1159,246,0,'2020','2018-06-21 11:15:26','ADMIN'),(1160,247,0,'2020','2018-06-21 11:15:26','ADMIN'),(1161,248,0,'2020','2018-06-21 11:15:26','ADMIN'),(1162,249,0,'2020','2018-06-21 11:15:26','ADMIN'),(1163,250,0,'2020','2018-06-21 11:15:26','ADMIN'),(1164,251,0,'2020','2018-06-21 11:15:26','ADMIN'),(1165,252,0,'2020','2018-06-21 11:15:26','ADMIN'),(1166,253,0,'2020','2018-06-21 11:15:26','ADMIN'),(1167,254,0,'2020','2018-06-21 11:15:26','ADMIN'),(1168,255,0,'2020','2018-06-21 11:15:26','ADMIN'),(1169,256,0,'2020','2018-06-21 11:15:26','ADMIN'),(1170,257,0,'2020','2018-06-21 11:15:26','ADMIN'),(1171,258,0,'2020','2018-06-21 11:15:26','ADMIN'),(1172,259,0,'2020','2018-06-21 11:15:26','ADMIN'),(1173,260,0,'2020','2018-06-21 11:15:26','ADMIN'),(1174,261,0,'2020','2018-06-21 11:15:26','ADMIN'),(1175,262,0,'2020','2018-06-21 11:15:26','ADMIN'),(1176,263,0,'2020','2018-06-21 11:15:26','ADMIN'),(1177,264,0,'2020','2018-06-21 11:15:26','ADMIN'),(1178,265,0,'2020','2018-06-21 11:15:26','ADMIN'),(1179,266,0,'2020','2018-06-21 11:15:26','ADMIN'),(1180,267,0,'2020','2018-06-21 11:15:26','ADMIN'),(1181,268,0,'2020','2018-06-21 11:15:26','ADMIN'),(1182,269,0,'2020','2018-06-21 11:15:26','ADMIN'),(1183,270,0,'2020','2018-06-21 11:15:26','ADMIN'),(1184,271,0,'2020','2018-06-21 11:15:26','ADMIN'),(1185,272,0,'2020','2018-06-21 11:15:26','ADMIN'),(1186,273,0,'2020','2018-06-21 11:15:26','ADMIN'),(1187,274,0,'2020','2018-06-21 11:15:26','ADMIN'),(1188,275,0,'2020','2018-06-21 11:15:26','ADMIN'),(1189,276,0,'2020','2018-06-21 11:15:26','ADMIN'),(1190,277,0,'2020','2018-06-21 11:15:26','ADMIN'),(1191,278,0,'2020','2018-06-21 11:15:26','ADMIN'),(1192,279,0,'2020','2018-06-21 11:15:26','ADMIN'),(1193,280,0,'2020','2018-06-21 11:15:26','ADMIN'),(1194,281,0,'2020','2018-06-21 11:15:26','ADMIN'),(1195,282,0,'2020','2018-06-21 11:15:26','ADMIN'),(1196,283,0,'2020','2018-06-21 11:15:26','ADMIN'),(1197,284,0,'2020','2018-06-21 11:15:26','ADMIN'),(1198,285,0,'2020','2018-06-21 11:15:26','ADMIN'),(1199,286,0,'2020','2018-06-21 11:15:26','ADMIN'),(1200,287,0,'2020','2018-06-21 11:15:26','ADMIN'),(1201,288,0,'2020','2018-06-21 11:15:26','ADMIN'),(1202,289,0,'2020','2018-06-21 11:15:26','ADMIN'),(1203,290,0,'2020','2018-06-21 11:15:26','ADMIN'),(1204,291,0,'2020','2018-06-21 11:15:26','ADMIN'),(1205,146,20500000,'2020','2018-06-21 11:15:26','ADMIN'),(1206,147,500000,'2020','2018-06-21 11:15:26','ADMIN'),(1207,148,0,'2020','2018-06-21 11:15:26','ADMIN'),(1208,149,0,'2020','2018-06-21 11:15:26','ADMIN'),(1209,150,0,'2020','2018-06-21 11:15:26','ADMIN'),(1210,151,0,'2020','2018-06-21 11:15:26','ADMIN'),(1211,152,0,'2020','2018-06-21 11:15:26','ADMIN'),(1212,153,0,'2020','2018-06-21 11:15:26','ADMIN'),(1213,154,0,'2020','2018-06-21 11:15:26','ADMIN'),(1214,155,0,'2020','2018-06-21 11:15:26','ADMIN'),(1215,156,0,'2020','2018-06-21 11:15:26','ADMIN'),(1216,157,0,'2020','2018-06-21 11:15:26','ADMIN'),(1217,158,0,'2020','2018-06-21 11:15:26','ADMIN'),(1218,159,0,'2020','2018-06-21 11:15:26','ADMIN'),(1219,160,0,'2020','2018-06-21 11:15:26','ADMIN'),(1220,161,0,'2020','2018-06-21 11:15:26','ADMIN'),(1221,162,0,'2020','2018-06-21 11:15:26','ADMIN'),(1222,163,0,'2020','2018-06-21 11:15:26','ADMIN'),(1223,164,0,'2020','2018-06-21 11:15:26','ADMIN'),(1224,165,0,'2020','2018-06-21 11:15:26','ADMIN'),(1225,166,0,'2020','2018-06-21 11:15:26','ADMIN'),(1226,167,0,'2020','2018-06-21 11:15:26','ADMIN'),(1227,168,0,'2020','2018-06-21 11:15:26','ADMIN'),(1228,169,0,'2020','2018-06-21 11:15:26','ADMIN'),(1229,170,0,'2020','2018-06-21 11:15:26','ADMIN'),(1230,171,0,'2020','2018-06-21 11:15:26','ADMIN'),(1231,172,0,'2020','2018-06-21 11:15:26','ADMIN'),(1232,173,0,'2020','2018-06-21 11:15:26','ADMIN'),(1233,174,0,'2020','2018-06-21 11:15:26','ADMIN'),(1234,175,0,'2020','2018-06-21 11:15:26','ADMIN'),(1235,176,0,'2020','2018-06-21 11:15:26','ADMIN'),(1236,177,5000000,'2020','2018-06-21 11:15:26','ADMIN'),(1237,178,0,'2020','2018-06-21 11:15:26','ADMIN'),(1238,179,0,'2020','2018-06-21 11:15:26','ADMIN'),(1239,180,0,'2020','2018-06-21 11:15:26','ADMIN'),(1240,181,0,'2020','2018-06-21 11:15:26','ADMIN'),(1241,182,0,'2020','2018-06-21 11:15:26','ADMIN'),(1242,183,0,'2020','2018-06-21 11:15:26','ADMIN'),(1243,184,0,'2020','2018-06-21 11:15:26','ADMIN'),(1244,185,0,'2020','2018-06-21 11:15:26','ADMIN'),(1245,186,0,'2020','2018-06-21 11:15:26','ADMIN'),(1246,187,0,'2020','2018-06-21 11:15:26','ADMIN'),(1247,188,0,'2020','2018-06-21 11:15:26','ADMIN'),(1248,189,0,'2020','2018-06-21 11:15:26','ADMIN'),(1249,190,0,'2020','2018-06-21 11:15:26','ADMIN'),(1250,191,0,'2020','2018-06-21 11:15:26','ADMIN'),(1251,192,0,'2020','2018-06-21 11:15:26','ADMIN'),(1252,193,0,'2020','2018-06-21 11:15:26','ADMIN'),(1253,194,0,'2020','2018-06-21 11:15:26','ADMIN'),(1254,195,0,'2020','2018-06-21 11:15:26','ADMIN'),(1255,196,0,'2020','2018-06-21 11:15:26','ADMIN'),(1256,197,0,'2020','2018-06-21 11:15:26','ADMIN'),(1257,198,0,'2020','2018-06-21 11:15:26','ADMIN'),(1258,199,0,'2020','2018-06-21 11:15:26','ADMIN'),(1259,200,0,'2020','2018-06-21 11:15:26','ADMIN'),(1260,201,0,'2020','2018-06-21 11:15:26','ADMIN'),(1261,202,0,'2020','2018-06-21 11:15:26','ADMIN'),(1262,203,12600000,'2020','2018-06-21 11:15:26','ADMIN'),(1263,204,0,'2020','2018-06-21 11:15:26','ADMIN'),(1264,205,0,'2020','2018-06-21 11:15:26','ADMIN'),(1265,206,0,'2020','2018-06-21 11:15:26','ADMIN'),(1266,207,0,'2020','2018-06-21 11:15:26','ADMIN'),(1267,208,0,'2020','2018-06-21 11:15:26','ADMIN'),(1268,209,0,'2020','2018-06-21 11:15:26','ADMIN'),(1269,210,0,'2020','2018-06-21 11:15:26','ADMIN'),(1270,211,0,'2020','2018-06-21 11:15:26','ADMIN'),(1271,212,0,'2020','2018-06-21 11:15:26','ADMIN'),(1272,213,0,'2020','2018-06-21 11:15:26','ADMIN'),(1273,214,0,'2020','2018-06-21 11:15:26','ADMIN'),(1274,215,0,'2020','2018-06-21 11:15:26','ADMIN'),(1275,216,0,'2020','2018-06-21 11:15:26','ADMIN'),(1276,217,0,'2020','2018-06-21 11:15:26','ADMIN'),(1277,218,0,'2020','2018-06-21 11:15:26','ADMIN'),(1278,219,0,'2020','2018-06-21 11:15:26','ADMIN'),(1279,220,0,'2020','2018-06-21 11:15:26','ADMIN'),(1280,221,0,'2020','2018-06-21 11:15:26','ADMIN'),(1281,222,0,'2020','2018-06-21 11:15:26','ADMIN'),(1282,223,0,'2020','2018-06-21 11:15:26','ADMIN'),(1283,224,0,'2020','2018-06-21 11:15:26','ADMIN'),(1284,225,0,'2020','2018-06-21 11:15:26','ADMIN'),(1285,226,0,'2020','2018-06-21 11:15:26','ADMIN'),(1286,227,0,'2020','2018-06-21 11:15:26','ADMIN'),(1287,228,0,'2020','2018-06-21 11:15:26','ADMIN'),(1288,229,0,'2020','2018-06-21 11:15:26','ADMIN'),(1289,230,0,'2020','2018-06-21 11:15:26','ADMIN'),(1290,231,0,'2020','2018-06-21 11:15:26','ADMIN'),(1291,232,0,'2020','2018-06-21 11:15:26','ADMIN'),(1292,233,0,'2020','2018-06-21 11:15:26','ADMIN'),(1293,234,0,'2020','2018-06-21 11:15:26','ADMIN'),(1294,235,0,'2020','2018-06-21 11:15:26','ADMIN'),(1295,236,0,'2020','2018-06-21 11:15:26','ADMIN'),(1296,237,0,'2020','2018-06-21 11:15:26','ADMIN'),(1297,238,0,'2020','2018-06-21 11:15:26','ADMIN'),(1298,239,0,'2020','2018-06-21 11:15:26','ADMIN'),(1299,240,2400000,'2020','2018-06-21 11:15:26','ADMIN'),(1300,241,0,'2020','2018-06-21 11:15:26','ADMIN'),(1301,242,0,'2020','2018-06-21 11:15:26','ADMIN'),(1302,243,0,'2020','2018-06-21 11:15:26','ADMIN'),(1303,244,0,'2020','2018-06-21 11:15:26','ADMIN'),(1304,245,0,'2020','2018-06-21 11:15:26','ADMIN'),(1305,246,0,'2020','2018-06-21 11:15:26','ADMIN'),(1306,247,0,'2020','2018-06-21 11:15:26','ADMIN'),(1307,248,0,'2020','2018-06-21 11:15:26','ADMIN'),(1308,249,0,'2020','2018-06-21 11:15:26','ADMIN'),(1309,250,0,'2020','2018-06-21 11:15:26','ADMIN'),(1310,251,0,'2020','2018-06-21 11:15:26','ADMIN'),(1311,252,0,'2020','2018-06-21 11:15:26','ADMIN'),(1312,253,0,'2020','2018-06-21 11:15:26','ADMIN'),(1313,254,0,'2020','2018-06-21 11:15:26','ADMIN'),(1314,255,0,'2020','2018-06-21 11:15:26','ADMIN'),(1315,256,0,'2020','2018-06-21 11:15:26','ADMIN'),(1316,257,0,'2020','2018-06-21 11:15:26','ADMIN'),(1317,258,0,'2020','2018-06-21 11:15:26','ADMIN'),(1318,259,0,'2020','2018-06-21 11:15:26','ADMIN'),(1319,260,0,'2020','2018-06-21 11:15:26','ADMIN'),(1320,261,0,'2020','2018-06-21 11:15:26','ADMIN'),(1321,262,0,'2020','2018-06-21 11:15:26','ADMIN'),(1322,263,0,'2020','2018-06-21 11:15:26','ADMIN'),(1323,264,0,'2020','2018-06-21 11:15:26','ADMIN'),(1324,265,0,'2020','2018-06-21 11:15:26','ADMIN'),(1325,266,0,'2020','2018-06-21 11:15:26','ADMIN'),(1326,267,0,'2020','2018-06-21 11:15:26','ADMIN'),(1327,268,0,'2020','2018-06-21 11:15:26','ADMIN'),(1328,269,0,'2020','2018-06-21 11:15:26','ADMIN'),(1329,270,0,'2020','2018-06-21 11:15:26','ADMIN'),(1330,271,0,'2020','2018-06-21 11:15:26','ADMIN'),(1331,272,0,'2020','2018-06-21 11:15:26','ADMIN'),(1332,273,0,'2020','2018-06-21 11:15:26','ADMIN'),(1333,274,0,'2020','2018-06-21 11:15:26','ADMIN'),(1334,275,0,'2020','2018-06-21 11:15:26','ADMIN'),(1335,276,0,'2020','2018-06-21 11:15:26','ADMIN'),(1336,277,0,'2020','2018-06-21 11:15:26','ADMIN'),(1337,278,0,'2020','2018-06-21 11:15:26','ADMIN'),(1338,279,0,'2020','2018-06-21 11:15:26','ADMIN'),(1339,280,0,'2020','2018-06-21 11:15:26','ADMIN'),(1340,281,0,'2020','2018-06-21 11:15:26','ADMIN'),(1341,282,0,'2020','2018-06-21 11:15:26','ADMIN'),(1342,283,0,'2020','2018-06-21 11:15:26','ADMIN'),(1343,284,0,'2020','2018-06-21 11:15:26','ADMIN'),(1344,285,0,'2020','2018-06-21 11:15:26','ADMIN'),(1345,286,0,'2020','2018-06-21 11:15:26','ADMIN'),(1346,287,0,'2020','2018-06-21 11:15:26','ADMIN'),(1347,288,0,'2020','2018-06-21 11:15:26','ADMIN'),(1348,289,0,'2020','2018-06-21 11:15:26','ADMIN'),(1349,290,0,'2020','2018-06-21 11:15:26','ADMIN'),(1350,291,0,'2020','2018-06-21 11:15:26','ADMIN'),(1351,146,20500000,'2020','2018-06-21 11:15:26','ADMIN'),(1352,147,500000,'2020','2018-06-21 11:15:26','ADMIN'),(1353,148,0,'2020','2018-06-21 11:15:26','ADMIN'),(1354,149,0,'2020','2018-06-21 11:15:26','ADMIN'),(1355,150,0,'2020','2018-06-21 11:15:26','ADMIN'),(1356,151,0,'2020','2018-06-21 11:15:26','ADMIN'),(1357,152,0,'2020','2018-06-21 11:15:26','ADMIN'),(1358,153,0,'2020','2018-06-21 11:15:26','ADMIN'),(1359,154,0,'2020','2018-06-21 11:15:26','ADMIN'),(1360,155,0,'2020','2018-06-21 11:15:26','ADMIN'),(1361,156,0,'2020','2018-06-21 11:15:26','ADMIN'),(1362,157,0,'2020','2018-06-21 11:15:26','ADMIN'),(1363,158,0,'2020','2018-06-21 11:15:26','ADMIN'),(1364,159,0,'2020','2018-06-21 11:15:26','ADMIN'),(1365,160,0,'2020','2018-06-21 11:15:26','ADMIN'),(1366,161,0,'2020','2018-06-21 11:15:26','ADMIN'),(1367,162,0,'2020','2018-06-21 11:15:26','ADMIN'),(1368,163,0,'2020','2018-06-21 11:15:26','ADMIN'),(1369,164,0,'2020','2018-06-21 11:15:26','ADMIN'),(1370,165,0,'2020','2018-06-21 11:15:26','ADMIN'),(1371,166,0,'2020','2018-06-21 11:15:26','ADMIN'),(1372,167,0,'2020','2018-06-21 11:15:26','ADMIN'),(1373,168,0,'2020','2018-06-21 11:15:26','ADMIN'),(1374,169,0,'2020','2018-06-21 11:15:26','ADMIN'),(1375,170,0,'2020','2018-06-21 11:15:26','ADMIN'),(1376,171,0,'2020','2018-06-21 11:15:26','ADMIN'),(1377,172,0,'2020','2018-06-21 11:15:26','ADMIN'),(1378,173,0,'2020','2018-06-21 11:15:26','ADMIN'),(1379,174,0,'2020','2018-06-21 11:15:26','ADMIN'),(1380,175,0,'2020','2018-06-21 11:15:26','ADMIN'),(1381,176,0,'2020','2018-06-21 11:15:26','ADMIN'),(1382,177,5000000,'2020','2018-06-21 11:15:26','ADMIN'),(1383,178,0,'2020','2018-06-21 11:15:26','ADMIN'),(1384,179,0,'2020','2018-06-21 11:15:26','ADMIN'),(1385,180,0,'2020','2018-06-21 11:15:26','ADMIN'),(1386,181,0,'2020','2018-06-21 11:15:26','ADMIN'),(1387,182,0,'2020','2018-06-21 11:15:26','ADMIN'),(1388,183,0,'2020','2018-06-21 11:15:26','ADMIN'),(1389,184,0,'2020','2018-06-21 11:15:26','ADMIN'),(1390,185,0,'2020','2018-06-21 11:15:26','ADMIN'),(1391,186,0,'2020','2018-06-21 11:15:26','ADMIN'),(1392,187,0,'2020','2018-06-21 11:15:26','ADMIN'),(1393,188,0,'2020','2018-06-21 11:15:26','ADMIN'),(1394,189,0,'2020','2018-06-21 11:15:26','ADMIN'),(1395,190,0,'2020','2018-06-21 11:15:26','ADMIN'),(1396,191,0,'2020','2018-06-21 11:15:26','ADMIN'),(1397,192,0,'2020','2018-06-21 11:15:26','ADMIN'),(1398,193,0,'2020','2018-06-21 11:15:26','ADMIN'),(1399,194,0,'2020','2018-06-21 11:15:26','ADMIN'),(1400,195,0,'2020','2018-06-21 11:15:26','ADMIN'),(1401,196,0,'2020','2018-06-21 11:15:26','ADMIN'),(1402,197,0,'2020','2018-06-21 11:15:26','ADMIN'),(1403,198,0,'2020','2018-06-21 11:15:26','ADMIN'),(1404,199,0,'2020','2018-06-21 11:15:26','ADMIN'),(1405,200,0,'2020','2018-06-21 11:15:26','ADMIN'),(1406,201,0,'2020','2018-06-21 11:15:26','ADMIN'),(1407,202,0,'2020','2018-06-21 11:15:26','ADMIN'),(1408,203,12600000,'2020','2018-06-21 11:15:26','ADMIN'),(1409,204,0,'2020','2018-06-21 11:15:26','ADMIN'),(1410,205,0,'2020','2018-06-21 11:15:26','ADMIN'),(1411,206,0,'2020','2018-06-21 11:15:26','ADMIN'),(1412,207,0,'2020','2018-06-21 11:15:26','ADMIN'),(1413,208,0,'2020','2018-06-21 11:15:26','ADMIN'),(1414,209,0,'2020','2018-06-21 11:15:26','ADMIN'),(1415,210,0,'2020','2018-06-21 11:15:26','ADMIN'),(1416,211,0,'2020','2018-06-21 11:15:26','ADMIN'),(1417,212,0,'2020','2018-06-21 11:15:26','ADMIN'),(1418,213,0,'2020','2018-06-21 11:15:26','ADMIN'),(1419,214,0,'2020','2018-06-21 11:15:26','ADMIN'),(1420,215,0,'2020','2018-06-21 11:15:26','ADMIN'),(1421,216,0,'2020','2018-06-21 11:15:26','ADMIN'),(1422,217,0,'2020','2018-06-21 11:15:26','ADMIN'),(1423,218,0,'2020','2018-06-21 11:15:26','ADMIN'),(1424,219,0,'2020','2018-06-21 11:15:26','ADMIN'),(1425,220,0,'2020','2018-06-21 11:15:26','ADMIN'),(1426,221,0,'2020','2018-06-21 11:15:26','ADMIN'),(1427,222,0,'2020','2018-06-21 11:15:26','ADMIN'),(1428,223,0,'2020','2018-06-21 11:15:26','ADMIN'),(1429,224,0,'2020','2018-06-21 11:15:26','ADMIN'),(1430,225,0,'2020','2018-06-21 11:15:26','ADMIN'),(1431,226,0,'2020','2018-06-21 11:15:26','ADMIN'),(1432,227,0,'2020','2018-06-21 11:15:26','ADMIN'),(1433,228,0,'2020','2018-06-21 11:15:26','ADMIN'),(1434,229,0,'2020','2018-06-21 11:15:26','ADMIN'),(1435,230,0,'2020','2018-06-21 11:15:26','ADMIN'),(1436,231,0,'2020','2018-06-21 11:15:26','ADMIN'),(1437,232,0,'2020','2018-06-21 11:15:26','ADMIN'),(1438,233,0,'2020','2018-06-21 11:15:26','ADMIN'),(1439,234,0,'2020','2018-06-21 11:15:26','ADMIN'),(1440,235,0,'2020','2018-06-21 11:15:26','ADMIN'),(1441,236,0,'2020','2018-06-21 11:15:26','ADMIN'),(1442,237,0,'2020','2018-06-21 11:15:26','ADMIN'),(1443,238,0,'2020','2018-06-21 11:15:26','ADMIN'),(1444,239,0,'2020','2018-06-21 11:15:26','ADMIN'),(1445,240,2400000,'2020','2018-06-21 11:15:26','ADMIN'),(1446,241,0,'2020','2018-06-21 11:15:26','ADMIN'),(1447,242,0,'2020','2018-06-21 11:15:26','ADMIN'),(1448,243,0,'2020','2018-06-21 11:15:26','ADMIN'),(1449,244,0,'2020','2018-06-21 11:15:26','ADMIN'),(1450,245,0,'2020','2018-06-21 11:15:26','ADMIN'),(1451,246,0,'2020','2018-06-21 11:15:26','ADMIN'),(1452,247,0,'2020','2018-06-21 11:15:26','ADMIN'),(1453,248,0,'2020','2018-06-21 11:15:26','ADMIN'),(1454,249,0,'2020','2018-06-21 11:15:26','ADMIN'),(1455,250,0,'2020','2018-06-21 11:15:26','ADMIN'),(1456,251,0,'2020','2018-06-21 11:15:26','ADMIN'),(1457,252,0,'2020','2018-06-21 11:15:26','ADMIN'),(1458,253,0,'2020','2018-06-21 11:15:26','ADMIN'),(1459,254,0,'2020','2018-06-21 11:15:26','ADMIN'),(1460,255,0,'2020','2018-06-21 11:15:26','ADMIN'),(1461,256,0,'2020','2018-06-21 11:15:26','ADMIN'),(1462,257,0,'2020','2018-06-21 11:15:26','ADMIN'),(1463,258,0,'2020','2018-06-21 11:15:26','ADMIN'),(1464,259,0,'2020','2018-06-21 11:15:26','ADMIN'),(1465,260,0,'2020','2018-06-21 11:15:26','ADMIN'),(1466,261,0,'2020','2018-06-21 11:15:26','ADMIN'),(1467,262,0,'2020','2018-06-21 11:15:26','ADMIN'),(1468,263,0,'2020','2018-06-21 11:15:26','ADMIN'),(1469,264,0,'2020','2018-06-21 11:15:26','ADMIN'),(1470,265,0,'2020','2018-06-21 11:15:26','ADMIN'),(1471,266,0,'2020','2018-06-21 11:15:26','ADMIN'),(1472,267,0,'2020','2018-06-21 11:15:26','ADMIN'),(1473,268,0,'2020','2018-06-21 11:15:26','ADMIN'),(1474,269,0,'2020','2018-06-21 11:15:26','ADMIN'),(1475,270,0,'2020','2018-06-21 11:15:26','ADMIN'),(1476,271,0,'2020','2018-06-21 11:15:26','ADMIN'),(1477,272,0,'2020','2018-06-21 11:15:26','ADMIN'),(1478,273,0,'2020','2018-06-21 11:15:26','ADMIN'),(1479,274,0,'2020','2018-06-21 11:15:26','ADMIN'),(1480,275,0,'2020','2018-06-21 11:15:26','ADMIN'),(1481,276,0,'2020','2018-06-21 11:15:26','ADMIN'),(1482,277,0,'2020','2018-06-21 11:15:26','ADMIN'),(1483,278,0,'2020','2018-06-21 11:15:26','ADMIN'),(1484,279,0,'2020','2018-06-21 11:15:26','ADMIN'),(1485,280,0,'2020','2018-06-21 11:15:26','ADMIN'),(1486,281,0,'2020','2018-06-21 11:15:26','ADMIN'),(1487,282,0,'2020','2018-06-21 11:15:26','ADMIN'),(1488,283,0,'2020','2018-06-21 11:15:26','ADMIN'),(1489,284,0,'2020','2018-06-21 11:15:26','ADMIN'),(1490,285,0,'2020','2018-06-21 11:15:26','ADMIN'),(1491,286,0,'2020','2018-06-21 11:15:26','ADMIN'),(1492,287,0,'2020','2018-06-21 11:15:26','ADMIN'),(1493,288,0,'2020','2018-06-21 11:15:26','ADMIN'),(1494,289,0,'2020','2018-06-21 11:15:26','ADMIN'),(1495,290,0,'2020','2018-06-21 11:15:26','ADMIN'),(1496,291,0,'2020','2018-06-21 11:15:26','ADMIN');

--
